{"id":997,"date":"2018-03-21T04:50:45","date_gmt":"2018-03-21T03:50:45","guid":{"rendered":"http:\/\/rakosliget.hu\/wordpress\/?page_id=997"},"modified":"2018-03-21T04:50:45","modified_gmt":"2018-03-21T03:50:45","slug":"jeszenszky-anna","status":"publish","type":"page","link":"https:\/\/rakosliget.hu\/wordpress\/index.php\/jeszenszky-anna\/","title":{"rendered":"Jeszenszky Anna"},"content":{"rendered":"<h1 align=\"left\"><span data-canvas-width=\"82.25130432721468\">Jeszenszky Anna<\/span><span data-canvas-width=\"153.52982076695935\"> (Neszl\u00e9ny, 1892-1969)<\/span><\/h1>\n<h2 align=\"left\">R\u00e1kosligeti Nemzeti Bizotts\u00e1g tagja<\/h2>\n<p align=\"left\">\n<p align=\"left\"><span data-canvas-width=\"229.6553952708168\">Tan\u00e1r. 1945-t\u0151l az MKP (MDP, MSZMP) tagja. 1914-t\u0151l volt a r\u00e1kosligeti polg\u00e1ri iskola tan\u00e1ra. 1945-ben a R\u00e1kosligeti Nemzeti Bizotts\u00e1g tagja. <\/span><\/p>\n","protected":false},"excerpt":{"rendered":"<p>Jeszenszky Anna (Neszl\u00e9ny, 1892-1969) R\u00e1kosligeti Nemzeti Bizotts\u00e1g tagja Tan\u00e1r. 1945-t\u0151l az MKP (MDP, MSZMP) tagja. 1914-t\u0151l volt a r\u00e1kosligeti polg\u00e1ri iskola tan\u00e1ra. 1945-ben a R\u00e1kosligeti Nemzeti Bizotts\u00e1g tagja.<\/p>\n","protected":false},"author":1,"featured_media":0,"parent":0,"menu_order":0,"comment_status":"closed","ping_status":"closed","template":"","meta":{"footnotes":""},"class_list":["post-997","page","type-page","status-publish","hentry"],"_links":{"self":[{"href":"https:\/\/rakosliget.hu\/wordpress\/index.php\/wp-json\/wp\/v2\/pages\/997","targetHints":{"allow":["GET"]}}],"collection":[{"href":"https:\/\/rakosliget.hu\/wordpress\/index.php\/wp-json\/wp\/v2\/pages"}],"about":[{"href":"https:\/\/rakosliget.hu\/wordpress\/index.php\/wp-json\/wp\/v2\/types\/page"}],"author":[{"embeddable":true,"href":"https:\/\/rakosliget.hu\/wordpress\/index.php\/wp-json\/wp\/v2\/users\/1"}],"replies":[{"embeddable":true,"href":"https:\/\/rakosliget.hu\/wordpress\/index.php\/wp-json\/wp\/v2\/comments?post=997"}],"version-history":[{"count":1,"href":"https:\/\/rakosliget.hu\/wordpress\/index.php\/wp-json\/wp\/v2\/pages\/997\/revisions"}],"predecessor-version":[{"id":998,"href":"https:\/\/rakosliget.hu\/wordpress\/index.php\/wp-json\/wp\/v2\/pages\/997\/revisions\/998"}],"wp:attachment":[{"href":"https:\/\/rakosliget.hu\/wordpress\/index.php\/wp-json\/wp\/v2\/media?parent=997"}],"curies":[{"name":"wp","href":"https:\/\/api.w.org\/{rel}","templated":true}]}}