{"id":994,"date":"2018-03-21T04:49:40","date_gmt":"2018-03-21T03:49:40","guid":{"rendered":"http:\/\/rakosliget.hu\/wordpress\/?page_id=994"},"modified":"2018-03-21T04:49:40","modified_gmt":"2018-03-21T03:49:40","slug":"javor-lajos","status":"publish","type":"page","link":"https:\/\/rakosliget.hu\/wordpress\/index.php\/javor-lajos\/","title":{"rendered":"J\u00e1vor Lajos"},"content":{"rendered":"<h1 align=\"left\"><span data-canvas-width=\"58.732277054801806\">J\u00e1vor Lajos<\/span><span data-canvas-width=\"174.9840969781857\"> (Budapest, 1896)<\/span><\/h1>\n<h2 align=\"left\">R\u00e1kosligeti Nemzeti Bizotts\u00e1g tagja<\/h2>\n<p align=\"left\">\n<p align=\"left\"><span data-canvas-width=\"229.6553952708168\">P\u00e9nz\u00fcgyi tisztvisel\u0151. 1919-1927-ben az SZDP, 1945-t\u0151l az MKP tagja. 1945-ben a r\u00e1kosligeti rend\u0151rs\u00e9g vezet\u0151je, majd a P\u00e9nz\u00fcgyminiszt\u00e9rium f\u0151tan\u00e1csosa. 1945 elej\u00e9n a R\u00e1kosligeti NB tagja. <\/span><\/p>\n","protected":false},"excerpt":{"rendered":"<p>J\u00e1vor Lajos (Budapest, 1896) R\u00e1kosligeti Nemzeti Bizotts\u00e1g tagja P\u00e9nz\u00fcgyi tisztvisel\u0151. 1919-1927-ben az SZDP, 1945-t\u0151l az MKP tagja. 1945-ben a r\u00e1kosligeti rend\u0151rs\u00e9g vezet\u0151je, majd a P\u00e9nz\u00fcgyminiszt\u00e9rium f\u0151tan\u00e1csosa. 1945 elej\u00e9n a R\u00e1kosligeti NB tagja.<\/p>\n","protected":false},"author":1,"featured_media":0,"parent":0,"menu_order":0,"comment_status":"closed","ping_status":"closed","template":"","meta":{"footnotes":""},"class_list":["post-994","page","type-page","status-publish","hentry"],"_links":{"self":[{"href":"https:\/\/rakosliget.hu\/wordpress\/index.php\/wp-json\/wp\/v2\/pages\/994","targetHints":{"allow":["GET"]}}],"collection":[{"href":"https:\/\/rakosliget.hu\/wordpress\/index.php\/wp-json\/wp\/v2\/pages"}],"about":[{"href":"https:\/\/rakosliget.hu\/wordpress\/index.php\/wp-json\/wp\/v2\/types\/page"}],"author":[{"embeddable":true,"href":"https:\/\/rakosliget.hu\/wordpress\/index.php\/wp-json\/wp\/v2\/users\/1"}],"replies":[{"embeddable":true,"href":"https:\/\/rakosliget.hu\/wordpress\/index.php\/wp-json\/wp\/v2\/comments?post=994"}],"version-history":[{"count":1,"href":"https:\/\/rakosliget.hu\/wordpress\/index.php\/wp-json\/wp\/v2\/pages\/994\/revisions"}],"predecessor-version":[{"id":995,"href":"https:\/\/rakosliget.hu\/wordpress\/index.php\/wp-json\/wp\/v2\/pages\/994\/revisions\/995"}],"wp:attachment":[{"href":"https:\/\/rakosliget.hu\/wordpress\/index.php\/wp-json\/wp\/v2\/media?parent=994"}],"curies":[{"name":"wp","href":"https:\/\/api.w.org\/{rel}","templated":true}]}}