{"id":991,"date":"2018-03-21T04:48:38","date_gmt":"2018-03-21T03:48:38","guid":{"rendered":"http:\/\/rakosliget.hu\/wordpress\/?page_id=991"},"modified":"2025-04-25T06:02:02","modified_gmt":"2025-04-25T05:02:02","slug":"isoz-kalman","status":"publish","type":"page","link":"https:\/\/rakosliget.hu\/wordpress\/index.php\/isoz-kalman\/","title":{"rendered":"Isoz K\u00e1lm\u00e1n"},"content":{"rendered":"<h1>Isoz K\u00e1lm\u00e1n; D\u2019Isoz<\/h1>\n<p>(Bp., 1878. dec. 7.\u2013R\u00e1kosliget, 1956. j\u00fan. 6.)<\/p>\n<p><a id=\"id165579\" name=\"id165579\"><\/a> Zenet\u00f6rt\u00e9n\u00e9sz. Filoz\u00f3fiai tanulm\u00e1nyokat v\u00e9gzett, zen\u00e9t Aggh\u00e1zy K\u00e1rolyn\u00e1l tanult. A Magyar Nemzeti M\u00fazeum f\u0151titk\u00e1ra 1924-t\u0151l, Bartha D\u00e9nessel 1934-ben megind\u00edtotta a Musica Hungarica c. sorozatot. Az Orsz\u00e1gos Sz\u00e9ch\u00e9nyi K\u00f6nyvt\u00e1r f\u0151k\u00f6nyvt\u00e1rosa, majd 1929-t\u0151l az \u00e1ltala alap\u00edtott zenei gy\u0171jtem\u00e9ny vezet\u0151je, a Zak zenet\u00f6rt\u00e9net-tan\u00e1ra, 1934\u201343-ig f\u0151titk\u00e1ra volt. Tudom\u00e1nyos munk\u00e1iban a m. zen\u00e9s sz\u00ednj\u00e1tsz\u00e1s \u00e9s a t\u00e9m\u00e1hoz kapcsol\u00f3d\u00f3 szem\u00e9lyek kutat\u00e1s\u00e1val is foglalkozott (Erkel Ferenc, Doppler Ferenc, Egressy B\u00e9ni, Szerelemhegyi Andr\u00e1s, Mosonyi Mih\u00e1ly stb.). Rendszeresen publik\u00e1lt a zen\u00e9szeti lapokban, els\u0151sorban a magyar zenei int\u00e9zm\u00e9nyt\u00f6rt\u00e9nettel foglalkozott \u00e9s tanulm\u00e1nyokat k\u00f6z\u00f6lt.<\/p>\n<p>Forr\u00e1s: <a href=\"http:\/\/mek.oszk.hu\/02100\/02139\/html\/sz11\/57.html\"><strong>Magyar Sz\u00ednh\u00e1zm\u0171v\u00e9szeti Lexikon \/ Isoz K\u00e1lm\u00e1n; D\u2019Isoz <\/strong><br \/>\n\/02100\/02139\/html\/sz11\/57.html<\/a><\/p>\n<p>&nbsp;<\/p>\n<p>Isoz K\u00e1lm\u00e1n, D&#8217;Isoz [diz\u00f3] (Bp., 1878. dec. 7. \u2013 R\u00e1kosliget, 1956. j\u00fan. 6.): zenet\u00f6rt\u00e9n\u00e9sz. Kereskedelmi isk.-t v\u00e9gzett 1895-ben, zen\u00e9t csak k\u00e9s\u0151bb kezdett tanulni Aggh\u00e1zy K\u00e1rolyn\u00e1l. Egy ideig mint bankhivatalnok m\u0171k\u00f6d\u00f6tt, majd az MNM tisztvisel\u0151je lett. 1908-ban kezdte meg filoz\u00f3fiai tanulm\u00e1nyait a bp.-i egy.-en, amelyet a h\u00e1bor\u00fa miatt egy id\u0151re megszak\u00edtott, v\u00e9g\u00fcl 1921-ben doktor\u00e1lt. A vil\u00e1gh\u00e1bor\u00fa ut\u00e1n az MNM f\u0151titk\u00e1ra, 1924-ben pedig az OSZK f\u0151k\u00f6nyvt\u00e1rnoka lett. Egyben megb\u00edz\u00e1st kapott a zenem\u0171t\u00e1r megszervez\u00e9s\u00e9re, amely 1929-t\u0151l kezdve \u00f6n\u00e1ll\u00f3 oszt\u00e1lyk\u00e9nt m\u0171k\u00f6d\u00f6tt ~ vezet\u00e9s\u00e9vel. 1934-ben kinevezt\u00e9k MNM ig.-nak, nem sokkal k\u00e9s\u0151bb nyugd\u00edjazt\u00e1k a m\u00faz.-n\u00e1l \u00e9s \u00e1thelyezt\u00e9k a Zenem\u0171v\u00e9szeti F\u0151isk.-ra titk\u00e1rnak, majd f\u0151titk\u00e1rnak. 1943-ig m\u0171k\u00f6d\u00f6tt itt, hivatali teend\u0151i mellett zenet\u00f6rt\u00e9netet is tan\u00edtott. \u2013 \u00c9rdemeket szerzett a m. zenekult\u00fara jelent\u0151sebb korszakainak, int\u00e9zm\u00e9nyeinek \u00e9s egy\u00e9nis\u00e9geinek t\u00f6rt\u00e9neti feldolgoz\u00e1s\u00e1val. Munk\u00e1ss\u00e1g\u00e1nak egyik f\u0151 ter\u00fclete Liszt \u00e9letm\u0171ve \u00e9s tev\u00e9kenys\u00e9ge volt. \u2013 F. m. A filharm\u00f3niai t\u00e1rsas\u00e1g m\u00faltja \u00e9s jelene, 1853\u20131903 (Bp., 1903); Liszt Ferenc (1911); Zenei levelek, a Magyar Nemzeti M\u00fazeum K\u00f6nyvt\u00e1ra zenei k\u00e9ziratainak jegyz\u00e9ke (3. f\u00fcz. Bp., 1921\u201324); Buda \u00e9s Pest zenei m\u0171vel\u0151d\u00e9se (I, Bp., 1926); A rendszeres zeneoktat\u00e1s meg-megindul\u00e1sa Budapesten (Historia, 1932); A Pest-budai Hang\u00e1szegyes\u00fclet \u00e9s nyilv\u00e1nos hangversenyei (Tanulm. Bp. m\u00faltj\u00e1b\u00f3l, III. 1934); Liszt Ferenc \u00edr\u00e1sai t\u00fckr\u00e9ben (1938).<\/p>\n<p>Forr\u00e1s: <a href=\"http:\/\/mek.oszk.hu\/00300\/00355\/html\/ABC06707\/06817.htm\"><strong> Magyar \u00c9letrajzi Lexikon 1000-1990 <\/strong><br \/>\n\/00300\/00355\/html\/ABC06707\/06817.htm<\/a><\/p>\n<p><img loading=\"lazy\" decoding=\"async\" src=\"http:\/\/rakosliget.hu\/kep\/isoz.jpg\" width=\"113\" height=\"151\"><\/p>\n<p><span data-canvas-width=\"129.46840196820594\">ISOZ K\u00c1LM\u00c1N<br \/>\n<\/span><span data-canvas-width=\"242.50460862982592\">(Budapest, 1878. december 7. &#8211; <\/span><span data-canvas-width=\"77.66374413323241\">R\u00e1kosliget<\/span><span data-canvas-width=\"339.6102343679031\">, 1956. j\u00fanius 6.) zenet\u00f6rt\u00e9n\u00e9sz. P\u00e1lyafut\u00e1s\u00e1t <\/span><span data-canvas-width=\"660.2629044663137\">bankhivatalnokk\u00e9nt kezdte, majd a Magyar Nemzeti M\u00fazeumba ker\u00fclt titk\u00e1rk\u00e9nt. 1921- <\/span><span data-canvas-width=\"659.3980520817564\">ben doktor\u00e1lt a Budapesti Tudom\u00e1nyegyetemen. 1924-t\u0151l az Orsz\u00e1gos Sz\u00e9chenyi <\/span><span data-canvas-width=\"191.20156517789567\">K\u00f6nyvt\u00e1r f\u0151k\u00f6nyvt\u00e1rnoka. <\/span><\/p>\n\n\n<figure class=\"wp-block-image size-full\"><img loading=\"lazy\" decoding=\"async\" width=\"568\" height=\"310\" src=\"https:\/\/rakosliget.hu\/wordpress\/wp-content\/uploads\/2023\/01\/isoz.jpg\" alt=\"\" class=\"wp-image-10736\" srcset=\"https:\/\/rakosliget.hu\/wordpress\/wp-content\/uploads\/2023\/01\/isoz.jpg 568w, https:\/\/rakosliget.hu\/wordpress\/wp-content\/uploads\/2023\/01\/isoz-300x164.jpg 300w\" sizes=\"auto, (max-width: 568px) 100vw, 568px\" \/><figcaption class=\"wp-element-caption\">Forr\u00e1s: N\u00e9pszabads\u00e1g 1997. j\u00fanius 2.<\/figcaption><\/figure>\n\n\n\n<p>Isoz K\u00e1lm\u00e1n (Bp., 1878\u2014R\u00e1kosliget, 1956): zenet\u00f6rt\u00e9n\u00e9sz. Filoz\u00f3fi\u00e1t tanult a bp.-i tudom\u00e1nyegyetemen. Az I. vil\u00e1gh\u00e1bor\u00fa ut\u00e1n az MNM f\u0151titk\u00e1ra, 1924-t\u0151l az OSZK f\u0151k\u00f6nyvt\u00e1rosa. 1934-t\u0151l az MNM ig.-ja, k\u00e9s\u0151bb a Zenem\u0171v\u00e9szeti F\u0151isk. f\u0151titk\u00e1ra 1943 ig, ahol magy. zenet\u00f6rt\u00e9netet tan\u00edtott. \u00c9rdemeket szerzett magy. zenei kult\u00fart\u00f6rt\u00e9neti kutat\u00e1saival. F\u0151leg Liszt \u00e9letm\u0171v\u00e9vel foglalkozott. Bp.-i vonatkoz\u00e1s\u00fa f\u0151bb tanulm\u00e1nyai: Buda \u00e9s Pest zenei m\u0171vel\u0151d\u00e9se 1686\u20141873 (I. Bp., 1926); Liszt \u00e9s Budapest (Bp., 1929); A rendszeres zeneoktat\u00e1s megindul\u00e1sa Budapesten (Hist\u00f3ria, 1932); Egy pesti zen\u00e9sz feljegyz\u00e9sei 1796-t\u00f3l1880-ig (Tanulm\u00e1nyok Budapest m\u00faltj\u00e1b\u00f3l II. 1933); A Pest-budai Hang\u00e1szegyes\u00fclet \u00e9s nyilv\u00e1nos hangversenyei (Tanulm\u00e1nyok Budapest m\u00faltj\u00e1b\u00f3l, III. 1934); Zenem\u0171-kereskedelem \u00e9s kiad\u00e1s a r\u00e9gi Pest-Bud\u00e1n (Magy. Zenei Szemle, 1941).<\/p>\n\n\n\n<p><em>Forr\u00e1s: <strong>Berza L\u00e1szl\u00f3 (szerk.)<\/strong>: Budapest Lexikon (Budapest, 1973)<\/em><\/p>\n","protected":false},"excerpt":{"rendered":"<p>Isoz K\u00e1lm\u00e1n; D\u2019Isoz (Bp., 1878. dec. 7.\u2013R\u00e1kosliget, 1956. j\u00fan. 6.) Zenet\u00f6rt\u00e9n\u00e9sz. Filoz\u00f3fiai tanulm\u00e1nyokat v\u00e9gzett, zen\u00e9t Aggh\u00e1zy K\u00e1rolyn\u00e1l tanult. A Magyar Nemzeti M\u00fazeum f\u0151titk\u00e1ra 1924-t\u0151l, Bartha D\u00e9nessel 1934-ben megind\u00edtotta a Musica Hungarica c. sorozatot. Az Orsz\u00e1gos Sz\u00e9ch\u00e9nyi K\u00f6nyvt\u00e1r f\u0151k\u00f6nyvt\u00e1rosa, majd 1929-t\u0151l az \u00e1ltala alap\u00edtott zenei gy\u0171jtem\u00e9ny vezet\u0151je, a Zak zenet\u00f6rt\u00e9net-tan\u00e1ra, 1934\u201343-ig f\u0151titk\u00e1ra volt. Tudom\u00e1nyos munk\u00e1iban a &hellip; <a href=\"https:\/\/rakosliget.hu\/wordpress\/index.php\/isoz-kalman\/\" class=\"more-link\"><span class=\"screen-reader-text\">Isoz K\u00e1lm\u00e1n<\/span> r\u00e9szletei&#8230;<\/a><\/p>\n","protected":false},"author":1,"featured_media":0,"parent":0,"menu_order":0,"comment_status":"closed","ping_status":"closed","template":"","meta":{"footnotes":""},"class_list":["post-991","page","type-page","status-publish","hentry"],"_links":{"self":[{"href":"https:\/\/rakosliget.hu\/wordpress\/index.php\/wp-json\/wp\/v2\/pages\/991","targetHints":{"allow":["GET"]}}],"collection":[{"href":"https:\/\/rakosliget.hu\/wordpress\/index.php\/wp-json\/wp\/v2\/pages"}],"about":[{"href":"https:\/\/rakosliget.hu\/wordpress\/index.php\/wp-json\/wp\/v2\/types\/page"}],"author":[{"embeddable":true,"href":"https:\/\/rakosliget.hu\/wordpress\/index.php\/wp-json\/wp\/v2\/users\/1"}],"replies":[{"embeddable":true,"href":"https:\/\/rakosliget.hu\/wordpress\/index.php\/wp-json\/wp\/v2\/comments?post=991"}],"version-history":[{"count":4,"href":"https:\/\/rakosliget.hu\/wordpress\/index.php\/wp-json\/wp\/v2\/pages\/991\/revisions"}],"predecessor-version":[{"id":17785,"href":"https:\/\/rakosliget.hu\/wordpress\/index.php\/wp-json\/wp\/v2\/pages\/991\/revisions\/17785"}],"wp:attachment":[{"href":"https:\/\/rakosliget.hu\/wordpress\/index.php\/wp-json\/wp\/v2\/media?parent=991"}],"curies":[{"name":"wp","href":"https:\/\/api.w.org\/{rel}","templated":true}]}}