{"id":977,"date":"2018-03-21T04:43:26","date_gmt":"2018-03-21T03:43:26","guid":{"rendered":"http:\/\/rakosliget.hu\/wordpress\/?page_id=977"},"modified":"2018-03-21T04:43:36","modified_gmt":"2018-03-21T03:43:36","slug":"977-2","status":"publish","type":"page","link":"https:\/\/rakosliget.hu\/wordpress\/index.php\/977-2\/","title":{"rendered":"Hercz Tibor"},"content":{"rendered":"<h1 align=\"left\"><span data-canvas-width=\"64.13398646847568\">Hercz Tibor<\/span><span data-canvas-width=\"169.14280374434696\"> (R\u00e1kosliget, 1914-1967)<\/span><\/h1>\n<h2 align=\"left\">R\u00e1kosligeti Nemzeti Bizotts\u00e1g \u00e9s az ideiglenes k\u00e9pvisel\u0151-test\u00fclet tagja<\/h2>\n<p align=\"left\"><span data-canvas-width=\"169.14280374434696\">Tiszt<\/span><span data-canvas-width=\"228.7451981843576\">visel\u0151. 1945-t\u0151l az MKP (MDP, MSZMP) <\/span><span data-canvas-width=\"226.70889078212295\">tagja, az MKP r\u00e1kosligeti szervezete vezet\u0151<\/span><span data-canvas-width=\"229.7665841194467\">s\u00e9g\u00e9nek a tagja, illetve titk\u00e1ra. A h\u00e1bor\u00fa <\/span><span data-canvas-width=\"227.6139162942272\">alatt hosszabb ideig munkaszolg\u00e1latos, Bor<\/span><span data-canvas-width=\"229.84027905400376\">b\u00f3l a jugoszl\u00e1v partiz\u00e1nokhoz ker\u00fclt, majd <\/span><span data-canvas-width=\"230.2346115985635\">hazat\u00e9rve a szovjet hadsereg oldal\u00e1n r\u00e9szt <\/span><span data-canvas-width=\"227.38895280978986\">vett a Budapest\u00e9rt foly\u00f3 har<\/span><span data-canvas-width=\"230.20228925884547\">cokban. 1945 ut\u00e1n a r\u00e1kosligeti <\/span><span data-canvas-width=\"228.20347577068375\">rend\u0151rkapit\u00e1nys\u00e1g vezet\u0151je, majd a buda<\/span><span data-canvas-width=\"231.34520719127434\">pesti rend\u0151rkapit\u00e1nys\u00e1gon dolgozott. <\/span><span data-canvas-width=\"226.54727908353286\">1945-1946-ban a R\u00e1kosligeti Nemzeti Bizotts\u00e1g, 1945 &#8211; <\/span><span data-canvas-width=\"230.03938466666668\">1949-ben a k\u00e9pvisel\u0151test\u00fclet tagja. Hal\u00e1la <\/span><span data-canvas-width=\"226.98298422293166\">el\u0151tt munk\u00e1s\u0151r. &#8211; Munka \u00c9rdem\u00e9rem, K\u00f6z<\/span><span data-canvas-width=\"229.6553952708168\">t\u00e1rsas\u00e1gi \u00c9rdem\u00e9rem, 48-as D\u00edsz\u00e9rem stb. <\/span><\/p>\n","protected":false},"excerpt":{"rendered":"<p>Hercz Tibor (R\u00e1kosliget, 1914-1967) R\u00e1kosligeti Nemzeti Bizotts\u00e1g \u00e9s az ideiglenes k\u00e9pvisel\u0151-test\u00fclet tagja Tisztvisel\u0151. 1945-t\u0151l az MKP (MDP, MSZMP) tagja, az MKP r\u00e1kosligeti szervezete vezet\u0151s\u00e9g\u00e9nek a tagja, illetve titk\u00e1ra. A h\u00e1bor\u00fa alatt hosszabb ideig munkaszolg\u00e1latos, Borb\u00f3l a jugoszl\u00e1v partiz\u00e1nokhoz ker\u00fclt, majd hazat\u00e9rve a szovjet hadsereg oldal\u00e1n r\u00e9szt vett a Budapest\u00e9rt foly\u00f3 harcokban. 1945 ut\u00e1n a r\u00e1kosligeti &hellip; <a href=\"https:\/\/rakosliget.hu\/wordpress\/index.php\/977-2\/\" class=\"more-link\"><span class=\"screen-reader-text\">Hercz Tibor<\/span> r\u00e9szletei&#8230;<\/a><\/p>\n","protected":false},"author":1,"featured_media":0,"parent":0,"menu_order":0,"comment_status":"closed","ping_status":"closed","template":"","meta":{"footnotes":""},"class_list":["post-977","page","type-page","status-publish","hentry"],"_links":{"self":[{"href":"https:\/\/rakosliget.hu\/wordpress\/index.php\/wp-json\/wp\/v2\/pages\/977","targetHints":{"allow":["GET"]}}],"collection":[{"href":"https:\/\/rakosliget.hu\/wordpress\/index.php\/wp-json\/wp\/v2\/pages"}],"about":[{"href":"https:\/\/rakosliget.hu\/wordpress\/index.php\/wp-json\/wp\/v2\/types\/page"}],"author":[{"embeddable":true,"href":"https:\/\/rakosliget.hu\/wordpress\/index.php\/wp-json\/wp\/v2\/users\/1"}],"replies":[{"embeddable":true,"href":"https:\/\/rakosliget.hu\/wordpress\/index.php\/wp-json\/wp\/v2\/comments?post=977"}],"version-history":[{"count":2,"href":"https:\/\/rakosliget.hu\/wordpress\/index.php\/wp-json\/wp\/v2\/pages\/977\/revisions"}],"predecessor-version":[{"id":979,"href":"https:\/\/rakosliget.hu\/wordpress\/index.php\/wp-json\/wp\/v2\/pages\/977\/revisions\/979"}],"wp:attachment":[{"href":"https:\/\/rakosliget.hu\/wordpress\/index.php\/wp-json\/wp\/v2\/media?parent=977"}],"curies":[{"name":"wp","href":"https:\/\/api.w.org\/{rel}","templated":true}]}}