{"id":971,"date":"2018-03-21T04:41:07","date_gmt":"2018-03-21T03:41:07","guid":{"rendered":"http:\/\/rakosliget.hu\/wordpress\/?page_id=971"},"modified":"2018-03-21T04:41:07","modified_gmt":"2018-03-21T03:41:07","slug":"hazay-lajos-dr","status":"publish","type":"page","link":"https:\/\/rakosliget.hu\/wordpress\/index.php\/hazay-lajos-dr\/","title":{"rendered":"Hazay Lajos dr."},"content":{"rendered":"<h1 align=\"left\"><span data-canvas-width=\"102.37208167074797\">Hazay Lajos<\/span><span data-canvas-width=\"228.98764852568547\"> dr. (Budapest, 1904)<\/span><\/h1>\n<h2 align=\"left\">a r\u00e1kosligeti <span data-canvas-width=\"221.85977680436528\">k\u00e9pvisel\u0151-test\u00fclet<\/span> tagja<\/h2>\n<p align=\"left\"><span data-canvas-width=\"228.98764852568547\">Orvos, <\/span><span data-canvas-width=\"314.2822725597552\">egyetemi mag\u00e1ntan\u00e1r. 1945 <\/span><span data-canvas-width=\"309.39469291908443\">ut\u00e1n a r\u00e1kosligeti terhesgondoz\u00f3 n\u0151gy\u00f3<\/span><span data-canvas-width=\"310.2759108096887\">gy\u00e1sz f\u0151orvosa; a r\u00e1kosligeti k\u00e9pvisel\u0151<\/span><span data-canvas-width=\"204.26267315384624\">test\u00fclet tagja. -Nyugd\u00edjas. <\/span><\/p>\n","protected":false},"excerpt":{"rendered":"<p>Hazay Lajos dr. (Budapest, 1904) a r\u00e1kosligeti k\u00e9pvisel\u0151-test\u00fclet tagja Orvos, egyetemi mag\u00e1ntan\u00e1r. 1945 ut\u00e1n a r\u00e1kosligeti terhesgondoz\u00f3 n\u0151gy\u00f3gy\u00e1sz f\u0151orvosa; a r\u00e1kosligeti k\u00e9pvisel\u0151test\u00fclet tagja. -Nyugd\u00edjas.<\/p>\n","protected":false},"author":1,"featured_media":0,"parent":0,"menu_order":0,"comment_status":"closed","ping_status":"closed","template":"","meta":{"footnotes":""},"class_list":["post-971","page","type-page","status-publish","hentry"],"_links":{"self":[{"href":"https:\/\/rakosliget.hu\/wordpress\/index.php\/wp-json\/wp\/v2\/pages\/971","targetHints":{"allow":["GET"]}}],"collection":[{"href":"https:\/\/rakosliget.hu\/wordpress\/index.php\/wp-json\/wp\/v2\/pages"}],"about":[{"href":"https:\/\/rakosliget.hu\/wordpress\/index.php\/wp-json\/wp\/v2\/types\/page"}],"author":[{"embeddable":true,"href":"https:\/\/rakosliget.hu\/wordpress\/index.php\/wp-json\/wp\/v2\/users\/1"}],"replies":[{"embeddable":true,"href":"https:\/\/rakosliget.hu\/wordpress\/index.php\/wp-json\/wp\/v2\/comments?post=971"}],"version-history":[{"count":1,"href":"https:\/\/rakosliget.hu\/wordpress\/index.php\/wp-json\/wp\/v2\/pages\/971\/revisions"}],"predecessor-version":[{"id":972,"href":"https:\/\/rakosliget.hu\/wordpress\/index.php\/wp-json\/wp\/v2\/pages\/971\/revisions\/972"}],"wp:attachment":[{"href":"https:\/\/rakosliget.hu\/wordpress\/index.php\/wp-json\/wp\/v2\/media?parent=971"}],"curies":[{"name":"wp","href":"https:\/\/api.w.org\/{rel}","templated":true}]}}