{"id":9647,"date":"2021-11-26T15:40:16","date_gmt":"2021-11-26T14:40:16","guid":{"rendered":"https:\/\/rakosliget.hu\/wordpress\/?page_id=9647"},"modified":"2026-01-02T18:58:42","modified_gmt":"2026-01-02T17:58:42","slug":"mozi-2","status":"publish","type":"page","link":"https:\/\/rakosliget.hu\/wordpress\/index.php\/mozi-2\/","title":{"rendered":"MOZI"},"content":{"rendered":"\n<p><em>Frisss\u00edtve: 2023.01.20.<\/em><\/p>\n\n\n<p>R\u00e1kosliget nagyk\u00f6zs\u00e9g kultur\u00e1lis \u00e9let\u00e9hez szorosan k\u00f6t\u0151dik a mozi mint int\u00e9zm\u00e9ny. Vet\u00edt\u00e9sek m\u00e1r nagyon kor\u00e1n elkezd\u0151dtek a Sportklub \u00e9p\u00fclet\u00e9ben is. K\u00e9s\u0151bb a IX. utc\u00e1ban a mai mozi hely\u00e9n is vet\u00edtettek filmeket. Gr\u00fcnfelder Alajos volt a tulajdonos.<\/p>\n<p><a href=\"http:\/\/rakosliget.hu\/wordpress\/wp-content\/uploads\/2019\/12\/mozis-lanya.jpg\"><img loading=\"lazy\" decoding=\"async\" class=\"alignnone size-medium wp-image-3540\" src=\"http:\/\/rakosliget.hu\/wordpress\/wp-content\/uploads\/2019\/12\/mozis-lanya-300x270.jpg\" alt=\"\" width=\"300\" height=\"270\" srcset=\"https:\/\/rakosliget.hu\/wordpress\/wp-content\/uploads\/2019\/12\/mozis-lanya-300x270.jpg 300w, https:\/\/rakosliget.hu\/wordpress\/wp-content\/uploads\/2019\/12\/mozis-lanya-768x691.jpg 768w, https:\/\/rakosliget.hu\/wordpress\/wp-content\/uploads\/2019\/12\/mozis-lanya.jpg 833w\" sizes=\"auto, (max-width: 300px) 100vw, 300px\" \/><\/a> <a href=\"http:\/\/rakosliget.hu\/wordpress\/wp-content\/uploads\/2019\/12\/Elit-mozi.jpg\"><img loading=\"lazy\" decoding=\"async\" class=\"alignnone size-medium wp-image-3495\" src=\"http:\/\/rakosliget.hu\/wordpress\/wp-content\/uploads\/2019\/12\/Elit-mozi-218x300.jpg\" alt=\"\" width=\"218\" height=\"300\" srcset=\"https:\/\/rakosliget.hu\/wordpress\/wp-content\/uploads\/2019\/12\/Elit-mozi-218x300.jpg 218w, https:\/\/rakosliget.hu\/wordpress\/wp-content\/uploads\/2019\/12\/Elit-mozi.jpg 506w\" sizes=\"auto, (max-width: 218px) 100vw, 218px\" \/><\/a><\/p>\n<\/p>\n<p><a href=\"http:\/\/rakosliget.hu\/wordpress\/wp-content\/uploads\/2022\/02\/ELITE-mozgo-plakat_1937_1938_1024.jpg\"><img loading=\"lazy\" decoding=\"async\" class=\"alignnone size-medium wp-image-10004\" src=\"http:\/\/rakosliget.hu\/wordpress\/wp-content\/uploads\/2022\/02\/ELITE-mozgo-plakat_1937_1938_1024-214x300.jpg\" alt=\"\" width=\"214\" height=\"300\" srcset=\"https:\/\/rakosliget.hu\/wordpress\/wp-content\/uploads\/2022\/02\/ELITE-mozgo-plakat_1937_1938_1024-214x300.jpg 214w, https:\/\/rakosliget.hu\/wordpress\/wp-content\/uploads\/2022\/02\/ELITE-mozgo-plakat_1937_1938_1024-731x1024.jpg 731w, https:\/\/rakosliget.hu\/wordpress\/wp-content\/uploads\/2022\/02\/ELITE-mozgo-plakat_1937_1938_1024-768x1076.jpg 768w, https:\/\/rakosliget.hu\/wordpress\/wp-content\/uploads\/2022\/02\/ELITE-mozgo-plakat_1937_1938_1024.jpg 1024w\" sizes=\"auto, (max-width: 214px) 100vw, 214px\" \/><\/a><\/p>\n\n\n<p>A II. vil\u00e1gh\u00e1bor\u00fa ut\u00e1n \u00fajraindult ez a kedvelt sz\u00f3rakoz\u00e1si forma. A helysz\u00edn adott volt, az \u00faj mozit a r\u00e9gi ELIT hely\u00e9n nyitott\u00e1k meg. Kezdetben a SZABADS\u00c1G MOZI nevet kapta. Hamar r\u00e1 kellett j\u00f6nnie a mozi\u00fczemnek, hogy ebb\u0151l a n\u00e9vb\u0151l bizony t\u00f6bb is van Budapesten. 1958-ban ez\u00e9rt \u00faj nevet kapott a filmsz\u00ednh\u00e1z. MAROS MOZI-ra keresztelt\u00e9k \u00e1t.<\/p>\n\n\n\n<figure class=\"wp-block-image size-full\"><a href=\"http:\/\/rakosliget.hu\/wordpress\/wp-content\/uploads\/2020\/11\/1934-oktober-31-MOZI.jpg\"><img loading=\"lazy\" decoding=\"async\" width=\"373\" height=\"271\" src=\"http:\/\/rakosliget.hu\/wordpress\/wp-content\/uploads\/2019\/11\/mozi-1955.jpg\" alt=\"\" class=\"wp-image-2839\" srcset=\"https:\/\/rakosliget.hu\/wordpress\/wp-content\/uploads\/2019\/11\/mozi-1955.jpg 373w, https:\/\/rakosliget.hu\/wordpress\/wp-content\/uploads\/2019\/11\/mozi-1955-300x218.jpg 300w\" sizes=\"auto, (max-width: 373px) 100vw, 373px\" \/><\/a><figcaption class=\"wp-element-caption\"><a href=\"http:\/\/rakosliget.hu\/wordpress\/wp-content\/uploads\/2020\/11\/1934-oktober-31-MOZI.jpg\">Mozim\u0171sor 1955-b\u0151l<\/a><\/figcaption><\/figure>\n\n\n\n<figure class=\"wp-block-image size-full\"><img loading=\"lazy\" decoding=\"async\" width=\"328\" height=\"594\" src=\"http:\/\/rakosliget.hu\/wordpress\/wp-content\/uploads\/2019\/11\/estihirlap-maros-mozi-uj-neve.jpg\" alt=\"\" class=\"wp-image-2848\" srcset=\"https:\/\/rakosliget.hu\/wordpress\/wp-content\/uploads\/2019\/11\/estihirlap-maros-mozi-uj-neve.jpg 328w, https:\/\/rakosliget.hu\/wordpress\/wp-content\/uploads\/2019\/11\/estihirlap-maros-mozi-uj-neve-166x300.jpg 166w\" sizes=\"auto, (max-width: 328px) 100vw, 328px\" \/><figcaption class=\"wp-element-caption\">ESTI H\u00cdRLAP 1958.<\/figcaption><\/figure>\n\n\n\n<figure class=\"wp-block-image size-large\"><a href=\"http:\/\/rakosliget.hu\/wordpress\/wp-content\/uploads\/2019\/12\/mozis-lanya.jpg\"><img loading=\"lazy\" decoding=\"async\" width=\"1024\" height=\"702\" src=\"http:\/\/rakosliget.hu\/wordpress\/wp-content\/uploads\/2021\/11\/fortepan_216072-mozi-belso-1024x702.jpg\" alt=\"\" class=\"wp-image-9655\" srcset=\"https:\/\/rakosliget.hu\/wordpress\/wp-content\/uploads\/2021\/11\/fortepan_216072-mozi-belso-1024x702.jpg 1024w, https:\/\/rakosliget.hu\/wordpress\/wp-content\/uploads\/2021\/11\/fortepan_216072-mozi-belso-300x206.jpg 300w, https:\/\/rakosliget.hu\/wordpress\/wp-content\/uploads\/2021\/11\/fortepan_216072-mozi-belso-768x527.jpg 768w, https:\/\/rakosliget.hu\/wordpress\/wp-content\/uploads\/2021\/11\/fortepan_216072-mozi-belso-1536x1053.jpg 1536w, https:\/\/rakosliget.hu\/wordpress\/wp-content\/uploads\/2021\/11\/fortepan_216072-mozi-belso.jpg 1600w\" sizes=\"auto, (max-width: 1024px) 100vw, 1024px\" \/><\/a><figcaption class=\"wp-element-caption\">Forr\u00e1s: fortepan.hu<\/figcaption><\/figure>\n\n\n\n<figure class=\"wp-block-image size-full\"><img loading=\"lazy\" decoding=\"async\" width=\"700\" height=\"525\" src=\"http:\/\/rakosliget.hu\/wordpress\/wp-content\/uploads\/2018\/10\/mozi.jpg\" alt=\"\" class=\"wp-image-1807\" srcset=\"https:\/\/rakosliget.hu\/wordpress\/wp-content\/uploads\/2018\/10\/mozi.jpg 700w, https:\/\/rakosliget.hu\/wordpress\/wp-content\/uploads\/2018\/10\/mozi-300x225.jpg 300w\" sizes=\"auto, (max-width: 700px) 100vw, 700px\" \/><figcaption class=\"wp-element-caption\">A mozi \u00e9p\u00fclete napjainkban.<\/figcaption><\/figure>\n\n\n\n<figure class=\"wp-block-image size-large\"><img loading=\"lazy\" decoding=\"async\" width=\"1024\" height=\"727\" src=\"https:\/\/rakosliget.hu\/wordpress\/wp-content\/uploads\/2024\/12\/fortepan_1700-1024x727.jpg\" alt=\"\" class=\"wp-image-13830\" srcset=\"https:\/\/rakosliget.hu\/wordpress\/wp-content\/uploads\/2024\/12\/fortepan_1700-1024x727.jpg 1024w, https:\/\/rakosliget.hu\/wordpress\/wp-content\/uploads\/2024\/12\/fortepan_1700-300x213.jpg 300w, https:\/\/rakosliget.hu\/wordpress\/wp-content\/uploads\/2024\/12\/fortepan_1700-768x545.jpg 768w, https:\/\/rakosliget.hu\/wordpress\/wp-content\/uploads\/2024\/12\/fortepan_1700-1536x1091.jpg 1536w, https:\/\/rakosliget.hu\/wordpress\/wp-content\/uploads\/2024\/12\/fortepan_1700.jpg 1700w\" sizes=\"auto, (max-width: 1024px) 100vw, 1024px\" \/><\/figure>\n\n\n\n<p>Forr\u00e1s: <a href=\"https:\/\/fortepan.download\/file\/fortepan-eu\/2560\/fortepan_216075.jpg\">https:\/\/fortepan.download\/file\/fortepan-eu\/2560\/fortepan_216075.jpg<\/a><\/p>\n\n\n\n<p class=\"has-text-align-center\">A mozi \u00e9p\u00fclete 1973-ban.<\/p>\n\n\n<div class=\"wp-block-image\">\n<figure class=\"aligncenter size-full\"><img loading=\"lazy\" decoding=\"async\" width=\"720\" height=\"540\" src=\"https:\/\/rakosliget.hu\/wordpress\/wp-content\/uploads\/2026\/01\/maros-mozi-1982.jpg\" alt=\"\" class=\"wp-image-20830\" srcset=\"https:\/\/rakosliget.hu\/wordpress\/wp-content\/uploads\/2026\/01\/maros-mozi-1982.jpg 720w, https:\/\/rakosliget.hu\/wordpress\/wp-content\/uploads\/2026\/01\/maros-mozi-1982-300x225.jpg 300w\" sizes=\"auto, (max-width: 720px) 100vw, 720px\" \/><figcaption class=\"wp-element-caption\">1982<\/figcaption><\/figure>\n<\/div>\n\n<div class=\"wp-block-image\">\n<figure class=\"aligncenter size-large\"><a href=\"https:\/\/rakosliget.hu\/wordpress\/wp-content\/uploads\/2023\/01\/mozi.jpg\"><img loading=\"lazy\" decoding=\"async\" width=\"578\" height=\"1024\" src=\"https:\/\/rakosliget.hu\/wordpress\/wp-content\/uploads\/2023\/01\/mozi-578x1024.jpg\" alt=\"\" class=\"wp-image-10822\" srcset=\"https:\/\/rakosliget.hu\/wordpress\/wp-content\/uploads\/2023\/01\/mozi-578x1024.jpg 578w, https:\/\/rakosliget.hu\/wordpress\/wp-content\/uploads\/2023\/01\/mozi-169x300.jpg 169w, https:\/\/rakosliget.hu\/wordpress\/wp-content\/uploads\/2023\/01\/mozi.jpg 689w\" sizes=\"auto, (max-width: 578px) 100vw, 578px\" \/><\/a><figcaption class=\"wp-element-caption\">Forr\u00e1s: N\u00e9pszabads\u00e1g 1998. m\u00e1rcius 26.<\/figcaption><\/figure>\n<\/div>","protected":false},"excerpt":{"rendered":"<p>Frisss\u00edtve: 2023.01.20. R\u00e1kosliget nagyk\u00f6zs\u00e9g kultur\u00e1lis \u00e9let\u00e9hez szorosan k\u00f6t\u0151dik a mozi mint int\u00e9zm\u00e9ny. Vet\u00edt\u00e9sek m\u00e1r nagyon kor\u00e1n elkezd\u0151dtek a Sportklub \u00e9p\u00fclet\u00e9ben is. K\u00e9s\u0151bb a IX. utc\u00e1ban a mai mozi hely\u00e9n is vet\u00edtettek filmeket. Gr\u00fcnfelder Alajos volt a tulajdonos. A II. vil\u00e1gh\u00e1bor\u00fa ut\u00e1n \u00fajraindult ez a kedvelt sz\u00f3rakoz\u00e1si forma. A helysz\u00edn adott volt, az \u00faj mozit a &hellip; <a href=\"https:\/\/rakosliget.hu\/wordpress\/index.php\/mozi-2\/\" class=\"more-link\"><span class=\"screen-reader-text\">MOZI<\/span> r\u00e9szletei&#8230;<\/a><\/p>\n","protected":false},"author":1,"featured_media":1806,"parent":0,"menu_order":0,"comment_status":"closed","ping_status":"closed","template":"","meta":{"footnotes":""},"class_list":["post-9647","page","type-page","status-publish","has-post-thumbnail","hentry"],"_links":{"self":[{"href":"https:\/\/rakosliget.hu\/wordpress\/index.php\/wp-json\/wp\/v2\/pages\/9647","targetHints":{"allow":["GET"]}}],"collection":[{"href":"https:\/\/rakosliget.hu\/wordpress\/index.php\/wp-json\/wp\/v2\/pages"}],"about":[{"href":"https:\/\/rakosliget.hu\/wordpress\/index.php\/wp-json\/wp\/v2\/types\/page"}],"author":[{"embeddable":true,"href":"https:\/\/rakosliget.hu\/wordpress\/index.php\/wp-json\/wp\/v2\/users\/1"}],"replies":[{"embeddable":true,"href":"https:\/\/rakosliget.hu\/wordpress\/index.php\/wp-json\/wp\/v2\/comments?post=9647"}],"version-history":[{"count":10,"href":"https:\/\/rakosliget.hu\/wordpress\/index.php\/wp-json\/wp\/v2\/pages\/9647\/revisions"}],"predecessor-version":[{"id":20832,"href":"https:\/\/rakosliget.hu\/wordpress\/index.php\/wp-json\/wp\/v2\/pages\/9647\/revisions\/20832"}],"wp:featuredmedia":[{"embeddable":true,"href":"https:\/\/rakosliget.hu\/wordpress\/index.php\/wp-json\/wp\/v2\/media\/1806"}],"wp:attachment":[{"href":"https:\/\/rakosliget.hu\/wordpress\/index.php\/wp-json\/wp\/v2\/media?parent=9647"}],"curies":[{"name":"wp","href":"https:\/\/api.w.org\/{rel}","templated":true}]}}