{"id":948,"date":"2018-03-21T04:25:50","date_gmt":"2018-03-21T03:25:50","guid":{"rendered":"http:\/\/rakosliget.hu\/wordpress\/?page_id=948"},"modified":"2026-03-29T17:45:49","modified_gmt":"2026-03-29T16:45:49","slug":"geyer-h-viktor","status":"publish","type":"page","link":"https:\/\/rakosliget.hu\/wordpress\/index.php\/geyer-h-viktor\/","title":{"rendered":"Geyer H. Viktor"},"content":{"rendered":"\n<div class=\"wp-block-buttons is-layout-flex wp-block-buttons-is-layout-flex\">\n<div class=\"wp-block-button\"><a class=\"wp-block-button__link wp-element-button\" href=\"https:\/\/rakosliget.hu\/wordpress\/index.php\/alapitok\/\">vissza az alap\u00edt\u00f3k lapra<\/a><\/div>\n<\/div>\n\n\n<p><em>Friss\u00edtve: 2023.01.28.<\/em><\/p>\n<h2>(1865. szeptember 1. Barca\u00fajfalu &#8211; 1930. j\u00falius 9. R\u00e1kosliget)<\/h2>\n<p>Az Orsz\u00e1gos Erd\u00e9szeti Egyes\u00fclet <strong>1889. \u00e9vi \u00e1prilis h\u00f3 27-\u00e9n<\/strong> tartott rendes v\u00e1lasztm\u00e1nyi \u00fcl\u00e9s\u00e9nek jegyz\u0151k\u00f6nyve:<\/p>\n<p>&#8222;Rendes tagokk\u00e1 val\u00f3 felv\u00e9telre jelentkeztek : &#8230; Geyer H. Viktor erd\u0151\u00adakad\u00e9miai hallgat\u00f3, aj\u00e1nlja Tomcs\u00e1nyi Guszt\u00e1v; Valamennyien felv\u00e9tettek.&#8221;<\/p>\n<hr \/>\n<p align=\"justify\">l898. november 6-\u00e1n meghal Fach K\u00e1roly. Utols\u00f3 ut\u00f3da Geyer H. Viktor lett, aki evang\u00e9likus egyh\u00e1zunk nagy embere, a templom\u00e9p\u00edt\u00e9s kit\u0171n\u0151 szorgalmaz\u00f3ja volt.<\/p>\n<hr \/>\n<h3>1893 Kolozsv\u00e1r<\/h3>\n<p><a href=\"http:\/\/rakosliget.hu\/wordpress\/wp-content\/uploads\/2019\/12\/geyer-kolozsv\u00e1r.jpg\"><img loading=\"lazy\" decoding=\"async\" class=\"alignnone size-medium wp-image-3157\" src=\"http:\/\/rakosliget.hu\/wordpress\/wp-content\/uploads\/2019\/12\/geyer-kolozsv\u00e1r-164x300.jpg\" alt=\"\" width=\"164\" height=\"300\" srcset=\"https:\/\/rakosliget.hu\/wordpress\/wp-content\/uploads\/2019\/12\/geyer-kolozsv\u00e1r-164x300.jpg 164w, https:\/\/rakosliget.hu\/wordpress\/wp-content\/uploads\/2019\/12\/geyer-kolozsv\u00e1r-561x1024.jpg 561w, https:\/\/rakosliget.hu\/wordpress\/wp-content\/uploads\/2019\/12\/geyer-kolozsv\u00e1r.jpg 584w\" sizes=\"auto, (max-width: 164px) 100vw, 164px\" \/><\/a><br \/><em>Kolozsv\u00e1r, 1893. janu\u00e1r 16.<\/em><\/p>\n<h3>1894\u00a0 Az \u201eOrsz\u00e1gos magyar vad\u00e1szati v\u00e9degylet&#8221; tagjai 1894. \u00e9vben.<\/h3>\n<p>Geyer neve a &#8222;Rendes tagok&#8221; k\u00f6z\u00f6tt szerepel a Vad\u00e1sz Lap 1895. janu\u00e1r 15.-i sz\u00e1m\u00e1ban k\u00f6zz\u00e9tett list\u00e1ban a 312. sorsz\u00e1m alatt.<\/p>\n<h3><strong>1901. \u00e1prilis<\/strong> 7.<\/h3>\n<p>A m. kir. f\u00f6ldm\u00edvel\u00e9s\u00fcgyi miniszter Geyer H. Viktor urad. f\u0151erd\u00e9szt ideiglenes min\u0151s\u00e9g\u0171 erd\u0151sz\u00e1mtisztt\u00e9 nevezte ki.<\/p>\n<p><img loading=\"lazy\" decoding=\"async\" src=\"http:\/\/rakosliget.hu\/kep\/folmuvelesi ertesito.jpg\" width=\"1019\" height=\"338\" \/><img loading=\"lazy\" decoding=\"async\" src=\"http:\/\/rakosliget.hu\/kep\/Geyer kinevezes1.jpg\" width=\"511\" height=\"151\" \/><\/p>\n<p><em>305. oldal<\/em><\/p>\n<h3>1903. j\u00fanius 28. Geyer F\u00f6ldm\u0171vel\u0151d\u00e9s\u00fcgyi Miniszt\u00e9riumban bet\u00f6lt\u00f6tt \u00e1ll\u00e1s\u00e1t v\u00e9ggleges\u00edtette a miniszter.<\/h3>\n<p><em><img loading=\"lazy\" decoding=\"async\" src=\"http:\/\/rakosliget.hu\/kep\/Geyer2.jpg\" width=\"510\" height=\"334\" \/><\/em><\/p>\n<p><em>F\u00f6ldm\u00edvel\u00e9si \u00c9rtes\u00edt\u0151 XIV. \u00e9vfolyam 26. sz\u00e1m 1903. j\u00fanius 28. 730. oldal<\/em><\/p>\n<p>A m.\u00a0 kir. f\u00f6ldm\u0171vel\u00e9si miniszt\u00e9rium:<\/p>\n<p>c) Erd\u00e9szeti \u00fcgyek csoportja.<br \/><strong>F\u0151n\u00f6k<\/strong> : Ar\u00e1nyi B\u00e9la,<br \/><strong>Erd\u0151sz\u00e1mtan\u00e1csosok<\/strong>:<br \/>Nagy Elek,<br \/>Farkas S\u00e1ndor,<br \/><strong>Erd\u0151sz\u00e1mvizsg\u00e1l\u00f3k<\/strong>:<br \/>Luk\u00e1cs J\u00f3zsef,<br \/>Kov\u00e1ts Elek,<br \/>Tordony Guszt\u00e1v,<br \/><strong>Erd\u0151sz\u00e1mellen\u0151r\u00f6k<\/strong> :<br \/>L\u00e9tay G\u00e1bor,<br \/>Mentler S\u00e1ndor,<br \/>Florek J\u00e1nos,<br \/>Brannich Gyula,<br \/>Wenk Gyula,<\/p>\n<p><strong>Erd\u0151sz\u00e1mtisztek<\/strong>:<br \/>Sz\u00edjgy\u00e1rt\u00f3 J\u00f3zsef,<br \/>Huttya P\u00e1l,<br \/>Vallent Emil,<br \/>Holl\u00f3 Domokos,<br \/>Voz\u00e1rik Ferencz,<br \/>Kov\u00e1cs Ferencz,<br \/>Kov\u00e1cs Andr\u00e1s,<br \/><em>Geyer H. Viktor<\/em>.<\/p>\n<p>Geyer neve m\u00e9g az 1917-es c\u00edmt\u00e1rban is itt szerepel.<\/p>\n<p>(Magyarorsz\u00e1g tiszti c\u00edm- \u00e9s n\u00e9vt\u00e1ra 1903\u00a0 page 510)<\/p>\n<h3>1905. A sporttelep egyik alap\u00edt\u00f3ja<\/h3>\n<p><a href=\"http:\/\/rakosliget.hu\/doku\/sporttelep alapitas geyer.jpg\" data-wplink-url-error=\"true\"><img loading=\"lazy\" decoding=\"async\" class=\"alignnone size-medium wp-image-3153\" src=\"http:\/\/rakosliget.hu\/wordpress\/wp-content\/uploads\/2019\/12\/sporttelep-alapitas-geyer-174x300.jpg\" alt=\"\" width=\"174\" height=\"300\" srcset=\"https:\/\/rakosliget.hu\/wordpress\/wp-content\/uploads\/2019\/12\/sporttelep-alapitas-geyer-174x300.jpg 174w, https:\/\/rakosliget.hu\/wordpress\/wp-content\/uploads\/2019\/12\/sporttelep-alapitas-geyer.jpg 550w\" sizes=\"auto, (max-width: 174px) 100vw, 174px\" \/><\/a><br \/>A k\u00e9pre kattintva nagy\u00edthat\u00f3.<\/p>\n<p><em>F\u00fcggetlen Magyarorsz\u00e1g 1905. augusztus 13.<br \/><\/em><\/p>\n<h3>1909. m\u00e1rcius 14-\u00e9n a miniszter kinevezte erd\u0151sz\u00e1mellen\u0151rr\u00e9.<\/h3>\n<h3><img loading=\"lazy\" decoding=\"async\" src=\"http:\/\/rakosliget.hu\/kep\/Geyer3.jpg\" width=\"488\" height=\"430\" \/><\/h3>\n<p><em>F\u00f6ldm\u00edvel\u00e9si K\u00f6zl\u00f6ny XX. \u00e9vfolyam 11. sz\u00e1m <\/em><\/p>\n<h3>1911. febru\u00e1r 12. A miniszter erd\u0151sz\u00e1mvizsg\u00e1l\u00f3v\u00e1 nevezte ki.<\/h3>\n<p><img loading=\"lazy\" decoding=\"async\" src=\"http:\/\/rakosliget.hu\/kep\/Geyer5.jpg\" width=\"503\" height=\"348\" \/><\/p>\n<p><em>F\u00f6ldm\u00edvel\u00e9si K\u00f6zl\u00f6ny XXII. \u00e9vfolyam 7. sz\u00e1m<\/em><\/p>\n<h3>1922. augusztus 6. A miniszter erd\u0151sz\u00e1mtan\u00e1csosb\u00f3l f\u0151erd\u0151-sz\u00e1mtan\u00e1csosi beoszt\u00e1sba nevezte ki.<\/h3>\n<p><img loading=\"lazy\" decoding=\"async\" src=\"http:\/\/rakosliget.hu\/kep\/Geyer4.jpg\" width=\"456\" height=\"173\" \/><\/p>\n<p><em>F\u00f6ldm\u00edvel\u00e9si K\u00f6zl\u00f6ny XXXII. \u00e9vfolyam 32. sz\u00e1m<\/em><\/p>\n<hr \/>\n<h3><strong>1914 <\/strong>Geyer H. Viktor m. kir. erd\u0151sz\u00e1mvizsg\u00e1l\u00f3, az \u00e1llamerd\u00e9szeti tisztvisel\u0151k gyermekeinek nevel\u00e9s\u00e9t seg\u00e9lyez\u0151 alap sz\u00e1mviv\u0151je.<\/h3>\n<hr \/>\n<h3><strong>1930 j\u00falius<\/strong><\/h3>\n<p><strong>Geyersbergi Geyer H. Viktor<\/strong> nyug. m. kir. f\u0151erd\u0151sz\u00e1mtan\u00e1csos, egyes\u00fclet\u00fcnk rendes tagja foly\u00f3 \u00e9vi j\u00falius h\u00f3 9-\u00e9n R\u00e1kosligeten elhunyt.<\/p>\n<p>Egym\u00e1sut\u00e1n d\u0151lnek ki az erd\u00e9szeti sz\u00e1mvev\u0151s\u00e9g nyugd\u00edjasai ebben az \u00e9vben. M\u00e1rcius elej\u00e9n Luk\u00e1ts J\u00f3zsef, m\u00e1jusban Brannich Gyula s most j\u00faliusban Geyer H. Viktor.<\/p>\n<p>Geyer H. Viktor 1865 szeptember 1-\u00e9n sz\u00fcletett Barcsaujfalun, Brass\u00f3 megy\u00e9ben. K\u00f6z\u00e9piskol\u00e1it Sz\u00e9kelyudvarhelyen v\u00e9gezte, majd a selmeci erd\u00e9szeti akad\u00e9mi\u00e1ra iratkozott be s azt 1890 j\u00falius\u00e1ban fejezte be. Ezut\u00e1n 10 \u00e9vet t\u00f6lt\u00f6tt b\u00e1r\u00f3 Solymossy L\u00e1szl\u00f3 borosjen\u0151i uradalm\u00e1ban, utolj\u00e1ra mint f\u0151erd\u00e9sz.<\/p>\n<p>1901 \u00e1prilis 12-\u00e9n l\u00e9pett \u00e1llami szolg\u00e1latba mint erd\u0151sz\u00e1mtiszt, 1909-ben erd\u0151sz\u00e1mellen\u0151rr\u00e9, 1911-ben erd\u0151sz\u00e1mvizsg\u00e1l\u00f3v\u00e1, 1918-ban erd\u0151sz\u00e1mtan\u00e1csoss\u00e1, majd 1922-ben f\u0151erd\u0151-sz\u00e1mtan\u00e1csoss\u00e1 neveztetett ki. Az Orsz\u00e1gos Erdei Alapot, az Erd\u0151v\u00e1s\u00e1rl\u00e1si Alapot \u00e9s Erd\u0151felt\u00e1r\u00e1si Alapokat kezelte mintaszer\u0171en. Hosszabb ideig sz\u00e1mvev\u0151je volt az \u00e1llami erd\u0151tisztek gyermekeinek nevel\u00e9s\u00e9t seg\u00e9lyz\u0151 alapnak is.<\/p>\n<p>A kiv\u00e1l\u00f3an kellemes modor\u00fa, j\u00f3 ked\u00e9ly\u0171 \u00e9s er\u0151teljes megjelen\u00e9s\u0171 ember korai hal\u00e1la teljesen v\u00e1ratlanul \u00e9rte szakt\u00e1rsait.; B\u00e9ke hamvaikra!<\/p>\n<p><a href=\"http:\/\/rakosliget.hu\/pdf\/Geyer%20halotti%20anyakonyv.pdf\">Geyer H Viktor halotti anyak\u00f6nyv<\/a><\/p>\n<p><\/p>\n<div class=\"wp-block-buttons is-layout-flex wp-block-buttons-is-layout-flex\">\n<div class=\"wp-block-button\"><a class=\"wp-block-button__link wp-element-button\" href=\"https:\/\/rakosliget.hu\/wordpress\/index.php\/alapitok\/\">vissza az alap\u00edt\u00f3k lapra<\/a><\/div>\n<\/div>\n<p><\/p>\n\n\n<p><\/p>\n","protected":false},"excerpt":{"rendered":"<p>Friss\u00edtve: 2023.01.28. (1865. szeptember 1. Barca\u00fajfalu &#8211; 1930. j\u00falius 9. R\u00e1kosliget) Az Orsz\u00e1gos Erd\u00e9szeti Egyes\u00fclet 1889. \u00e9vi \u00e1prilis h\u00f3 27-\u00e9n tartott rendes v\u00e1lasztm\u00e1nyi \u00fcl\u00e9s\u00e9nek jegyz\u0151k\u00f6nyve: &#8222;Rendes tagokk\u00e1 val\u00f3 felv\u00e9telre jelentkeztek : &#8230; Geyer H. Viktor erd\u0151\u00adakad\u00e9miai hallgat\u00f3, aj\u00e1nlja Tomcs\u00e1nyi Guszt\u00e1v; Valamennyien felv\u00e9tettek.&#8221; l898. november 6-\u00e1n meghal Fach K\u00e1roly. Utols\u00f3 ut\u00f3da Geyer H. Viktor lett, aki &hellip; <a href=\"https:\/\/rakosliget.hu\/wordpress\/index.php\/geyer-h-viktor\/\" class=\"more-link\"><span class=\"screen-reader-text\">Geyer H. Viktor<\/span> r\u00e9szletei&#8230;<\/a><\/p>\n","protected":false},"author":1,"featured_media":0,"parent":0,"menu_order":0,"comment_status":"closed","ping_status":"closed","template":"","meta":{"footnotes":""},"class_list":["post-948","page","type-page","status-publish","hentry"],"_links":{"self":[{"href":"https:\/\/rakosliget.hu\/wordpress\/index.php\/wp-json\/wp\/v2\/pages\/948","targetHints":{"allow":["GET"]}}],"collection":[{"href":"https:\/\/rakosliget.hu\/wordpress\/index.php\/wp-json\/wp\/v2\/pages"}],"about":[{"href":"https:\/\/rakosliget.hu\/wordpress\/index.php\/wp-json\/wp\/v2\/types\/page"}],"author":[{"embeddable":true,"href":"https:\/\/rakosliget.hu\/wordpress\/index.php\/wp-json\/wp\/v2\/users\/1"}],"replies":[{"embeddable":true,"href":"https:\/\/rakosliget.hu\/wordpress\/index.php\/wp-json\/wp\/v2\/comments?post=948"}],"version-history":[{"count":14,"href":"https:\/\/rakosliget.hu\/wordpress\/index.php\/wp-json\/wp\/v2\/pages\/948\/revisions"}],"predecessor-version":[{"id":24017,"href":"https:\/\/rakosliget.hu\/wordpress\/index.php\/wp-json\/wp\/v2\/pages\/948\/revisions\/24017"}],"wp:attachment":[{"href":"https:\/\/rakosliget.hu\/wordpress\/index.php\/wp-json\/wp\/v2\/media?parent=948"}],"curies":[{"name":"wp","href":"https:\/\/api.w.org\/{rel}","templated":true}]}}