{"id":909,"date":"2018-03-21T03:55:12","date_gmt":"2018-03-21T02:55:12","guid":{"rendered":"http:\/\/rakosliget.hu\/wordpress\/?page_id=909"},"modified":"2018-03-21T03:55:47","modified_gmt":"2018-03-21T02:55:47","slug":"dr-karmos-gyorgy","status":"publish","type":"page","link":"https:\/\/rakosliget.hu\/wordpress\/index.php\/dr-karmos-gyorgy\/","title":{"rendered":"Dr. Karmos Gy\u00f6rgy"},"content":{"rendered":"<h1>Dr. Karmos Gy\u00f6rgy<\/h1>\n<h3>1935. november 21., R\u00e1kosliget<\/h3>\n<h3>Iskolai v\u00e9gzetts\u00e9g:<\/h3>\n<p>Orvostudom\u00e1nyi Egyetem, P\u00e9cs, 1960 \u00e1ltal\u00e1nos orvosi diploma<\/p>\n<h3>Szakk\u00e9pes\u00edt\u00e9s:<\/h3>\n<p>laborat\u00f3riumi szakorvos, P\u00e9cs, 1963 elektroencephalogr\u00e1fia, OTKI, Budapest, 1979<\/p>\n<h3>Tudom\u00e1nyos fokozat:<\/h3>\n<p>orvostudom\u00e1nyok kandid\u00e1tusa, Budapest, 1975 PhD fokozat, POTE, 1995 Habilit\u00e1ci\u00f3: \u00e9lettan, SOTE, 1996 egyetemi mag\u00e1ntan\u00e1r, SOTE, 1997<\/p>\n<h3>Szakmai \u00e9let\u00fat:<\/h3>\n<p>1959-62 POTE \u00c9lettani Int\u00e9zet, k\u00f6zponti gyakornok<\/p>\n<p>1962-65 POTE \u00c9lettani Int\u00e9zet, egyetemi tan\u00e1rseg\u00e9d<\/p>\n<p>1965-76 POTE \u00c9lettani Int\u00e9zet, egyetemi adjunktus 1976 POTE \u00c9lettani Int\u00e9zet, egyetemi docens<\/p>\n<p>1976-94 MTA Pszichol\u00f3giai Int\u00e9zete, tudom\u00e1nyos igazgat\u00f3helyettes, a Pszichofiziol\u00f3giai Oszt\u00e1ly vezet\u0151je<\/p>\n<p>1994-99 MTA Pszichol\u00f3giai Kutat\u00f3int\u00e9zet, int\u00e9zeti igazgat\u00f3<\/p>\n<p>2000-05 MTA Pszichol\u00f3giai Kutat\u00f3int\u00e9zet, tud. csoportvezet\u0151 2002-06 tudom\u00e1nyos tan\u00e1csad\u00f3<\/p>\n<p>2000-05 P\u00e1zm\u00e1ny P\u00e9ter Katolikus Egyetem Inform\u00e1ci\u00f3s Technol\u00f3giai Kar, egyetemi tan\u00e1r<\/p>\n<p>2006- P\u00e1zm\u00e1ny P\u00e9ter Katolikus Egyetem Inform\u00e1ci\u00f3s Technol\u00f3giai Kar, professor emeritus<\/p>\n<h3>Tudom\u00e1nyos elismer\u00e9sek:<\/h3>\n<p>1998 OTKA Ipolyi Arnold d\u00edj<\/p>\n<p>1998 Sz\u00e9chenyi professzori \u00f6szt\u00f6nd\u00edj<\/p>\n<p>1999 MANT Nagy Ern\u0151 d\u00edj<\/p>\n<p>2003 Magyar K\u00f6zt\u00e1rsas\u00e1gi \u00c9rdemrend Tiszti keresztje<\/p>\n<p>2006 K\u00f6rnyey T\u00e1rsas\u00e1g, K\u00f6rnyey eml\u00e9kfa d\u00edj<\/p>\n<p>2008 Magyar Pszichol\u00f3giai T\u00e1rsas\u00e1g Ranschburg P\u00e1l eml\u00e9k\u00e9rem<\/p>\n<h2>Tudom\u00e1nyos t\u00e1rsas\u00e1gi tags\u00e1g:<\/h2>\n<h3>Hazai :<\/h3>\n<p>Magyar K\u00eds\u00e9rleti Pszichofiziol\u00f3giai T\u00e1rsas\u00e1g, eln\u00f6k 1993-2004<\/p>\n<p>Magyar Idegtudom\u00e1nyi T\u00e1rsas\u00e1g, 1993-, vezet\u0151s\u00e9gi tag 1993-2000<\/p>\n<p>Magyar EEG \u00e9s Klinikai Neurofiziol\u00f3giai T\u00e1rsas\u00e1g, 1961-, vezet\u0151s\u00e9gi tag 1976-2001<\/p>\n<p>Magyar \u00c9lettani T\u00e1rsas\u00e1g, tag 1961-, vezet\u0151s\u00e9gi tag 1975-95 Magyar Pszichol\u00f3giai T\u00e1rsas\u00e1g, tag 1976-<\/p>\n<p>Magyar Asztronautikai T\u00e1rsas\u00e1g, tag 1986-<\/p>\n<h3>K\u00fclf\u00f6ldi:<\/h3>\n<p>International Organization of Psychophysiology, 1980-, aleln\u00f6k 1997-2004<\/p>\n<p>International Brain Research Organization, tag 1972-<\/p>\n<p>European Brain and Behavior Society, tag 1975-2006<\/p>\n<p>Society for Psychophysiological Research, tag 1987-2005 Society for Neuroscience, tag 1992-<\/p>\n<p>European Neuroscience Association, tag 1993-<\/p>\n<p>Deutsche EEG-Gesellschaft, k\u00fcls\u0151 tag 1993-<\/p>\n","protected":false},"excerpt":{"rendered":"<p>Dr. Karmos Gy\u00f6rgy 1935. november 21., R\u00e1kosliget Iskolai v\u00e9gzetts\u00e9g: Orvostudom\u00e1nyi Egyetem, P\u00e9cs, 1960 \u00e1ltal\u00e1nos orvosi diploma Szakk\u00e9pes\u00edt\u00e9s: laborat\u00f3riumi szakorvos, P\u00e9cs, 1963 elektroencephalogr\u00e1fia, OTKI, Budapest, 1979 Tudom\u00e1nyos fokozat: orvostudom\u00e1nyok kandid\u00e1tusa, Budapest, 1975 PhD fokozat, POTE, 1995 Habilit\u00e1ci\u00f3: \u00e9lettan, SOTE, 1996 egyetemi mag\u00e1ntan\u00e1r, SOTE, 1997 Szakmai \u00e9let\u00fat: 1959-62 POTE \u00c9lettani Int\u00e9zet, k\u00f6zponti gyakornok 1962-65 POTE \u00c9lettani Int\u00e9zet, &hellip; <a href=\"https:\/\/rakosliget.hu\/wordpress\/index.php\/dr-karmos-gyorgy\/\" class=\"more-link\"><span class=\"screen-reader-text\">Dr. Karmos Gy\u00f6rgy<\/span> r\u00e9szletei&#8230;<\/a><\/p>\n","protected":false},"author":1,"featured_media":0,"parent":0,"menu_order":0,"comment_status":"closed","ping_status":"closed","template":"","meta":{"footnotes":""},"class_list":["post-909","page","type-page","status-publish","hentry"],"_links":{"self":[{"href":"https:\/\/rakosliget.hu\/wordpress\/index.php\/wp-json\/wp\/v2\/pages\/909","targetHints":{"allow":["GET"]}}],"collection":[{"href":"https:\/\/rakosliget.hu\/wordpress\/index.php\/wp-json\/wp\/v2\/pages"}],"about":[{"href":"https:\/\/rakosliget.hu\/wordpress\/index.php\/wp-json\/wp\/v2\/types\/page"}],"author":[{"embeddable":true,"href":"https:\/\/rakosliget.hu\/wordpress\/index.php\/wp-json\/wp\/v2\/users\/1"}],"replies":[{"embeddable":true,"href":"https:\/\/rakosliget.hu\/wordpress\/index.php\/wp-json\/wp\/v2\/comments?post=909"}],"version-history":[{"count":2,"href":"https:\/\/rakosliget.hu\/wordpress\/index.php\/wp-json\/wp\/v2\/pages\/909\/revisions"}],"predecessor-version":[{"id":911,"href":"https:\/\/rakosliget.hu\/wordpress\/index.php\/wp-json\/wp\/v2\/pages\/909\/revisions\/911"}],"wp:attachment":[{"href":"https:\/\/rakosliget.hu\/wordpress\/index.php\/wp-json\/wp\/v2\/media?parent=909"}],"curies":[{"name":"wp","href":"https:\/\/api.w.org\/{rel}","templated":true}]}}