{"id":881,"date":"2018-03-21T03:24:19","date_gmt":"2018-03-21T02:24:19","guid":{"rendered":"http:\/\/rakosliget.hu\/wordpress\/?page_id=881"},"modified":"2018-03-21T03:24:19","modified_gmt":"2018-03-21T02:24:19","slug":"debreczeni-istvan","status":"publish","type":"page","link":"https:\/\/rakosliget.hu\/wordpress\/index.php\/debreczeni-istvan\/","title":{"rendered":"Debreczeni Istv\u00e1n"},"content":{"rendered":"<p><center><\/p>\n<h1 align=\"left\">Debreczeni Istv\u00e1n (R\u00e1koscsaba 1867.- ?)<\/h1>\n<h2 align=\"left\">M\u00c1V alkalmazott, K\u00f6zs\u00e9gi b\u00edr\u00f3<\/h2>\n<p align=\"center\">\n<p align=\"justify\">&#8222;N\u00e9gy k\u00f6z\u00e9piskolai oszt\u00e1ly elv\u00e9gz\u00e9se ut\u00e1n, 1889-ben lett a M\u00c1V alkalmazottja. T\u00f6bb beoszt\u00e1sban dolgozott, volt \u00e1llom\u00e1svezet\u0151 is. 1920-ban nyugd\u00edjba vonult. 1922-ben a r\u00e1kosligeti polg\u00e1ri iskola iskolasz\u00e9k\u00e9nek tagja volt. 1924-ben a k\u00f6zs\u00e9g b\u00edr\u00f3j\u00e1nak v\u00e1lasztott\u00e1k. E tiszts\u00e9g\u00e9t h\u00e1rom \u00e9vig viselte. 1927-ben R\u00e1koscsaba b\u00edr\u00f3ja lett. Reform\u00e1tus presbiter, egyh\u00e1zgondnok volt. Nev\u00e9hez f\u0171z\u0151dik a r\u00e1koscsabai h\u0151si eml\u00e9km\u0171 \u00e9s az orsz\u00e1gz\u00e1szl\u00f3 fel\u00e1ll\u00edt\u00e1sa. Eln\u00f6ke volt az RTK-nak, a Vasutas K\u00f6rnek \u00e9s a helyi \u00f6nk\u00e9ntes t\u0171zolt\u00f3 egyes\u00fcletnek.&#8221;<\/p>\n<p align=\"left\">Forr\u00e1s: Dr. Domb\u00f3v\u00e1ri Antal &#8211; Dallos Zsuzsanna: T\u00f6rt\u00e9nelmi arck\u00e9pcsarnok. portr\u00e9k a XVII. ker\u00fclet t\u00f6rt\u00e9net\u00e9b\u0151l. IV. k\u00f6tet. 1997. 5. oldal<\/p>\n<p><\/center><\/p>\n","protected":false},"excerpt":{"rendered":"<p>Debreczeni Istv\u00e1n (R\u00e1koscsaba 1867.- ?) M\u00c1V alkalmazott, K\u00f6zs\u00e9gi b\u00edr\u00f3 &#8222;N\u00e9gy k\u00f6z\u00e9piskolai oszt\u00e1ly elv\u00e9gz\u00e9se ut\u00e1n, 1889-ben lett a M\u00c1V alkalmazottja. T\u00f6bb beoszt\u00e1sban dolgozott, volt \u00e1llom\u00e1svezet\u0151 is. 1920-ban nyugd\u00edjba vonult. 1922-ben a r\u00e1kosligeti polg\u00e1ri iskola iskolasz\u00e9k\u00e9nek tagja volt. 1924-ben a k\u00f6zs\u00e9g b\u00edr\u00f3j\u00e1nak v\u00e1lasztott\u00e1k. E tiszts\u00e9g\u00e9t h\u00e1rom \u00e9vig viselte. 1927-ben R\u00e1koscsaba b\u00edr\u00f3ja lett. Reform\u00e1tus presbiter, egyh\u00e1zgondnok volt. Nev\u00e9hez &hellip; <a href=\"https:\/\/rakosliget.hu\/wordpress\/index.php\/debreczeni-istvan\/\" class=\"more-link\"><span class=\"screen-reader-text\">Debreczeni Istv\u00e1n<\/span> r\u00e9szletei&#8230;<\/a><\/p>\n","protected":false},"author":1,"featured_media":0,"parent":0,"menu_order":0,"comment_status":"closed","ping_status":"closed","template":"","meta":{"footnotes":""},"class_list":["post-881","page","type-page","status-publish","hentry"],"_links":{"self":[{"href":"https:\/\/rakosliget.hu\/wordpress\/index.php\/wp-json\/wp\/v2\/pages\/881","targetHints":{"allow":["GET"]}}],"collection":[{"href":"https:\/\/rakosliget.hu\/wordpress\/index.php\/wp-json\/wp\/v2\/pages"}],"about":[{"href":"https:\/\/rakosliget.hu\/wordpress\/index.php\/wp-json\/wp\/v2\/types\/page"}],"author":[{"embeddable":true,"href":"https:\/\/rakosliget.hu\/wordpress\/index.php\/wp-json\/wp\/v2\/users\/1"}],"replies":[{"embeddable":true,"href":"https:\/\/rakosliget.hu\/wordpress\/index.php\/wp-json\/wp\/v2\/comments?post=881"}],"version-history":[{"count":1,"href":"https:\/\/rakosliget.hu\/wordpress\/index.php\/wp-json\/wp\/v2\/pages\/881\/revisions"}],"predecessor-version":[{"id":882,"href":"https:\/\/rakosliget.hu\/wordpress\/index.php\/wp-json\/wp\/v2\/pages\/881\/revisions\/882"}],"wp:attachment":[{"href":"https:\/\/rakosliget.hu\/wordpress\/index.php\/wp-json\/wp\/v2\/media?parent=881"}],"curies":[{"name":"wp","href":"https:\/\/api.w.org\/{rel}","templated":true}]}}