{"id":868,"date":"2018-03-21T03:18:12","date_gmt":"2018-03-21T02:18:12","guid":{"rendered":"http:\/\/rakosliget.hu\/wordpress\/?page_id=868"},"modified":"2018-03-21T03:18:12","modified_gmt":"2018-03-21T02:18:12","slug":"csendom-janos","status":"publish","type":"page","link":"https:\/\/rakosliget.hu\/wordpress\/index.php\/csendom-janos\/","title":{"rendered":"Csendom J\u00e1nos"},"content":{"rendered":"<h1 align=\"left\"><span data-canvas-width=\"126.7427529422412\">Csendom J\u00e1nos<\/span><span data-canvas-width=\"205.1893146470589\"> (N\u00e1dudvar, 1884-1963)<\/span><\/h1>\n<h2 align=\"left\">a r\u00e1kosligeti el\u00f6lj\u00e1r\u00f3s\u00e1g tagja<\/h2>\n<p align=\"left\">\n<p align=\"left\"><span data-canvas-width=\"262.8700221833911\">M\u00c1V alkalmazott. 1945-t\u0151l az SZDP tagja. 1945 ut\u00e1n nyugalmazott M\u00c1V f\u0151kalauz. 1945-ben a r\u00e1kosligeti el\u00f6lj\u00e1r\u00f3s\u00e1g tagja. <\/span><\/p>\n","protected":false},"excerpt":{"rendered":"<p>Csendom J\u00e1nos (N\u00e1dudvar, 1884-1963) a r\u00e1kosligeti el\u00f6lj\u00e1r\u00f3s\u00e1g tagja M\u00c1V alkalmazott. 1945-t\u0151l az SZDP tagja. 1945 ut\u00e1n nyugalmazott M\u00c1V f\u0151kalauz. 1945-ben a r\u00e1kosligeti el\u00f6lj\u00e1r\u00f3s\u00e1g tagja.<\/p>\n","protected":false},"author":1,"featured_media":0,"parent":0,"menu_order":0,"comment_status":"closed","ping_status":"closed","template":"","meta":{"footnotes":""},"class_list":["post-868","page","type-page","status-publish","hentry"],"_links":{"self":[{"href":"https:\/\/rakosliget.hu\/wordpress\/index.php\/wp-json\/wp\/v2\/pages\/868","targetHints":{"allow":["GET"]}}],"collection":[{"href":"https:\/\/rakosliget.hu\/wordpress\/index.php\/wp-json\/wp\/v2\/pages"}],"about":[{"href":"https:\/\/rakosliget.hu\/wordpress\/index.php\/wp-json\/wp\/v2\/types\/page"}],"author":[{"embeddable":true,"href":"https:\/\/rakosliget.hu\/wordpress\/index.php\/wp-json\/wp\/v2\/users\/1"}],"replies":[{"embeddable":true,"href":"https:\/\/rakosliget.hu\/wordpress\/index.php\/wp-json\/wp\/v2\/comments?post=868"}],"version-history":[{"count":1,"href":"https:\/\/rakosliget.hu\/wordpress\/index.php\/wp-json\/wp\/v2\/pages\/868\/revisions"}],"predecessor-version":[{"id":869,"href":"https:\/\/rakosliget.hu\/wordpress\/index.php\/wp-json\/wp\/v2\/pages\/868\/revisions\/869"}],"wp:attachment":[{"href":"https:\/\/rakosliget.hu\/wordpress\/index.php\/wp-json\/wp\/v2\/media?parent=868"}],"curies":[{"name":"wp","href":"https:\/\/api.w.org\/{rel}","templated":true}]}}