{"id":8265,"date":"2020-11-26T06:39:55","date_gmt":"2020-11-26T05:39:55","guid":{"rendered":"http:\/\/rakosliget.hu\/wordpress\/?page_id=8265"},"modified":"2020-11-28T12:49:33","modified_gmt":"2020-11-28T11:49:33","slug":"katonak","status":"publish","type":"page","link":"https:\/\/rakosliget.hu\/wordpress\/index.php\/katonak\/","title":{"rendered":"KATON\u00c1K"},"content":{"rendered":"\n<p>Az I. vil\u00e1gh\u00e1bor\u00fa r\u00e1kosligeti katon\u00e1i. (Akikr\u0151l tudom\u00e1som van.)<\/p>\n\n\n\n<p><em>Bartha Lajos &#8211; Dere\u00e1n\u00f3 \u00d6d\u00f6n: Az 1. honv\u00e9d gyalogezred t\u00f6rt\u00e9nete \u00e9s h\u00e1bor\u00fas eml\u00e9kalbuma (Budapest, 1939) 316. oldal<\/em><\/p>\n\n\n\n<p>n\u00e9hai <strong>Szep\u00e1n Alad\u00e1r<\/strong> ny. \u00e1llami f\u0151tisztvisel\u0151, szkv. sz\u00e1zados, R\u00e1kosliget. 1870-ben sz\u00fcl. Sz\u00e1szv\u00e1ron.<br>\u00d6nk\u00e9ntesi \u00e9v\u00e9t B\u00e9csben szolg\u00e1lta le. Mozg\u00f3s\u00edt\u00e1skor bevonult az 1. honv\u00e9dgyalogezredbe, majd az els\u0151 hadt\u00e1pz\u00e1szl\u00f3aljhoz nyert beoszt\u00e1st \u00e9s az orosz frontra ker\u00fclt. Innen K\u0151r\u00f6smez\u0151re, 1915-ben Lubomilba, 1918-ban pedig Olkuszba helyezt\u00e9k. A h\u00e1bor\u00fa utols\u00f3 h\u00f3napjait Kecskem\u00e9ten t\u00f6lt\u00f6tte. T\u00f6bb katonai kit\u00fcntet\u00e9st kapott. K\u00e9t gyermeke gy\u00e1szolja.<\/p>\n\n\n\n<p><em>Forr\u00e1s: Bartha Lajos &#8211; Dere\u00e1n\u00f3 \u00d6d\u00f6n Az 1. honv\u00e9d gyalogezred t\u00f6rt\u00e9nete \u00e9s h\u00e1bor\u00fas eml\u00e9kalbuma (Budapest, 1939)<\/em><\/p>\n\n\n\n<hr class=\"wp-block-separator\"\/>\n\n\n\n<p>1914-ben a mozg\u00f3s\u00edt\u00e1skor <strong>ifj. Schmidt K\u00e1roly<\/strong> bevonult az 1. honv\u00e9dgyalogezredhez, ahonnan 1915 elej\u00e9n az orosz frontra ker\u00fclt \u00e9s ott frontszolg\u00e1latot teljes\u00edtett 1918-ig, h\u00e1rom esztendeig.<\/p>\n\n\n\n<p><em>K\u00d6ZTELEK, 1928. j\u00falius 22. 1265. oldal<\/em><\/p>\n\n\n\n<hr class=\"wp-block-separator\"\/>\n\n\n\n<p><em>De Sgardelli Caesar: A magyar kir\u00e1lyi budapesti 29. honv\u00e9dgyalogezred \u00e9s a magyar kir\u00e1lyi 29. n\u00e9pf\u00f6lkel\u0151 gyalogezred hadt\u00f6rt\u00e9neti eml\u00e9kk\u00f6nyve (Budapest, 1936) 257. oldal<\/em><\/p>\n\n\n\n<p><strong>Alk\u00e9r Lajos<\/strong> n\u00e9pf\u00f6lkel\u0151 sz\u00e1zados, ny. m. kir. doh\u00e1nybev. f\u0151fel\u00fcgyel\u0151, R\u00e1kosliget. *1873, Budapest.<br>A m. kir. doh\u00e1nyj\u00f6v. k\u00f6tel\u00e9k\u00e9be l\u00e9pett 1892-ben. Bevonult 1914. aug. 20-\u00e1n a magyar kir\u00e1lyi 29. honv\u00e9dgyalogezredhez, mint hadnagy. A szerb fronton harcolt. R\u00e9szt vett mint ut\u00f3v\u00e9d az 1914. \u00e9vi szerb hadj\u00e1ratban \u00e9s az 1915. okt\u00f3berben megindult szerbiai offenz\u00edv\u00e1ban. Leszerelt 1917. m\u00e1rcius mint sz\u00e1zados.<br>Kit\u00fcntet\u00e9sei: Signum Laudis \u00e9s K\u00e1roly csapatkereszt. A komm\u00fcn alatt hazafias magatart\u00e1s\u00e1\u00e9rt a kommunist\u00e1k letart\u00f3ztatt\u00e1k. Nyugalomba vonult 1932-ben. Neje: Zolnay Sarolta. Fia: Lajos dr.<\/p>\n\n\n\n<hr class=\"wp-block-separator\"\/>\n\n\n\n<p><em>Doromby J\u00f3zsef: A volt cs. \u00e9s kir. 38. gyalogezred t\u00f6rt\u00e9nete \u00e9s eml\u00e9kk\u00f6nyve (Budapest, 1936) 407. oldal<\/em><\/p>\n\n\n\n<p><strong>Dr. Jirka Alajos<\/strong>, tartal\u00e9kos hadnagy. Sz\u00fcletett 1896-ban Budapesten; tan\u00e1ri oklevel\u00e9t 1923-ban szerezte meg. 1915. m\u00e1jus 15-\u00e9n vonult be, s mint kadett ment ki az orosz harct\u00e9rre 1915 okt\u00f3berben. 1916. j\u00fanius 10-\u00e9n Krasznoje mellett sebes\u00fclten orosz fogs\u00e1gba esett, ahonnan 1918 j\u00faniusban csere rokkantk\u00e9nt j\u00f6tt haza s ezut\u00e1n kik\u00e9pz\u0151tiszt lett. Vit\u00e9zs\u00e9g\u00e9\u00e9rt a O 1, K\u00e1roly csapatkereszt., Sebes\u00fcl\u00e9si \u00e9rmet kapta. K\u00f6z\u00e9piskolai tan\u00e1r. Feles\u00e9ge: K\u00e1lm\u00e1n Jozefine.<\/p>\n\n\n\n<div class=\"wp-block-image\"><figure class=\"aligncenter\"><img loading=\"lazy\" decoding=\"async\" width=\"219\" height=\"300\" src=\"http:\/\/rakosliget.hu\/wordpress\/wp-content\/uploads\/2019\/12\/Jirka-219x300.jpg\" alt=\"\" class=\"wp-image-3171\" srcset=\"https:\/\/rakosliget.hu\/wordpress\/wp-content\/uploads\/2019\/12\/Jirka-219x300.jpg 219w, https:\/\/rakosliget.hu\/wordpress\/wp-content\/uploads\/2019\/12\/Jirka.jpg 354w\" sizes=\"auto, (max-width: 219px) 100vw, 219px\" \/><\/figure><\/div>\n\n\n\n<p class=\"has-text-align-center\">Dr. Jirka Alajos, R\u00e1kosliget<\/p>\n\n\n\n<hr class=\"wp-block-separator\"\/>\n\n\n\n<p><em>Paulovits S\u00e1ndor (\u00f6ssze\u00e1ll.): Harmincas honv\u00e9dek \u00e9lete a hal\u00e1lmez\u0151k\u00f6n (Kecskem\u00e9t, 1939)<\/em><\/p>\n\n\n\n<p><strong>Rubinthy Dezs\u0151<\/strong> vit\u00e9z, ny. alt\u00e1bornagy R\u00e1kosliget. <em>(332. oldal)<\/em> (Salg\u00f3tarj\u00e1n, 1871. janu\u00e1r 6. &#8211; R\u00e1kosliget, 1945)<br>A Ludovika Akad\u00e9mi\u00e1t v\u00e9gezte el. 1920. szeptember 1-j\u00e9n vez\u00e9r\u0151rnaggy\u00e1 nevezt\u00e9k ki, \u00e9s ideiglenesen megb\u00edzt\u00e1k a Hadilev\u00e9lt\u00e1r vezet\u00e9s\u00e9vel, melynek \u0151 lett az els\u0151 igazgat\u00f3ja, 1924-ig.<br><strong>Goh\u00e9r L\u00e1szl\u00f3<\/strong> tartal\u00e9kos hadnagy, Ker. Bank tisztvisel\u0151 R\u00e1kosliget. XVII.-utca 2. (316. oldal)<\/p>\n\n\n\n<hr class=\"wp-block-separator\"\/>\n\n\n\n<p><em>Tin\u00f3di Varga S\u00e1ndor (szerk.): Budapest volt h\u00e1zi ezred\u00e9nek a cs. \u00e9s kir. 32. gyalogezrednek t\u00f6rt\u00e9nete (Budapest, 1930)<\/em><\/p>\n\n\n\n<p>A vil\u00e1gh\u00e1bor\u00fat megel\u0151z\u0151 id\u0151szakban \u00e9s mag\u00e1ban a vil\u00e1gh\u00e1bor\u00faban az ezred a k\u00f6vetkez\u0151 v\u00e1rosokb\u00f3l \u00e9s k\u00f6zs\u00e9gekb\u0151l kapta leg\u00e9nys\u00e9g\u00e9t: Budapest sz\u00e9kesf\u0151v\u00e1ros, R\u00e1kospalota, Budafok, Pesterzs\u00e9bet, V\u00e1c, Szentendre, Kispest \u00e9s \u00dajpest rendezett tan\u00e1cs\u00fa v\u00e1rosok, Als\u00f3dabas (j\u00e1r\u00e1si sz\u00e9khely), Als\u00f3n\u00e9medi, Gy\u00f3n, Lajosmizse, Pusztavacs, Bugyi, Kakucs, \u00d3csa, S\u00e1ri, Fels\u0151dabas, Lad\u00e1nybene, \u00d6rk\u00e9ny, Tat\u00e1rszentgy\u00f6rgy, Bia (j\u00e1r\u00e1si sz\u00e9khely), Budakeszi, Tinnye, Zs\u00e1mb\u00e9k, P\u00e1ty, Torb\u00e1gy, Budajen\u0151, Perb\u00e1l, T\u00f6k, Telki, Asz\u00f3d (j\u00e1r\u00e1si sz\u00e9khely), Bag, Galgagy\u00f6rk, H\u00e9v\u00edzgy\u00f6rk, Tura, Boldog, Galgah\u00e9v\u00edz, Iklad, Verseg, Domony, Galgam\u00e1csa, Kartal, G\u00f6d\u00f6ll\u0151 (j\u00e1r\u00e1si sz\u00e9khely), Cinkota, Isaszeg, Mogyor\u00f3d, R\u00e1koscsaba, Szada, Zs\u00e1mbok, Cs\u00f6m\u00f6r, Kerepes, Nagytarcsa, R\u00e1koskereszt\u00far, V\u00e1cszentl\u00e1szl\u00f3, D\u00e1ny, Kistarcsa, P\u00e9cel, <strong>R\u00e1kosliget<\/strong>, Valk\u00f3, R\u00e1ckeve (j\u00e1r\u00e1si sz\u00e9khely), \u00c1porka, Kisk\u00fanlack\u00e1za, Mak\u00e1d, Szigetcs\u00e9p, Szigetszentmikl\u00f3s, Dab, L\u00f3r\u00e9v, Pereg, Sziget\u00fajfalu, Taksony, D\u00f6ms\u00f6d, Majosh\u00e1za, Szigetbecse, Szigetszentm\u00e1rton, T\u00f6k\u00f6l, Budapest k\u00f6zponti j\u00e1r\u00e1s, Albertfalva, Csepel, Pesthidegk\u00fat, R\u00e1kosszentmih\u00e1ly, T\u00f6r\u00f6kb\u00e1lint, Buda\u00f6rs, Duna-haraszti, Pestszentl\u0151rinc, Sashalom, Budat\u00e9t\u00e9ny, Nagyt\u00e9t\u00e9ny, Pest\u00fajhely, Soroks\u00e1r, V\u00e1c (j\u00e1r\u00e1si sz\u00e9khely), Acsa, Csorn\u00e1d, Als\u00f3g\u00f6d, V\u00e1cbotty\u00e1n, Sz\u0151d, V\u00e1cduka, V\u00e1ckis\u00fajfalu, Cs\u00e1rv\u00e1r, Dunakeszi, T\u00f3t, P\u00fcsp\u00f6khatvan, Veresegyh\u00e1za, V\u00e1charty\u00e1n, Zsid\u00f3, Alag, Fels\u0151g\u00f6d, \u0150rszentmikl\u00f3s, P\u00fcsp\u00f6kszil\u00e1gy, Kisn\u00e9medi, V\u00e1cr\u00e1t\u00f3t, Monor (j\u00e1r\u00e1si sz\u00e9khely), Alberti, Gomba, Pilis, Vecs\u00e9s, Cegl\u00e9dbercel, Irsa, \u00dcll\u0151, B\u00e9nye, D\u00e1nszentmikl\u00f3s, Ny\u00e1regyh\u00e1za, Vasad, K\u00e1va, Pom\u00e1z (j\u00e1r\u00e1si sz\u00e9khely), B\u00e9k\u00e1smegyer, Dunabogd\u00e1ny, Pilisborosjen\u0151, Pilisszentiv\u00e1n, P\u00f3csmegyer, Tahit\u00f3tfalu, Pilissz\u00e1nt\u00f3, Budakal\u00e1sz, Kisoroszi, Piliscsaba, Pilisv\u00f6r\u00f6sv\u00e1r, Solym\u00e1r, \u00dcr\u00f6m, Pilisszentkereszt, Csob\u00e1nka, Nagykov\u00e1csi, Klotildfalva, Pilisszentl\u00e1szl\u00f3, Szigetmonostor, Visegr\u00e1d.<\/p>\n\n\n\n<hr class=\"wp-block-separator\"\/>\n\n\n\n<p><em>MAGYAR M\u0170SZAKI PARANCSNOKS\u00c1GOK, CSAPATOK \u00c9S ALAKULATOK A VIL\u00c1GH\u00c1BOR\u00daBAN, Jacobi \u00c1gost szerk. Budapest, 1938<\/em><\/p>\n\n\n\n<p><strong>Bord\u00e1s (Heifeld) Mih\u00e1ly<\/strong> v\u00e9p. tizedes, \u00fcveges mester (R\u00e1kosliget). *1882, Galgam\u00e1csa. <br>1914 augusztusban bevonult Korneuburgba a vas\u00fatezredhez, majd az orosz frontra ment. A Nida foly\u00f3n\u00e1l, majd K\u00f6vel k\u00f6rny\u00e9k\u00e9n \u00e9p\u00edtettek vas\u00fatvonalakat egy \u00e9vig. Ekkor a szerb harct\u00e9rre ment. Megbetegedett \u00e9s k\u00f3rh\u00e1zba ker\u00fclt \u00dajvid\u00e9kre. Felgy\u00f3gyul\u00e1sa ut\u00e1n 1917 elej\u00e9n ism\u00e9t az orosz hadsz\u00ednt\u00e9rre helyezt\u00e9k (Krasznik, Lublin, Zsidacsov), ahol a lembergi vonalat \u00e9p\u00edtett\u00e9k. Az olasz harct\u00e9rre helyezve a Mte. Roveron dr\u00f3tk\u00f6t\u00e9lp\u00e1ly\u00e1n\u00e1l teljes\u00edtett szolg\u00e1latot (\u00e9lelem- \u00e9s l\u0151szer sz\u00e1ll\u00edt\u00e1s). Betegen k\u00f3rh\u00e1zban fek\u00fcdt majd felgy\u00f3gyulva a monfalconei vas\u00fat\u00e9p\u00edt\u00e9sn\u00e9l dolgozott. Mal\u00e1ri\u00e1val Cs\u00e1ktorny\u00e1ra vitt\u00e9k k\u00f3rh\u00e1zba, ott \u00e9rte az \u00f6sszeoml\u00e1s. Neje: Pfeiffer Gizella. Fia: Andr\u00e1s<\/p>\n\n\n\n<hr class=\"wp-block-separator\"\/>\n\n\n\n<p><strong>vit\u00e9z Magyar Mih\u00e1ly<\/strong> rakt\u00e1rnok (R\u00e1kosliget). *1891, Budapest.<br><br>1913-ban vonult be t\u00e9nyleges katonai szolg\u00e1latra a 4. t\u00fcz\u00e9rezredhez. A h\u00e1bor\u00fa kit\u00f6r\u00e9sekor a szerb frontra ment (Jagodina, Milanov\u00e1cz, Belgr\u00e1di.<br>1915 m\u00e1jusban az olasz harct\u00e9rre ker\u00fclt (G\u00f6rz, Doberdo), majd a tengerpartig vonultak el\u0151re. 1915 augusztusban visszahelyezt\u00e9k csapat\u00e1t a szerb hadsz\u00ednt\u00e9rre (Belgr\u00e1d. Sabac, \u00dcszk\u00fcb). R\u00e9szt vett az el\u0151nyomul\u00e1sban Alb\u00e1ni\u00e1ig.<br>1916-ban a rom\u00e1n harct\u00e9rre vez\u00e9nyelt\u00e9k (Dornavatra).<br>1917 elej\u00e9n visszaker\u00fclt az olasz frontra, ahol a h\u00e1bor\u00fa v\u00e9g\u00e9ig teljes\u00edtett szolg\u00e1latot mint telefonos (Rovereto, Primolano, Asiago). Kit\u00fcntet\u00e9sei: V. 1., V. br., VI. \u00c9. Sz. J,Vaskereszt, H. E. \u00c9.<\/p>\n\n\n\n<p><strong><a href=\"http:\/\/rakosliget.hu\/wordpress\/index.php\/jacobi-agost\/\">Jacobi \u00c1gost ut\u00e1szezredes<\/a><\/strong><\/p>\n\n\n\n<div class=\"wp-block-image\"><figure class=\"aligncenter size-large\"><a href=\"http:\/\/rakosliget.hu\/wordpress\/wp-content\/uploads\/2020\/11\/Jacobi.jpg\"><img loading=\"lazy\" decoding=\"async\" width=\"240\" height=\"318\" src=\"http:\/\/rakosliget.hu\/wordpress\/wp-content\/uploads\/2020\/11\/Jacobi.jpg\" alt=\"\" class=\"wp-image-8277\" srcset=\"https:\/\/rakosliget.hu\/wordpress\/wp-content\/uploads\/2020\/11\/Jacobi.jpg 240w, https:\/\/rakosliget.hu\/wordpress\/wp-content\/uploads\/2020\/11\/Jacobi-226x300.jpg 226w\" sizes=\"auto, (max-width: 240px) 100vw, 240px\" \/><\/a><figcaption>Forr\u00e1s: <em>Jacobi \u00c1gost szerk.: Magyar m\u0171szaki parancsnoks\u00e1gok, csapatok \u00e9s alakulatok a vil\u00e1gh\u00e1bor\u00faban<\/em>. Budapest, 1938<\/figcaption><\/figure><\/div>\n","protected":false},"excerpt":{"rendered":"<p>Az I. vil\u00e1gh\u00e1bor\u00fa r\u00e1kosligeti katon\u00e1i. (Akikr\u0151l tudom\u00e1som van.) Bartha Lajos &#8211; Dere\u00e1n\u00f3 \u00d6d\u00f6n: Az 1. honv\u00e9d gyalogezred t\u00f6rt\u00e9nete \u00e9s h\u00e1bor\u00fas eml\u00e9kalbuma (Budapest, 1939) 316. oldal n\u00e9hai Szep\u00e1n Alad\u00e1r ny. \u00e1llami f\u0151tisztvisel\u0151, szkv. sz\u00e1zados, R\u00e1kosliget. 1870-ben sz\u00fcl. Sz\u00e1szv\u00e1ron.\u00d6nk\u00e9ntesi \u00e9v\u00e9t B\u00e9csben szolg\u00e1lta le. Mozg\u00f3s\u00edt\u00e1skor bevonult az 1. honv\u00e9dgyalogezredbe, majd az els\u0151 hadt\u00e1pz\u00e1szl\u00f3aljhoz nyert beoszt\u00e1st \u00e9s az orosz &hellip; <a href=\"https:\/\/rakosliget.hu\/wordpress\/index.php\/katonak\/\" class=\"more-link\"><span class=\"screen-reader-text\">KATON\u00c1K<\/span> r\u00e9szletei&#8230;<\/a><\/p>\n","protected":false},"author":1,"featured_media":0,"parent":0,"menu_order":0,"comment_status":"closed","ping_status":"closed","template":"","meta":{"footnotes":""},"class_list":["post-8265","page","type-page","status-publish","hentry"],"_links":{"self":[{"href":"https:\/\/rakosliget.hu\/wordpress\/index.php\/wp-json\/wp\/v2\/pages\/8265","targetHints":{"allow":["GET"]}}],"collection":[{"href":"https:\/\/rakosliget.hu\/wordpress\/index.php\/wp-json\/wp\/v2\/pages"}],"about":[{"href":"https:\/\/rakosliget.hu\/wordpress\/index.php\/wp-json\/wp\/v2\/types\/page"}],"author":[{"embeddable":true,"href":"https:\/\/rakosliget.hu\/wordpress\/index.php\/wp-json\/wp\/v2\/users\/1"}],"replies":[{"embeddable":true,"href":"https:\/\/rakosliget.hu\/wordpress\/index.php\/wp-json\/wp\/v2\/comments?post=8265"}],"version-history":[{"count":11,"href":"https:\/\/rakosliget.hu\/wordpress\/index.php\/wp-json\/wp\/v2\/pages\/8265\/revisions"}],"predecessor-version":[{"id":8400,"href":"https:\/\/rakosliget.hu\/wordpress\/index.php\/wp-json\/wp\/v2\/pages\/8265\/revisions\/8400"}],"wp:attachment":[{"href":"https:\/\/rakosliget.hu\/wordpress\/index.php\/wp-json\/wp\/v2\/media?parent=8265"}],"curies":[{"name":"wp","href":"https:\/\/api.w.org\/{rel}","templated":true}]}}