{"id":8209,"date":"2020-11-25T13:40:42","date_gmt":"2020-11-25T12:40:42","guid":{"rendered":"http:\/\/rakosliget.hu\/wordpress\/?page_id=8209"},"modified":"2026-02-07T08:08:05","modified_gmt":"2026-02-07T07:08:05","slug":"hires-emberek-az-elemi-iskolabol","status":"publish","type":"page","link":"https:\/\/rakosliget.hu\/wordpress\/index.php\/hires-emberek-az-elemi-iskolabol\/","title":{"rendered":"H\u00cdRES EMBEREK AZ ELEMI ISKOL\u00c1B\u00d3L"},"content":{"rendered":"\n<p><em>Az oldal indult: 2020. 11. 25.<\/em><\/p>\n\n\n\n<p>Er\u0151sen hi\u00e1nyos!!!<\/p>\n\n\n\n<div class=\"wp-block-buttons is-content-justification-center is-layout-flex wp-container-core-buttons-is-layout-16018d1d wp-block-buttons-is-layout-flex\">\n<div class=\"wp-block-button\"><a class=\"wp-block-button__link wp-element-button\" href=\"https:\/\/rakosliget.hu\/wordpress\/index.php\/elemi-iskola\/\">VISSZA AZ ELEMI ISKOLA LAPRA<\/a><\/div>\n<\/div>\n\n\n\n<h2 class=\"wp-block-heading\">Gerzson P\u00e1l<br>fest\u0151m\u0171v\u00e9sz (Hird, 1931. janu\u00e1r 25.)<\/h2>\n\n\n<div class=\"wp-block-image\">\n<figure class=\"aligncenter size-large\"><img loading=\"lazy\" decoding=\"async\" width=\"451\" height=\"558\" src=\"http:\/\/rakosliget.hu\/wordpress\/wp-content\/uploads\/2020\/11\/kep-1.png\" alt=\"\" class=\"wp-image-8211\" srcset=\"https:\/\/rakosliget.hu\/wordpress\/wp-content\/uploads\/2020\/11\/kep-1.png 451w, https:\/\/rakosliget.hu\/wordpress\/wp-content\/uploads\/2020\/11\/kep-1-242x300.png 242w\" sizes=\"auto, (max-width: 451px) 100vw, 451px\" \/><\/figure>\n<\/div>\n\n\n<p>Barany\u00e1ban sz\u00fclettem, t\u00edz\u00e9ves koromt\u00f3l laktam m\u00e9g Szatm\u00e1r megy\u00e9ben, Erd\u00e9ly perem\u00e9n, Ungv\u00e1ron k\u00e9t \u00e9vig, egy darabig \u00d3gyall\u00e1n, majd n\u00e9gy \u00e9vig K\u0151szegen. K\u00f6zben <strong>elemi iskol\u00e1ba R\u00e1kosligeten j\u00e1rtam k\u00e9t \u00e9vig<\/strong>, nagyany\u00e1m oltalma alatt. Minden\u00fctt otthon \u00e9reztem magam. A haza is el\u00e9g t\u00e1gas volt sz\u00e1momra, a sz\u00fcl\u0151f\u00f6ld pedig a sz\u00fclet\u00e9si helyen k\u00edv\u00fcl m\u00e9g az iskol\u00e1im helysz\u00edne, az elemi eszm\u00e9l\u00e9sek eg\u00e9sz folyamat\u00e1nak helysz\u00edne is, bele\u00e9rtve \u00faj vil\u00e1gok felfedez\u00e9s\u00e9t, \u00faj j\u00e1t\u00e9kokat, \u00faj ismereteket az egyszeregyt\u0151l a halmazelm\u00e9letekig, az \u00e1b\u00e9c\u00e9t\u0151l a latin nyelv rejtelmeiig. A sors m\u00e9g egy vil\u00e1gh\u00e1bor\u00fa \u00e9lm\u00e9ny\u00e9vel is megaj\u00e1nd\u00e9kozott, f\u00e9lelmekkel \u00e9s izgalmakkal. Forr\u00e1s: Nap\u00fat 2000<\/p>\n\n\n\n<figure class=\"wp-block-image size-large\"><img loading=\"lazy\" decoding=\"async\" width=\"670\" height=\"174\" src=\"http:\/\/rakosliget.hu\/wordpress\/wp-content\/uploads\/2020\/11\/gerzson-alairas.jpg\" alt=\"\" class=\"wp-image-8214\" srcset=\"https:\/\/rakosliget.hu\/wordpress\/wp-content\/uploads\/2020\/11\/gerzson-alairas.jpg 670w, https:\/\/rakosliget.hu\/wordpress\/wp-content\/uploads\/2020\/11\/gerzson-alairas-300x78.jpg 300w\" sizes=\"auto, (max-width: 670px) 100vw, 670px\" \/><\/figure>\n\n\n\n<h2 class=\"wp-block-heading\">Kucsm\u00e1n \u00c1rp\u00e1d<\/h2>\n\n\n\n<p>az ELTE emeritus professzora \u00e9s honoris causa doktora<\/p>\n\n\n\n<figure class=\"wp-block-image size-large\"><img loading=\"lazy\" decoding=\"async\" width=\"592\" height=\"780\" src=\"http:\/\/rakosliget.hu\/wordpress\/wp-content\/uploads\/2020\/11\/kep-3.png\" alt=\"\" class=\"wp-image-8216\" srcset=\"https:\/\/rakosliget.hu\/wordpress\/wp-content\/uploads\/2020\/11\/kep-3.png 592w, https:\/\/rakosliget.hu\/wordpress\/wp-content\/uploads\/2020\/11\/kep-3-228x300.png 228w\" sizes=\"auto, (max-width: 592px) 100vw, 592px\" \/><figcaption class=\"wp-element-caption\">Otthon\u00e1ban (2006)<\/figcaption><\/figure>\n\n\n\n<p>R\u00e9szletek G\u00e1cs J\u00e1nos besz\u00e9lget\u00e9s\u00e9b\u0151l, amely  a Term\u00e9szet Vil\u00e1ga Term\u00e9szettudom\u00e1nyi K\u00f6zl\u00f6ny 141. \u00e9vf. 3. f\u00fczet 2010. m\u00e1rciusi sz\u00e1m\u00e1ban jelent meg.<\/p>\n\n\n\n<blockquote class=\"wp-block-quote is-layout-flow wp-block-quote-is-layout-flow\">\n<p>Csal\u00e1di h\u00e1tt\u00e9r<br>&#8230;N\u00e9metes nev\u00fcnkb\u0151l egy\u00e9bk\u00e9nt \u201945 elej\u00e9n nagy baj lett. Alig hogy t\u00fal\u00e9lt\u00fck a h\u00e1bor\u00fat, nemzet\u0151r\u00f6k vittek a r\u00e1koscsabai k\u00f6zs\u00e9gh\u00e1z\u00e1ra, ahonnan engem ugyan mint satnya fiatalt egy \u00f6reg orosz ezredes-orvos javaslat\u00e1ra hazaengedtek, de az engem elk\u00eds\u00e9r\u0151 ap\u00e1mat majd h\u00e1rom \u00e9vre a Szovjetuni\u00f3ba deport\u00e1lt\u00e1k, pedig a n\u00e9metekhez az \u00e9gvil\u00e1gon semmi k\u00f6ze nem volt. Att\u00f3l kezdve \u00e9reztem \u00e1t igaz\u00e1n a zsid\u00f3s\u00e1g trag\u00e9di\u00e1j\u00e1t, mert saj\u00e1t b\u0151r\u00f6m\u00f6n tapasztaltam, hogy milyen az, ha valakire csak \u00fagy r\u00e1mutatnak \u00e9s elviszik.<\/p>\n\n\n\n<p>Sz\u00fcl\u0151k<\/p>\n\n\n\n<p>&#8230;\u00d6t\u00e9ves voltam, amikor nagyr\u00e9szt hitelb\u0151l sz\u00e9p csal\u00e1di h\u00e1zat \u00e9p\u00edtettek R\u00e1koscsaba-\u00dajtelepen, \u00e9s az anyai nagysz\u00fcl\u0151kkel egy\u00fctt odak\u00f6lt\u00f6zt\u00fcnk. Mindezek alapj\u00e1n vajon milyen sz\u00e1rmaz\u00e1s\u00fa vagyok? Munk\u00e1s? Kispolg\u00e1r? Als\u00f3 k\u00f6z\u00e9poszt\u00e1ly? Angyalf\u00f6ld vagy R\u00e1koscsaba? Valaha e k\u00e9rd\u00e9s eld\u00f6nt\u00e9se igen fontos volt, ma m\u00e1r nem \u00e9rdekes. T\u00e9ny, hogy a gazdagok \u00e9s a prolik vil\u00e1ga egyar\u00e1nt idegen t\u0151lem, valamif\u00e9le lebeg\u00e9s van a kett\u0151 k\u00f6z\u00f6tt. T\u00e9ny az is, hogy a sz\u0171kebb \u00e9s t\u00e1gabb csal\u00e1di k\u00f6rnyezet\u00fcnkben nem volt diplom\u00e1s, de m\u00e9g \u00e9retts\u00e9gizett sem, ap\u00e1m egyetlen s\u00f3gor\u00e1t kiv\u00e9ve.<\/p>\n<\/blockquote>\n\n\n\n<blockquote class=\"wp-block-quote is-layout-flow wp-block-quote-is-layout-flow\">\n<p>Elemi iskola (1933-1937)<br>Jellemz\u0151, hogy sz\u00fcleim a r\u00e1kosligeti elemibe \u00edrattak be, ahova t\u00f6bbnyire \u00fari fi\u00fak, tisztvisel\u0151k gyerekei j\u00e1rtak, nem pedig R\u00e1koscsab\u00e1ra, a parasztfi\u00fak k\u00f6z\u00e9. Ez megfelelt a mi r\u00e9teg\u00fcnk akkori elk\u00e9pzel\u00e9seinek: t\u00f6rekedj \u00e9s bar\u00e1tkozz felfel\u00e9. Az elemiben j\u00f3l tanultam, s\u0151t negyedikben megkaptam a legjobb iskolai tanul\u00f3nak adom\u00e1nyozott 20 peng\u0151 p\u00e9nzjutalmat is. Mindez nem v\u00e1ltott ki bennem k\u00fcl\u00f6n\u00f6sebb b\u00fcszkes\u00e9get, mai sz\u00f3val \u00e9lve elit\u00e9rz\u00e9st. Akkoriban ugyanis a szeg\u00e9ny emberek term\u00e9szetes t\u00f6rekv\u00e9se volt, hogy m\u00e1sokn\u00e1l jobban helyt kell \u00e1llni. \u00c9n csak a k\u00f6teless\u00e9gemet teljes\u00edtettem \u00e9pp\u00fagy, mint csal\u00e1dom t\u00f6bbi tagja. Egy\u00e9bk\u00e9nt sz\u00fcleim szer\u00e9nys\u00e9ge, k\u00f6teless\u00e9gtud\u00e1sa, irigys\u00e9g \u00e9s karrierv\u00e1gy n\u00e9lk\u00fcli \u00e9let- szeml\u00e9lete eg\u00e9sz \u00e9letemben p\u00e9ld\u00e1t adott sz\u00e1momra.<br>Elemi iskolai \u00e9letemb\u0151l hadd emeljek ki egy epiz\u00f3dot. Any\u00e1m preszt\u00edzsokokb\u00f3l betan\u00edttatta velem Farkas Imre \u201eV\u00e9n Ambrus\u201d c\u00edm\u0171 j\u00f3 hossz\u00fa, k\u00f6nnyfakaszt\u00f3 vers\u00e9t. Ez a produkci\u00f3 olyan j\u00f3l siker\u00fclt, hogy a m\u00e1jusi h\u0151s\u00f6k napj\u00e1n nekem kellett elszavalnom a r\u00e1kosligeti orsz\u00e1gz\u00e1szl\u00f3n\u00e1l vit\u00e9z Somogyv\u00e1ri Gyula egyik hazafias-h\u00e1bor\u00fas vers\u00e9t. Mivel az utols\u00f3 pillanatban kider\u00fclt, hogy a fell\u00e9p\u00e9shez nincs darutollas Bocskai-sapk\u00e1m, k\u00e9nytelen voltam fedetlen f\u0151vel szalut\u00e1lni az eml\u00e9km\u0171 el\u0151tt, ami egy kisfi\u00fan\u00e1l el\u00e9gg\u00e9 komikus l\u00e1tv\u00e1ny lehetett. Az egy \u00e9vtizedes iskolai irredenta nevel\u00e9s am\u00fagy rajtam is nyomot hagyott, b\u00e1r nem lettem nacionalista, pl\u00e1ne soviniszta. Ami Trianont illeti, Magyarorsz\u00e1gnak ezt az egyed\u00fcl\u00e1ll\u00f3 kik\u00e9sz\u00edt\u00e9s\u00e9t ma is \u00e9gbeki\u00e1lt\u00f3 igazs\u00e1gtalans\u00e1gnak tartom.<\/p>\n\n\n\n<div class=\"wp-block-buttons is-content-justification-center is-layout-flex wp-container-core-buttons-is-layout-16018d1d wp-block-buttons-is-layout-flex\">\n<div class=\"wp-block-button\"><a class=\"wp-block-button__link wp-element-button\" href=\"https:\/\/rakosliget.hu\/wordpress\/index.php\/elemi-iskola\/\">VISSZA AZ ELEMI ISKOLA LAPRA<\/a><\/div>\n<\/div>\n<\/blockquote>\n\n\n\n<p><\/p>\n","protected":false},"excerpt":{"rendered":"<p>Az oldal indult: 2020. 11. 25. Er\u0151sen hi\u00e1nyos!!! Gerzson P\u00e1lfest\u0151m\u0171v\u00e9sz (Hird, 1931. janu\u00e1r 25.) Barany\u00e1ban sz\u00fclettem, t\u00edz\u00e9ves koromt\u00f3l laktam m\u00e9g Szatm\u00e1r megy\u00e9ben, Erd\u00e9ly perem\u00e9n, Ungv\u00e1ron k\u00e9t \u00e9vig, egy darabig \u00d3gyall\u00e1n, majd n\u00e9gy \u00e9vig K\u0151szegen. K\u00f6zben elemi iskol\u00e1ba R\u00e1kosligeten j\u00e1rtam k\u00e9t \u00e9vig, nagyany\u00e1m oltalma alatt. Minden\u00fctt otthon \u00e9reztem magam. A haza is el\u00e9g t\u00e1gas volt sz\u00e1momra, &hellip; <a href=\"https:\/\/rakosliget.hu\/wordpress\/index.php\/hires-emberek-az-elemi-iskolabol\/\" class=\"more-link\"><span class=\"screen-reader-text\">H\u00cdRES EMBEREK AZ ELEMI ISKOL\u00c1B\u00d3L<\/span> r\u00e9szletei&#8230;<\/a><\/p>\n","protected":false},"author":1,"featured_media":0,"parent":0,"menu_order":0,"comment_status":"closed","ping_status":"closed","template":"","meta":{"footnotes":""},"class_list":["post-8209","page","type-page","status-publish","hentry"],"_links":{"self":[{"href":"https:\/\/rakosliget.hu\/wordpress\/index.php\/wp-json\/wp\/v2\/pages\/8209","targetHints":{"allow":["GET"]}}],"collection":[{"href":"https:\/\/rakosliget.hu\/wordpress\/index.php\/wp-json\/wp\/v2\/pages"}],"about":[{"href":"https:\/\/rakosliget.hu\/wordpress\/index.php\/wp-json\/wp\/v2\/types\/page"}],"author":[{"embeddable":true,"href":"https:\/\/rakosliget.hu\/wordpress\/index.php\/wp-json\/wp\/v2\/users\/1"}],"replies":[{"embeddable":true,"href":"https:\/\/rakosliget.hu\/wordpress\/index.php\/wp-json\/wp\/v2\/comments?post=8209"}],"version-history":[{"count":7,"href":"https:\/\/rakosliget.hu\/wordpress\/index.php\/wp-json\/wp\/v2\/pages\/8209\/revisions"}],"predecessor-version":[{"id":22876,"href":"https:\/\/rakosliget.hu\/wordpress\/index.php\/wp-json\/wp\/v2\/pages\/8209\/revisions\/22876"}],"wp:attachment":[{"href":"https:\/\/rakosliget.hu\/wordpress\/index.php\/wp-json\/wp\/v2\/media?parent=8209"}],"curies":[{"name":"wp","href":"https:\/\/api.w.org\/{rel}","templated":true}]}}