{"id":8012,"date":"2020-11-24T06:48:40","date_gmt":"2020-11-24T05:48:40","guid":{"rendered":"http:\/\/rakosliget.hu\/wordpress\/?page_id=8012"},"modified":"2025-03-07T12:21:38","modified_gmt":"2025-03-07T11:21:38","slug":"budapesti-orvosi-ujsag","status":"publish","type":"page","link":"https:\/\/rakosliget.hu\/wordpress\/index.php\/budapesti-orvosi-ujsag\/","title":{"rendered":"BUDAPESTI ORVOSI \u00daJS\u00c1G"},"content":{"rendered":"\n<p><a href=\"https:\/\/rakosliget.hu\/wordpress\/index.php\/rakosliget-a-korabeli-hirekben\/\">Vissza a SAJT\u00d3H\u00cdREK lapra<\/a><\/p>\n\n\n\n<h2 class=\"wp-block-heading\" id=\"1913\">1913<\/h2>\n\n\n\n<figure class=\"wp-block-image size-large\"><a href=\"http:\/\/rakosliget.hu\/wordpress\/wp-content\/uploads\/2020\/11\/BudapestiOrvosiUjsag_1913_melleklet__pages265-265_.pdf\"><img loading=\"lazy\" decoding=\"async\" width=\"772\" height=\"1024\" src=\"http:\/\/rakosliget.hu\/wordpress\/wp-content\/uploads\/2020\/11\/BudapestiOrvosiUjsag_1913_melleklet__pages265-265_-pdf-772x1024.jpg\" alt=\"\" class=\"wp-image-8014\"\/><\/a><figcaption class=\"wp-element-caption\">1913. j\u00falius 3.<\/figcaption><\/figure>\n\n\n\n<h2 class=\"wp-block-heading\" id=\"1915\">1915<\/h2>\n\n\n\n<div class=\"wp-block-media-text alignwide is-stacked-on-mobile\"><figure class=\"wp-block-media-text__media\"><a href=\"http:\/\/rakosliget.hu\/wordpress\/wp-content\/uploads\/2020\/11\/1915-augusztus-19-kozsegi-orvos-allashirdetes.jpg\"><img loading=\"lazy\" decoding=\"async\" width=\"741\" height=\"509\" src=\"http:\/\/rakosliget.hu\/wordpress\/wp-content\/uploads\/2020\/11\/1915-augusztus-19-kozsegi-orvos-allashirdetes.jpg\" alt=\"\" class=\"wp-image-8016\" srcset=\"https:\/\/rakosliget.hu\/wordpress\/wp-content\/uploads\/2020\/11\/1915-augusztus-19-kozsegi-orvos-allashirdetes.jpg 741w, https:\/\/rakosliget.hu\/wordpress\/wp-content\/uploads\/2020\/11\/1915-augusztus-19-kozsegi-orvos-allashirdetes-300x206.jpg 300w\" sizes=\"auto, (max-width: 741px) 100vw, 741px\" \/><\/a><\/figure><div class=\"wp-block-media-text__content\">\n\n<p><strong>1915. augusztus 19.<\/strong><br>P\u00e1ly\u00e1zat<\/p>\n\n<\/div><\/div>\n\n\n\n<h2 class=\"wp-block-heading\" id=\"1919\">1919<\/h2>\n\n\n\n<div class=\"wp-block-media-text alignwide is-stacked-on-mobile\"><figure class=\"wp-block-media-text__media\"><a href=\"http:\/\/rakosliget.hu\/wordpress\/wp-content\/uploads\/2020\/11\/1919-januar-9-Hajdu-orvos-halala.jpg\"><img loading=\"lazy\" decoding=\"async\" width=\"736\" height=\"100\" src=\"http:\/\/rakosliget.hu\/wordpress\/wp-content\/uploads\/2020\/11\/1919-januar-9-Hajdu-orvos-halala.jpg\" alt=\"\" class=\"wp-image-8017\" srcset=\"https:\/\/rakosliget.hu\/wordpress\/wp-content\/uploads\/2020\/11\/1919-januar-9-Hajdu-orvos-halala.jpg 736w, https:\/\/rakosliget.hu\/wordpress\/wp-content\/uploads\/2020\/11\/1919-januar-9-Hajdu-orvos-halala-300x41.jpg 300w\" sizes=\"auto, (max-width: 736px) 100vw, 736px\" \/><\/a><\/figure><div class=\"wp-block-media-text__content\">\n\n<p><strong>1919. janu\u00e1r 9.<\/strong><br>Hajd\u00fa Mih\u00e1ly orvos hal\u00e1la.<\/p>\n\n<\/div><\/div>\n\n\n\n<h2 class=\"wp-block-heading\" id=\"1934\">1934<\/h2>\n\n\n\n<div class=\"wp-block-file\"><a href=\"http:\/\/rakosliget.hu\/wordpress\/wp-content\/uploads\/2020\/11\/BudapestiOrvosiUjsag_1934_2__pages527-528_.pdf\">Budapesti Orvosi \u00dajs\u00e1g 1934 2_ pages527-528_Berde \u00c1rp\u00e1d<\/a><a href=\"http:\/\/rakosliget.hu\/wordpress\/wp-content\/uploads\/2020\/11\/BudapestiOrvosiUjsag_1934_2__pages527-528_.pdf\" class=\"wp-block-file__button wp-element-button\" download>Let\u00f6lt\u00e9s<\/a><\/div>\n\n\n\n<p><a href=\"https:\/\/rakosliget.hu\/wordpress\/index.php\/rakosliget-a-korabeli-hirekben\/\">Vissza a SAJT\u00d3H\u00cdREK lapra<\/a><\/p>\n","protected":false},"excerpt":{"rendered":"<p>Vissza a SAJT\u00d3H\u00cdREK lapra 1913 1915 1915. augusztus 19.P\u00e1ly\u00e1zat 1919 1919. janu\u00e1r 9.Hajd\u00fa Mih\u00e1ly orvos hal\u00e1la. 1934 Vissza a SAJT\u00d3H\u00cdREK lapra<\/p>\n","protected":false},"author":1,"featured_media":0,"parent":0,"menu_order":0,"comment_status":"closed","ping_status":"closed","template":"","meta":{"footnotes":""},"class_list":["post-8012","page","type-page","status-publish","hentry"],"_links":{"self":[{"href":"https:\/\/rakosliget.hu\/wordpress\/index.php\/wp-json\/wp\/v2\/pages\/8012","targetHints":{"allow":["GET"]}}],"collection":[{"href":"https:\/\/rakosliget.hu\/wordpress\/index.php\/wp-json\/wp\/v2\/pages"}],"about":[{"href":"https:\/\/rakosliget.hu\/wordpress\/index.php\/wp-json\/wp\/v2\/types\/page"}],"author":[{"embeddable":true,"href":"https:\/\/rakosliget.hu\/wordpress\/index.php\/wp-json\/wp\/v2\/users\/1"}],"replies":[{"embeddable":true,"href":"https:\/\/rakosliget.hu\/wordpress\/index.php\/wp-json\/wp\/v2\/comments?post=8012"}],"version-history":[{"count":6,"href":"https:\/\/rakosliget.hu\/wordpress\/index.php\/wp-json\/wp\/v2\/pages\/8012\/revisions"}],"predecessor-version":[{"id":16693,"href":"https:\/\/rakosliget.hu\/wordpress\/index.php\/wp-json\/wp\/v2\/pages\/8012\/revisions\/16693"}],"wp:attachment":[{"href":"https:\/\/rakosliget.hu\/wordpress\/index.php\/wp-json\/wp\/v2\/media?parent=8012"}],"curies":[{"name":"wp","href":"https:\/\/api.w.org\/{rel}","templated":true}]}}