{"id":7696,"date":"2020-11-22T07:07:39","date_gmt":"2020-11-22T06:07:39","guid":{"rendered":"http:\/\/rakosliget.hu\/wordpress\/?page_id=7696"},"modified":"2020-11-22T11:12:09","modified_gmt":"2020-11-22T10:12:09","slug":"megyebizottsagi-tagok","status":"publish","type":"page","link":"https:\/\/rakosliget.hu\/wordpress\/index.php\/megyebizottsagi-tagok\/","title":{"rendered":"MEGYEBIZOTTS\u00c1GI TAGOK"},"content":{"rendered":"\n<p><em>Az oldal indult: 2020. 11. 22.<\/em><\/p>\n\n\n\n<h2 class=\"wp-block-heading\">1907<\/h2>\n\n\n\n<div class=\"wp-block-media-text alignwide is-stacked-on-mobile\"><figure class=\"wp-block-media-text__media\"><a href=\"http:\/\/rakosliget.hu\/wordpress\/wp-content\/uploads\/2020\/11\/megybizottsagi-tag-valasztaa-1907.jpg\"><img loading=\"lazy\" decoding=\"async\" width=\"678\" height=\"219\" src=\"http:\/\/rakosliget.hu\/wordpress\/wp-content\/uploads\/2020\/11\/megybizottsagi-tag-valasztaa-1907.jpg\" alt=\"\" class=\"wp-image-7698\" srcset=\"https:\/\/rakosliget.hu\/wordpress\/wp-content\/uploads\/2020\/11\/megybizottsagi-tag-valasztaa-1907.jpg 678w, https:\/\/rakosliget.hu\/wordpress\/wp-content\/uploads\/2020\/11\/megybizottsagi-tag-valasztaa-1907-300x97.jpg 300w\" sizes=\"auto, (max-width: 678px) 100vw, 678px\" \/><\/a><\/figure><div class=\"wp-block-media-text__content\">\n<p><strong>1907. november 17.<\/strong> <br>Szegedy Albert a megyebizotts\u00e1gi tag<\/p>\n<\/div><\/div>\n\n\n\n<div class=\"wp-block-media-text alignwide is-stacked-on-mobile\"><figure class=\"wp-block-media-text__media\"><a href=\"http:\/\/rakosliget.hu\/wordpress\/wp-content\/uploads\/2020\/11\/megyebizottsag-1910.jpg\"><img loading=\"lazy\" decoding=\"async\" width=\"744\" height=\"1024\" src=\"http:\/\/rakosliget.hu\/wordpress\/wp-content\/uploads\/2020\/11\/megyebizottsag-1910-744x1024.jpg\" alt=\"\" class=\"wp-image-7757\" srcset=\"https:\/\/rakosliget.hu\/wordpress\/wp-content\/uploads\/2020\/11\/megyebizottsag-1910-744x1024.jpg 744w, https:\/\/rakosliget.hu\/wordpress\/wp-content\/uploads\/2020\/11\/megyebizottsag-1910-218x300.jpg 218w, https:\/\/rakosliget.hu\/wordpress\/wp-content\/uploads\/2020\/11\/megyebizottsag-1910-768x1057.jpg 768w, https:\/\/rakosliget.hu\/wordpress\/wp-content\/uploads\/2020\/11\/megyebizottsag-1910-1116x1536.jpg 1116w, https:\/\/rakosliget.hu\/wordpress\/wp-content\/uploads\/2020\/11\/megyebizottsag-1910.jpg 1421w\" sizes=\"auto, (max-width: 744px) 100vw, 744px\" \/><\/a><\/figure><div class=\"wp-block-media-text__content\">\n<p><strong>1910. november 13.<\/strong> <br>Megyebizotts\u00e1gi tagv\u00e1laszt\u00e1s<\/p>\n<\/div><\/div>\n\n\n\n<div class=\"wp-block-media-text alignwide is-stacked-on-mobile\"><figure class=\"wp-block-media-text__media\"><a href=\"http:\/\/rakosliget.hu\/wordpress\/wp-content\/uploads\/2020\/11\/megybizottsagi-tag-valasztaa-1910.jpg\"><img loading=\"lazy\" decoding=\"async\" width=\"678\" height=\"219\" src=\"http:\/\/rakosliget.hu\/wordpress\/wp-content\/uploads\/2020\/11\/megybizottsagi-tag-valasztaa-1910.jpg\" alt=\"\" class=\"wp-image-7760\" srcset=\"https:\/\/rakosliget.hu\/wordpress\/wp-content\/uploads\/2020\/11\/megybizottsagi-tag-valasztaa-1910.jpg 678w, https:\/\/rakosliget.hu\/wordpress\/wp-content\/uploads\/2020\/11\/megybizottsagi-tag-valasztaa-1910-300x97.jpg 300w\" sizes=\"auto, (max-width: 678px) 100vw, 678px\" \/><\/a><\/figure><div class=\"wp-block-media-text__content\">\n<p><strong>1910. november 20.<\/strong> <br>Megyebizotts\u00e1gi v\u00e1laszt\u00e1s.<\/p>\n<\/div><\/div>\n\n\n\n<p> <\/p>\n","protected":false},"excerpt":{"rendered":"<p>Az oldal indult: 2020. 11. 22. 1907 1907. november 17. Szegedy Albert a megyebizotts\u00e1gi tag 1910. november 13. Megyebizotts\u00e1gi tagv\u00e1laszt\u00e1s 1910. november 20. Megyebizotts\u00e1gi v\u00e1laszt\u00e1s.<\/p>\n","protected":false},"author":1,"featured_media":0,"parent":0,"menu_order":0,"comment_status":"closed","ping_status":"closed","template":"","meta":{"footnotes":""},"class_list":["post-7696","page","type-page","status-publish","hentry"],"_links":{"self":[{"href":"https:\/\/rakosliget.hu\/wordpress\/index.php\/wp-json\/wp\/v2\/pages\/7696","targetHints":{"allow":["GET"]}}],"collection":[{"href":"https:\/\/rakosliget.hu\/wordpress\/index.php\/wp-json\/wp\/v2\/pages"}],"about":[{"href":"https:\/\/rakosliget.hu\/wordpress\/index.php\/wp-json\/wp\/v2\/types\/page"}],"author":[{"embeddable":true,"href":"https:\/\/rakosliget.hu\/wordpress\/index.php\/wp-json\/wp\/v2\/users\/1"}],"replies":[{"embeddable":true,"href":"https:\/\/rakosliget.hu\/wordpress\/index.php\/wp-json\/wp\/v2\/comments?post=7696"}],"version-history":[{"count":4,"href":"https:\/\/rakosliget.hu\/wordpress\/index.php\/wp-json\/wp\/v2\/pages\/7696\/revisions"}],"predecessor-version":[{"id":7761,"href":"https:\/\/rakosliget.hu\/wordpress\/index.php\/wp-json\/wp\/v2\/pages\/7696\/revisions\/7761"}],"wp:attachment":[{"href":"https:\/\/rakosliget.hu\/wordpress\/index.php\/wp-json\/wp\/v2\/media?parent=7696"}],"curies":[{"name":"wp","href":"https:\/\/api.w.org\/{rel}","templated":true}]}}

MEGYEBIZOTTSÁGI TAGOK

<p><em>Az oldal indult: 2020. 11. 22.</em></p>



<h2 class="wp-block-heading">1907</h2>



<div class="wp-block-media-text alignwide is-stacked-on-mobile"><figure class="wp-block-media-text__media"><a href="http://rakosliget.hu/wordpress/wp-content/uploads/2020/11/megybizottsagi-tag-valasztaa-1907.jpg"><img loading="lazy" decoding="async" width="678" height="219" src="http://rakosliget.hu/wordpress/wp-content/uploads/2020/11/megybizottsagi-tag-valasztaa-1907.jpg" alt="" class="wp-image-7698" srcset="https://rakosliget.hu/wordpress/wp-content/uploads/2020/11/megybizottsagi-tag-valasztaa-1907.jpg 678w, https://rakosliget.hu/wordpress/wp-content/uploads/2020/11/megybizottsagi-tag-valasztaa-1907-300x97.jpg 300w" sizes="auto, (max-width: 678px) 100vw, 678px" /></a></figure><div class="wp-block-media-text__content">
<p><strong>1907. november 17.</strong> <br>Szegedy Albert a megyebizottsági tag</p>
</div></div>



<div class="wp-block-media-text alignwide is-stacked-on-mobile"><figure class="wp-block-media-text__media"><a href="http://rakosliget.hu/wordpress/wp-content/uploads/2020/11/megyebizottsag-1910.jpg"><img loading="lazy" decoding="async" width="744" height="1024" src="http://rakosliget.hu/wordpress/wp-content/uploads/2020/11/megyebizottsag-1910-744x1024.jpg" alt="" class="wp-image-7757" srcset="https://rakosliget.hu/wordpress/wp-content/uploads/2020/11/megyebizottsag-1910-744x1024.jpg 744w, https://rakosliget.hu/wordpress/wp-content/uploads/2020/11/megyebizottsag-1910-218x300.jpg 218w, https://rakosliget.hu/wordpress/wp-content/uploads/2020/11/megyebizottsag-1910-768x1057.jpg 768w, https://rakosliget.hu/wordpress/wp-content/uploads/2020/11/megyebizottsag-1910-1116x1536.jpg 1116w, https://rakosliget.hu/wordpress/wp-content/uploads/2020/11/megyebizottsag-1910.jpg 1421w" sizes="auto, (max-width: 744px) 100vw, 744px" /></a></figure><div class="wp-block-media-text__content">
<p><strong>1910. november 13.</strong> <br>Megyebizottsági tagválasztás</p>
</div></div>



<div class="wp-block-media-text alignwide is-stacked-on-mobile"><figure class="wp-block-media-text__media"><a href="http://rakosliget.hu/wordpress/wp-content/uploads/2020/11/megybizottsagi-tag-valasztaa-1910.jpg"><img loading="lazy" decoding="async" width="678" height="219" src="http://rakosliget.hu/wordpress/wp-content/uploads/2020/11/megybizottsagi-tag-valasztaa-1910.jpg" alt="" class="wp-image-7760" srcset="https://rakosliget.hu/wordpress/wp-content/uploads/2020/11/megybizottsagi-tag-valasztaa-1910.jpg 678w, https://rakosliget.hu/wordpress/wp-content/uploads/2020/11/megybizottsagi-tag-valasztaa-1910-300x97.jpg 300w" sizes="auto, (max-width: 678px) 100vw, 678px" /></a></figure><div class="wp-block-media-text__content">
<p><strong>1910. november 20.</strong> <br>Megyebizottsági választás.</p>
</div></div>



<p> </p>

<p>Az oldal indult: 2020. 11. 22. 1907 1907. november 17. Szegedy Albert a megyebizottsági tag 1910. november 13. Megyebizottsági tagválasztás 1910. november 20. Megyebizottsági választás.</p>
