{"id":7546,"date":"2020-11-21T06:01:31","date_gmt":"2020-11-21T05:01:31","guid":{"rendered":"http:\/\/rakosliget.hu\/wordpress\/?page_id=7546"},"modified":"2025-03-07T13:09:58","modified_gmt":"2025-03-07T12:09:58","slug":"magyar-compass","status":"publish","type":"page","link":"https:\/\/rakosliget.hu\/wordpress\/index.php\/magyar-compass\/","title":{"rendered":"MAGYAR COMPASS"},"content":{"rendered":"\n<p><a href=\"https:\/\/rakosliget.hu\/wordpress\/index.php\/rakosliget-a-korabeli-hirekben\/\">Vissza a SAJT\u00d3H\u00cdREK lapra<\/a><\/p>\n\n\n\n<figure class=\"wp-block-gallery has-nested-images columns-2 is-cropped wp-block-gallery-1 is-layout-flex wp-block-gallery-is-layout-flex\">\n<figure class=\"wp-block-image size-full\"><img loading=\"lazy\" decoding=\"async\" width=\"1183\" height=\"113\" data-id=\"7550\" src=\"https:\/\/rakosliget.hu\/wordpress\/wp-content\/uploads\/2020\/11\/Magyar-compass_1898.jpg\" alt=\"\" class=\"wp-image-7550\" srcset=\"https:\/\/rakosliget.hu\/wordpress\/wp-content\/uploads\/2020\/11\/Magyar-compass_1898.jpg 1183w, https:\/\/rakosliget.hu\/wordpress\/wp-content\/uploads\/2020\/11\/Magyar-compass_1898-300x29.jpg 300w, https:\/\/rakosliget.hu\/wordpress\/wp-content\/uploads\/2020\/11\/Magyar-compass_1898-1024x98.jpg 1024w, https:\/\/rakosliget.hu\/wordpress\/wp-content\/uploads\/2020\/11\/Magyar-compass_1898-768x73.jpg 768w\" sizes=\"auto, (max-width: 1183px) 100vw, 1183px\" \/><figcaption class=\"wp-element-caption\"><a href=\"http:\/\/rakosliget.hu\/wordpress\/wp-content\/uploads\/2020\/11\/Magyar-compass_1898.jpg\">1898<\/a><\/figcaption><\/figure>\n\n\n\n<figure class=\"wp-block-image size-full\"><img loading=\"lazy\" decoding=\"async\" width=\"1205\" height=\"832\" data-id=\"7551\" src=\"https:\/\/rakosliget.hu\/wordpress\/wp-content\/uploads\/2020\/11\/Magyar-Compass_1907.jpg\" alt=\"\" class=\"wp-image-7551\" srcset=\"https:\/\/rakosliget.hu\/wordpress\/wp-content\/uploads\/2020\/11\/Magyar-Compass_1907.jpg 1205w, https:\/\/rakosliget.hu\/wordpress\/wp-content\/uploads\/2020\/11\/Magyar-Compass_1907-300x207.jpg 300w, https:\/\/rakosliget.hu\/wordpress\/wp-content\/uploads\/2020\/11\/Magyar-Compass_1907-1024x707.jpg 1024w, https:\/\/rakosliget.hu\/wordpress\/wp-content\/uploads\/2020\/11\/Magyar-Compass_1907-768x530.jpg 768w\" sizes=\"auto, (max-width: 1205px) 100vw, 1205px\" \/><figcaption class=\"wp-element-caption\"><a href=\"http:\/\/rakosliget.hu\/wordpress\/wp-content\/uploads\/2020\/11\/Magyar-Compass_1907.jpg\">1907<\/a><\/figcaption><\/figure>\n\n\n\n<figure class=\"wp-block-image size-full\"><img loading=\"lazy\" decoding=\"async\" width=\"1201\" height=\"682\" data-id=\"7552\" src=\"https:\/\/rakosliget.hu\/wordpress\/wp-content\/uploads\/2020\/11\/MagyarCompass_1913.jpg\" alt=\"\" class=\"wp-image-7552\" srcset=\"https:\/\/rakosliget.hu\/wordpress\/wp-content\/uploads\/2020\/11\/MagyarCompass_1913.jpg 1201w, https:\/\/rakosliget.hu\/wordpress\/wp-content\/uploads\/2020\/11\/MagyarCompass_1913-300x170.jpg 300w, https:\/\/rakosliget.hu\/wordpress\/wp-content\/uploads\/2020\/11\/MagyarCompass_1913-1024x581.jpg 1024w, https:\/\/rakosliget.hu\/wordpress\/wp-content\/uploads\/2020\/11\/MagyarCompass_1913-768x436.jpg 768w\" sizes=\"auto, (max-width: 1201px) 100vw, 1201px\" \/><figcaption class=\"wp-element-caption\"><a href=\"http:\/\/rakosliget.hu\/wordpress\/wp-content\/uploads\/2020\/11\/MagyarCompass_1913.jpg\">1913<\/a><\/figcaption><\/figure>\n\n\n\n<figure class=\"wp-block-image size-full\"><img loading=\"lazy\" decoding=\"async\" width=\"1212\" height=\"663\" data-id=\"7553\" src=\"https:\/\/rakosliget.hu\/wordpress\/wp-content\/uploads\/2020\/11\/MagyarCompass_1914.jpg\" alt=\"\" class=\"wp-image-7553\" srcset=\"https:\/\/rakosliget.hu\/wordpress\/wp-content\/uploads\/2020\/11\/MagyarCompass_1914.jpg 1212w, https:\/\/rakosliget.hu\/wordpress\/wp-content\/uploads\/2020\/11\/MagyarCompass_1914-300x164.jpg 300w, https:\/\/rakosliget.hu\/wordpress\/wp-content\/uploads\/2020\/11\/MagyarCompass_1914-1024x560.jpg 1024w, https:\/\/rakosliget.hu\/wordpress\/wp-content\/uploads\/2020\/11\/MagyarCompass_1914-768x420.jpg 768w\" sizes=\"auto, (max-width: 1212px) 100vw, 1212px\" \/><figcaption class=\"wp-element-caption\"><a href=\"http:\/\/rakosliget.hu\/wordpress\/wp-content\/uploads\/2020\/11\/MagyarCompass_1914.jpg\">1914<\/a><\/figcaption><\/figure>\n<\/figure>\n\n\n\n<p><a href=\"https:\/\/rakosliget.hu\/wordpress\/index.php\/rakosliget-a-korabeli-hirekben\/\">Vissza a SAJT\u00d3H\u00cdREK lapra<\/a><\/p>\n","protected":false},"excerpt":{"rendered":"<p>Vissza a SAJT\u00d3H\u00cdREK lapra Vissza a SAJT\u00d3H\u00cdREK lapra<\/p>\n","protected":false},"author":1,"featured_media":7548,"parent":0,"menu_order":0,"comment_status":"closed","ping_status":"closed","template":"","meta":{"footnotes":""},"class_list":["post-7546","page","type-page","status-publish","has-post-thumbnail","hentry"],"_links":{"self":[{"href":"https:\/\/rakosliget.hu\/wordpress\/index.php\/wp-json\/wp\/v2\/pages\/7546","targetHints":{"allow":["GET"]}}],"collection":[{"href":"https:\/\/rakosliget.hu\/wordpress\/index.php\/wp-json\/wp\/v2\/pages"}],"about":[{"href":"https:\/\/rakosliget.hu\/wordpress\/index.php\/wp-json\/wp\/v2\/types\/page"}],"author":[{"embeddable":true,"href":"https:\/\/rakosliget.hu\/wordpress\/index.php\/wp-json\/wp\/v2\/users\/1"}],"replies":[{"embeddable":true,"href":"https:\/\/rakosliget.hu\/wordpress\/index.php\/wp-json\/wp\/v2\/comments?post=7546"}],"version-history":[{"count":5,"href":"https:\/\/rakosliget.hu\/wordpress\/index.php\/wp-json\/wp\/v2\/pages\/7546\/revisions"}],"predecessor-version":[{"id":16714,"href":"https:\/\/rakosliget.hu\/wordpress\/index.php\/wp-json\/wp\/v2\/pages\/7546\/revisions\/16714"}],"wp:featuredmedia":[{"embeddable":true,"href":"https:\/\/rakosliget.hu\/wordpress\/index.php\/wp-json\/wp\/v2\/media\/7548"}],"wp:attachment":[{"href":"https:\/\/rakosliget.hu\/wordpress\/index.php\/wp-json\/wp\/v2\/media?parent=7546"}],"curies":[{"name":"wp","href":"https:\/\/api.w.org\/{rel}","templated":true}]}}