{"id":7501,"date":"2020-11-20T06:27:23","date_gmt":"2020-11-20T05:27:23","guid":{"rendered":"http:\/\/rakosliget.hu\/wordpress\/?page_id=7501"},"modified":"2025-11-09T11:25:02","modified_gmt":"2025-11-09T10:25:02","slug":"kisujsag","status":"publish","type":"page","link":"https:\/\/rakosliget.hu\/wordpress\/index.php\/kisujsag\/","title":{"rendered":"KIS UJS\u00c1G"},"content":{"rendered":"\n<p><a href=\"https:\/\/rakosliget.hu\/wordpress\/index.php\/rakosliget-a-korabeli-hirekben\/\">Vissza a SAJT\u00d3H\u00cdREK lapra<\/a><\/p>\n\n\n\n<h2 class=\"wp-block-heading\">1934 <\/h2>\n\n\n\n<figure class=\"wp-block-image size-large\"><img loading=\"lazy\" decoding=\"async\" width=\"535\" height=\"1024\" src=\"https:\/\/rakosliget.hu\/wordpress\/wp-content\/uploads\/2022\/09\/Kis-Ujsag-1934_05_08_-535x1024.jpg\" alt=\"\" class=\"wp-image-10307\" srcset=\"https:\/\/rakosliget.hu\/wordpress\/wp-content\/uploads\/2022\/09\/Kis-Ujsag-1934_05_08_-535x1024.jpg 535w, https:\/\/rakosliget.hu\/wordpress\/wp-content\/uploads\/2022\/09\/Kis-Ujsag-1934_05_08_-157x300.jpg 157w, https:\/\/rakosliget.hu\/wordpress\/wp-content\/uploads\/2022\/09\/Kis-Ujsag-1934_05_08_-768x1469.jpg 768w, https:\/\/rakosliget.hu\/wordpress\/wp-content\/uploads\/2022\/09\/Kis-Ujsag-1934_05_08_-803x1536.jpg 803w, https:\/\/rakosliget.hu\/wordpress\/wp-content\/uploads\/2022\/09\/Kis-Ujsag-1934_05_08_-1071x2048.jpg 1071w, https:\/\/rakosliget.hu\/wordpress\/wp-content\/uploads\/2022\/09\/Kis-Ujsag-1934_05_08_-scaled.jpg 1339w\" sizes=\"auto, (max-width: 535px) 100vw, 535px\" \/><\/figure>\n\n\n\n<h2 class=\"wp-block-heading\">1937<\/h2>\n\n\n<div class=\"wp-block-image\">\n<figure class=\"aligncenter size-large\"><img loading=\"lazy\" decoding=\"async\" width=\"2048\" height=\"2082\" src=\"https:\/\/rakosliget.hu\/wordpress\/wp-content\/uploads\/2025\/11\/Kundrath-halala-2048x2082.jpg\" alt=\"\" class=\"wp-image-18941\" srcset=\"https:\/\/rakosliget.hu\/wordpress\/wp-content\/uploads\/2025\/11\/Kundrath-halala-2048x2082.jpg 2048w, https:\/\/rakosliget.hu\/wordpress\/wp-content\/uploads\/2025\/11\/Kundrath-halala-295x300.jpg 295w, https:\/\/rakosliget.hu\/wordpress\/wp-content\/uploads\/2025\/11\/Kundrath-halala-768x781.jpg 768w, https:\/\/rakosliget.hu\/wordpress\/wp-content\/uploads\/2025\/11\/Kundrath-halala-1511x1536.jpg 1511w, https:\/\/rakosliget.hu\/wordpress\/wp-content\/uploads\/2025\/11\/Kundrath-halala-2014x2048.jpg 2014w\" sizes=\"auto, (max-width: 2048px) 100vw, 2048px\" \/><figcaption class=\"wp-element-caption\">1937. 01.09. Kundr\u00e1th Gyula \u00f6ngyilkoss\u00e1ga.<\/figcaption><\/figure>\n<\/div>\n\n<div class=\"wp-block-image\">\n<figure class=\"aligncenter size-full\"><img loading=\"lazy\" decoding=\"async\" width=\"567\" height=\"2560\" src=\"https:\/\/rakosliget.hu\/wordpress\/wp-content\/uploads\/2025\/11\/Levai-cikk-kundrath-scaled.jpg\" alt=\"\" class=\"wp-image-18945\" srcset=\"https:\/\/rakosliget.hu\/wordpress\/wp-content\/uploads\/2025\/11\/Levai-cikk-kundrath-scaled.jpg 567w, https:\/\/rakosliget.hu\/wordpress\/wp-content\/uploads\/2025\/11\/Levai-cikk-kundrath-768x3468.jpg 768w, https:\/\/rakosliget.hu\/wordpress\/wp-content\/uploads\/2025\/11\/Levai-cikk-kundrath-340x1536.jpg 340w\" sizes=\"auto, (max-width: 567px) 100vw, 567px\" \/><figcaption class=\"wp-element-caption\">1937. 01. 10. L\u00e9vai Jen\u0151 cikke Kundr\u00e1th Gyula hal\u00e1la kapcs\u00e1n.<\/figcaption><\/figure>\n<\/div>\n\n\n<p><a href=\"https:\/\/rakosliget.hu\/wordpress\/index.php\/rakosliget-a-korabeli-hirekben\/\">Vissza a SAJT\u00d3H\u00cdREK lapra<\/a><\/p>\n","protected":false},"excerpt":{"rendered":"<p>Vissza a SAJT\u00d3H\u00cdREK lapra 1934 1937 Vissza a SAJT\u00d3H\u00cdREK lapra<\/p>\n","protected":false},"author":1,"featured_media":7504,"parent":0,"menu_order":0,"comment_status":"closed","ping_status":"closed","template":"","meta":{"footnotes":""},"class_list":["post-7501","page","type-page","status-publish","has-post-thumbnail","hentry"],"_links":{"self":[{"href":"https:\/\/rakosliget.hu\/wordpress\/index.php\/wp-json\/wp\/v2\/pages\/7501","targetHints":{"allow":["GET"]}}],"collection":[{"href":"https:\/\/rakosliget.hu\/wordpress\/index.php\/wp-json\/wp\/v2\/pages"}],"about":[{"href":"https:\/\/rakosliget.hu\/wordpress\/index.php\/wp-json\/wp\/v2\/types\/page"}],"author":[{"embeddable":true,"href":"https:\/\/rakosliget.hu\/wordpress\/index.php\/wp-json\/wp\/v2\/users\/1"}],"replies":[{"embeddable":true,"href":"https:\/\/rakosliget.hu\/wordpress\/index.php\/wp-json\/wp\/v2\/comments?post=7501"}],"version-history":[{"count":6,"href":"https:\/\/rakosliget.hu\/wordpress\/index.php\/wp-json\/wp\/v2\/pages\/7501\/revisions"}],"predecessor-version":[{"id":18946,"href":"https:\/\/rakosliget.hu\/wordpress\/index.php\/wp-json\/wp\/v2\/pages\/7501\/revisions\/18946"}],"wp:featuredmedia":[{"embeddable":true,"href":"https:\/\/rakosliget.hu\/wordpress\/index.php\/wp-json\/wp\/v2\/media\/7504"}],"wp:attachment":[{"href":"https:\/\/rakosliget.hu\/wordpress\/index.php\/wp-json\/wp\/v2\/media?parent=7501"}],"curies":[{"name":"wp","href":"https:\/\/api.w.org\/{rel}","templated":true}]}}