{"id":6856,"date":"2020-11-14T19:44:30","date_gmt":"2020-11-14T18:44:30","guid":{"rendered":"http:\/\/rakosliget.hu\/wordpress\/?page_id=6856"},"modified":"2025-03-07T12:21:03","modified_gmt":"2025-03-07T11:21:03","slug":"budapesti-naplo","status":"publish","type":"page","link":"https:\/\/rakosliget.hu\/wordpress\/index.php\/budapesti-naplo\/","title":{"rendered":"BUDAPESTI NAPL\u00d3"},"content":{"rendered":"\n<p><a href=\"https:\/\/rakosliget.hu\/wordpress\/index.php\/rakosliget-a-korabeli-hirekben\/\">Vissza a SAJT\u00d3H\u00cdREK lapra<\/a><\/p>\n\n\n<h3>1898<\/h3>\n<\/p>\n\n\n<div class=\"wp-block-media-text alignwide is-stacked-on-mobile\"><figure class=\"wp-block-media-text__media\"><a href=\"http:\/\/rakosliget.hu\/wordpress\/wp-content\/uploads\/2020\/11\/1899_januar-vendeglo-kavehaz-terv.jpg\"><img loading=\"lazy\" decoding=\"async\" width=\"541\" height=\"418\" src=\"http:\/\/rakosliget.hu\/wordpress\/wp-content\/uploads\/2020\/11\/1899_januar-vendeglo-kavehaz-terv.jpg\" alt=\"\" class=\"wp-image-7490\" srcset=\"https:\/\/rakosliget.hu\/wordpress\/wp-content\/uploads\/2020\/11\/1899_januar-vendeglo-kavehaz-terv.jpg 541w, https:\/\/rakosliget.hu\/wordpress\/wp-content\/uploads\/2020\/11\/1899_januar-vendeglo-kavehaz-terv-300x232.jpg 300w\" sizes=\"auto, (max-width: 541px) 100vw, 541px\" \/><\/a><\/figure><div class=\"wp-block-media-text__content\">\n\n<p><strong>1899. janu\u00e1r 29.<\/strong> Vend\u00e9gl\u0151 \u00e9s k\u00e1v\u00e9h\u00e1z. Budapesti Napl\u00f3<\/p>\n\n<\/div><\/div>\n\n\n<\/p>\n<h3>1903<\/h3>\n\n<div class=\"wp-block-image\">\n<figure class=\"aligncenter size-large\"><a href=\"http:\/\/rakosliget.hu\/wordpress\/wp-content\/uploads\/2020\/11\/1903-aprilis-7-nyaralok-kiadasa-hirdetes.jpg\"><img loading=\"lazy\" decoding=\"async\" width=\"266\" height=\"323\" src=\"http:\/\/rakosliget.hu\/wordpress\/wp-content\/uploads\/2020\/11\/1903-aprilis-7-nyaralok-kiadasa-hirdetes.jpg\" alt=\"\" class=\"wp-image-6858\" srcset=\"https:\/\/rakosliget.hu\/wordpress\/wp-content\/uploads\/2020\/11\/1903-aprilis-7-nyaralok-kiadasa-hirdetes.jpg 266w, https:\/\/rakosliget.hu\/wordpress\/wp-content\/uploads\/2020\/11\/1903-aprilis-7-nyaralok-kiadasa-hirdetes-247x300.jpg 247w\" sizes=\"auto, (max-width: 266px) 100vw, 266px\" \/><\/a><figcaption class=\"wp-element-caption\">1903. \u00e1prilis. 7.<\/figcaption><\/figure>\n<\/div>\n\n<div class=\"wp-block-image\">\n<figure class=\"aligncenter size-large\"><img loading=\"lazy\" decoding=\"async\" width=\"622\" height=\"239\" src=\"http:\/\/rakosliget.hu\/wordpress\/wp-content\/uploads\/2020\/11\/1903-augusaztus-9-Wlassics-miniszter-templom-vednok-.jpg\" alt=\"\" class=\"wp-image-6862\" srcset=\"https:\/\/rakosliget.hu\/wordpress\/wp-content\/uploads\/2020\/11\/1903-augusaztus-9-Wlassics-miniszter-templom-vednok-.jpg 622w, https:\/\/rakosliget.hu\/wordpress\/wp-content\/uploads\/2020\/11\/1903-augusaztus-9-Wlassics-miniszter-templom-vednok--300x115.jpg 300w\" sizes=\"auto, (max-width: 622px) 100vw, 622px\" \/><figcaption class=\"wp-element-caption\">Wlassics minisztern\u00e9l a katolikus h\u00edvek. 1903. augusztus 09.<\/figcaption><\/figure>\n<\/div>\n\n\n<div class=\"wp-block-media-text alignwide is-stacked-on-mobile\"><figure class=\"wp-block-media-text__media\"><a href=\"http:\/\/rakosliget.hu\/wordpress\/wp-content\/uploads\/2020\/11\/1903augusztus-24-vasut-godollo-meheszet-megallo-nyit.jpg\"><img loading=\"lazy\" decoding=\"async\" width=\"645\" height=\"380\" src=\"http:\/\/rakosliget.hu\/wordpress\/wp-content\/uploads\/2020\/11\/1903augusztus-24-vasut-godollo-meheszet-megallo-nyit.jpg\" alt=\"\" class=\"wp-image-8001\" srcset=\"https:\/\/rakosliget.hu\/wordpress\/wp-content\/uploads\/2020\/11\/1903augusztus-24-vasut-godollo-meheszet-megallo-nyit.jpg 645w, https:\/\/rakosliget.hu\/wordpress\/wp-content\/uploads\/2020\/11\/1903augusztus-24-vasut-godollo-meheszet-megallo-nyit-300x177.jpg 300w\" sizes=\"auto, (max-width: 645px) 100vw, 645px\" \/><\/a><\/figure><div class=\"wp-block-media-text__content\">\n\n<p><strong>1903. augusztus 24.<\/strong><br>Vas\u00fath\u00edr.<\/p>\n\n<\/div><\/div>\n\n\n\n<p><\/p>\n\n\n\n<h2 class=\"wp-block-heading\">1904<\/h2>\n\n\n<div class=\"wp-block-image\">\n<figure class=\"aligncenter size-large\"><img loading=\"lazy\" decoding=\"async\" width=\"262\" height=\"241\" src=\"http:\/\/rakosliget.hu\/wordpress\/wp-content\/uploads\/2020\/11\/1904-majus28-munkas-otthon-haz-hirdetes.jpg\" alt=\"\" class=\"wp-image-6868\"\/><figcaption class=\"wp-element-caption\">R\u00e1kosliget nyaral\u00f3k. 1904 . m\u00e1jus 28. <\/figcaption><\/figure>\n<\/div>\n\n\n<figure class=\"wp-block-image size-large\"><a href=\"http:\/\/rakosliget.hu\/wordpress\/wp-content\/uploads\/2020\/11\/1904-marcius-15-ref-templom-mulatsag.jpg\"><img loading=\"lazy\" decoding=\"async\" width=\"612\" height=\"218\" src=\"http:\/\/rakosliget.hu\/wordpress\/wp-content\/uploads\/2020\/11\/1904-marcius-15-ref-templom-mulatsag.jpg\" alt=\"\" class=\"wp-image-6870\" srcset=\"https:\/\/rakosliget.hu\/wordpress\/wp-content\/uploads\/2020\/11\/1904-marcius-15-ref-templom-mulatsag.jpg 612w, https:\/\/rakosliget.hu\/wordpress\/wp-content\/uploads\/2020\/11\/1904-marcius-15-ref-templom-mulatsag-300x107.jpg 300w\" sizes=\"auto, (max-width: 612px) 100vw, 612px\" \/><\/a><figcaption class=\"wp-element-caption\">1904. m\u00e1rcius 15. <\/figcaption><\/figure>\n\n\n\n<div class=\"wp-block-media-text alignwide is-stacked-on-mobile\"><figure class=\"wp-block-media-text__media\"><a href=\"http:\/\/rakosliget.hu\/wordpress\/wp-content\/uploads\/2020\/11\/1904-augusztus-9-Stumpf-athelyezes-iskola.jpg\"><img loading=\"lazy\" decoding=\"async\" width=\"559\" height=\"171\" src=\"http:\/\/rakosliget.hu\/wordpress\/wp-content\/uploads\/2020\/11\/1904-augusztus-9-Stumpf-athelyezes-iskola.jpg\" alt=\"\" class=\"wp-image-6865\" srcset=\"https:\/\/rakosliget.hu\/wordpress\/wp-content\/uploads\/2020\/11\/1904-augusztus-9-Stumpf-athelyezes-iskola.jpg 559w, https:\/\/rakosliget.hu\/wordpress\/wp-content\/uploads\/2020\/11\/1904-augusztus-9-Stumpf-athelyezes-iskola-300x92.jpg 300w\" sizes=\"auto, (max-width: 559px) 100vw, 559px\" \/><\/a><\/figure><div class=\"wp-block-media-text__content\">\n\n<p><strong>1904. augusztus 9.<\/strong><br>Stumpf M\u00e1ria \u00e1thelyez\u00e9se az elemi iskol\u00e1b\u00f3l.<\/p>\n\n<\/div><\/div>\n\n\n\n<div class=\"wp-block-media-text alignwide is-stacked-on-mobile\"><figure class=\"wp-block-media-text__media\"><a href=\"http:\/\/rakosliget.hu\/wordpress\/wp-content\/uploads\/2020\/11\/1904-majus28-munkas-otthon-haz-hirdetes.jpg\"><img loading=\"lazy\" decoding=\"async\" width=\"262\" height=\"241\" src=\"http:\/\/rakosliget.hu\/wordpress\/wp-content\/uploads\/2020\/11\/1904-majus28-munkas-otthon-haz-hirdetes.jpg\" alt=\"\" class=\"wp-image-6868\"\/><\/a><\/figure><div class=\"wp-block-media-text__content\">\n\n<p><strong>1904. m\u00e1jus 28.<\/strong><br>R\u00e1kosligeti nyaral\u00f3.<\/p>\n\n<\/div><\/div>\n\n\n\n<div class=\"wp-block-media-text alignwide is-stacked-on-mobile\"><figure class=\"wp-block-media-text__media\"><a href=\"http:\/\/rakosliget.hu\/wordpress\/wp-content\/uploads\/2020\/11\/1904-marcius-15-ref-templom-mulatsag.jpg\"><img loading=\"lazy\" decoding=\"async\" width=\"612\" height=\"218\" src=\"http:\/\/rakosliget.hu\/wordpress\/wp-content\/uploads\/2020\/11\/1904-marcius-15-ref-templom-mulatsag.jpg\" alt=\"\" class=\"wp-image-6870\" srcset=\"https:\/\/rakosliget.hu\/wordpress\/wp-content\/uploads\/2020\/11\/1904-marcius-15-ref-templom-mulatsag.jpg 612w, https:\/\/rakosliget.hu\/wordpress\/wp-content\/uploads\/2020\/11\/1904-marcius-15-ref-templom-mulatsag-300x107.jpg 300w\" sizes=\"auto, (max-width: 612px) 100vw, 612px\" \/><\/a><\/figure><div class=\"wp-block-media-text__content\">\n\n<p><strong>1904. m\u00e1rcius 15.<\/strong><br>Evang\u00e9likus templom jav\u00e1ra rendezett mulats\u00e1g.<\/p>\n\n<\/div><\/div>\n\n\n\n<div class=\"wp-block-media-text alignwide is-stacked-on-mobile\"><figure class=\"wp-block-media-text__media\"><a href=\"http:\/\/rakosliget.hu\/wordpress\/wp-content\/uploads\/2020\/11\/1904-marcius-17-ovonoi-kinevezes.jpg\"><img loading=\"lazy\" decoding=\"async\" width=\"622\" height=\"285\" src=\"http:\/\/rakosliget.hu\/wordpress\/wp-content\/uploads\/2020\/11\/1904-marcius-17-ovonoi-kinevezes.jpg\" alt=\"\" class=\"wp-image-8006\" srcset=\"https:\/\/rakosliget.hu\/wordpress\/wp-content\/uploads\/2020\/11\/1904-marcius-17-ovonoi-kinevezes.jpg 622w, https:\/\/rakosliget.hu\/wordpress\/wp-content\/uploads\/2020\/11\/1904-marcius-17-ovonoi-kinevezes-300x137.jpg 300w\" sizes=\"auto, (max-width: 622px) 100vw, 622px\" \/><\/a><\/figure><div class=\"wp-block-media-text__content\">\n\n<p><strong>1904. m\u00e1rcius 17.<\/strong><br>\u00d3v\u00f3n\u0151i kinevez\u00e9s.<\/p>\n\n<\/div><\/div>\n\n\n\n<div class=\"wp-block-media-text alignwide is-stacked-on-mobile\"><figure class=\"wp-block-media-text__media\"><a href=\"http:\/\/rakosliget.hu\/wordpress\/wp-content\/uploads\/2020\/11\/1904marcius-22-nevmagyaritas-Oravecz.jpg\"><img loading=\"lazy\" decoding=\"async\" width=\"623\" height=\"362\" src=\"http:\/\/rakosliget.hu\/wordpress\/wp-content\/uploads\/2020\/11\/1904marcius-22-nevmagyaritas-Oravecz.jpg\" alt=\"\" class=\"wp-image-8008\" srcset=\"https:\/\/rakosliget.hu\/wordpress\/wp-content\/uploads\/2020\/11\/1904marcius-22-nevmagyaritas-Oravecz.jpg 623w, https:\/\/rakosliget.hu\/wordpress\/wp-content\/uploads\/2020\/11\/1904marcius-22-nevmagyaritas-Oravecz-300x174.jpg 300w\" sizes=\"auto, (max-width: 623px) 100vw, 623px\" \/><\/a><\/figure><div class=\"wp-block-media-text__content\">\n\n<p><strong>1904. m\u00e1rcius 22. <\/strong><br>N\u00e9vmagyaros\u00edt\u00e1s<\/p>\n\n<\/div><\/div>\n\n\n\n<p><a href=\"https:\/\/rakosliget.hu\/wordpress\/index.php\/rakosliget-a-korabeli-hirekben\/\">Vissza a SAJT\u00d3H\u00cdREK lapra<\/a><\/p>\n","protected":false},"excerpt":{"rendered":"<p>Vissza a SAJT\u00d3H\u00cdREK lapra 1898 1899. janu\u00e1r 29. Vend\u00e9gl\u0151 \u00e9s k\u00e1v\u00e9h\u00e1z. Budapesti Napl\u00f3 1903 1903. augusztus 24.Vas\u00fath\u00edr. 1904 1904. augusztus 9.Stumpf M\u00e1ria \u00e1thelyez\u00e9se az elemi iskol\u00e1b\u00f3l. 1904. m\u00e1jus 28.R\u00e1kosligeti nyaral\u00f3. 1904. m\u00e1rcius 15.Evang\u00e9likus templom jav\u00e1ra rendezett mulats\u00e1g. 1904. m\u00e1rcius 17.\u00d3v\u00f3n\u0151i kinevez\u00e9s. 1904. m\u00e1rcius 22. N\u00e9vmagyaros\u00edt\u00e1s Vissza a SAJT\u00d3H\u00cdREK lapra<\/p>\n","protected":false},"author":1,"featured_media":7532,"parent":0,"menu_order":0,"comment_status":"closed","ping_status":"closed","template":"","meta":{"footnotes":""},"class_list":["post-6856","page","type-page","status-publish","has-post-thumbnail","hentry"],"_links":{"self":[{"href":"https:\/\/rakosliget.hu\/wordpress\/index.php\/wp-json\/wp\/v2\/pages\/6856","targetHints":{"allow":["GET"]}}],"collection":[{"href":"https:\/\/rakosliget.hu\/wordpress\/index.php\/wp-json\/wp\/v2\/pages"}],"about":[{"href":"https:\/\/rakosliget.hu\/wordpress\/index.php\/wp-json\/wp\/v2\/types\/page"}],"author":[{"embeddable":true,"href":"https:\/\/rakosliget.hu\/wordpress\/index.php\/wp-json\/wp\/v2\/users\/1"}],"replies":[{"embeddable":true,"href":"https:\/\/rakosliget.hu\/wordpress\/index.php\/wp-json\/wp\/v2\/comments?post=6856"}],"version-history":[{"count":14,"href":"https:\/\/rakosliget.hu\/wordpress\/index.php\/wp-json\/wp\/v2\/pages\/6856\/revisions"}],"predecessor-version":[{"id":16692,"href":"https:\/\/rakosliget.hu\/wordpress\/index.php\/wp-json\/wp\/v2\/pages\/6856\/revisions\/16692"}],"wp:featuredmedia":[{"embeddable":true,"href":"https:\/\/rakosliget.hu\/wordpress\/index.php\/wp-json\/wp\/v2\/media\/7532"}],"wp:attachment":[{"href":"https:\/\/rakosliget.hu\/wordpress\/index.php\/wp-json\/wp\/v2\/media?parent=6856"}],"curies":[{"name":"wp","href":"https:\/\/api.w.org\/{rel}","templated":true}]}}

BUDAPESTI NAPLÓ

<p><a href="https://rakosliget.hu/wordpress/index.php/rakosliget-a-korabeli-hirekben/">Vissza a SAJTÓHÍREK lapra</a></p>


<h3>1898</h3>
</p>


<div class="wp-block-media-text alignwide is-stacked-on-mobile"><figure class="wp-block-media-text__media"><a href="http://rakosliget.hu/wordpress/wp-content/uploads/2020/11/1899_januar-vendeglo-kavehaz-terv.jpg"><img loading="lazy" decoding="async" width="541" height="418" src="http://rakosliget.hu/wordpress/wp-content/uploads/2020/11/1899_januar-vendeglo-kavehaz-terv.jpg" alt="" class="wp-image-7490" srcset="https://rakosliget.hu/wordpress/wp-content/uploads/2020/11/1899_januar-vendeglo-kavehaz-terv.jpg 541w, https://rakosliget.hu/wordpress/wp-content/uploads/2020/11/1899_januar-vendeglo-kavehaz-terv-300x232.jpg 300w" sizes="auto, (max-width: 541px) 100vw, 541px" /></a></figure><div class="wp-block-media-text__content">

<p><strong>1899. január 29.</strong> Vendéglő és kávéház. Budapesti Napló</p>

</div></div>


</p>
<h3>1903</h3>

<div class="wp-block-image">
<figure class="aligncenter size-large"><a href="http://rakosliget.hu/wordpress/wp-content/uploads/2020/11/1903-aprilis-7-nyaralok-kiadasa-hirdetes.jpg"><img loading="lazy" decoding="async" width="266" height="323" src="http://rakosliget.hu/wordpress/wp-content/uploads/2020/11/1903-aprilis-7-nyaralok-kiadasa-hirdetes.jpg" alt="" class="wp-image-6858" srcset="https://rakosliget.hu/wordpress/wp-content/uploads/2020/11/1903-aprilis-7-nyaralok-kiadasa-hirdetes.jpg 266w, https://rakosliget.hu/wordpress/wp-content/uploads/2020/11/1903-aprilis-7-nyaralok-kiadasa-hirdetes-247x300.jpg 247w" sizes="auto, (max-width: 266px) 100vw, 266px" /></a><figcaption class="wp-element-caption">1903. április. 7.</figcaption></figure>
</div>

<div class="wp-block-image">
<figure class="aligncenter size-large"><img loading="lazy" decoding="async" width="622" height="239" src="http://rakosliget.hu/wordpress/wp-content/uploads/2020/11/1903-augusaztus-9-Wlassics-miniszter-templom-vednok-.jpg" alt="" class="wp-image-6862" srcset="https://rakosliget.hu/wordpress/wp-content/uploads/2020/11/1903-augusaztus-9-Wlassics-miniszter-templom-vednok-.jpg 622w, https://rakosliget.hu/wordpress/wp-content/uploads/2020/11/1903-augusaztus-9-Wlassics-miniszter-templom-vednok--300x115.jpg 300w" sizes="auto, (max-width: 622px) 100vw, 622px" /><figcaption class="wp-element-caption">Wlassics miniszternél a katolikus hívek. 1903. augusztus 09.</figcaption></figure>
</div>


<div class="wp-block-media-text alignwide is-stacked-on-mobile"><figure class="wp-block-media-text__media"><a href="http://rakosliget.hu/wordpress/wp-content/uploads/2020/11/1903augusztus-24-vasut-godollo-meheszet-megallo-nyit.jpg"><img loading="lazy" decoding="async" width="645" height="380" src="http://rakosliget.hu/wordpress/wp-content/uploads/2020/11/1903augusztus-24-vasut-godollo-meheszet-megallo-nyit.jpg" alt="" class="wp-image-8001" srcset="https://rakosliget.hu/wordpress/wp-content/uploads/2020/11/1903augusztus-24-vasut-godollo-meheszet-megallo-nyit.jpg 645w, https://rakosliget.hu/wordpress/wp-content/uploads/2020/11/1903augusztus-24-vasut-godollo-meheszet-megallo-nyit-300x177.jpg 300w" sizes="auto, (max-width: 645px) 100vw, 645px" /></a></figure><div class="wp-block-media-text__content">

<p><strong>1903. augusztus 24.</strong><br>Vasúthír.</p>

</div></div>



<p></p>



<h2 class="wp-block-heading">1904</h2>


<div class="wp-block-image">
<figure class="aligncenter size-large"><img loading="lazy" decoding="async" width="262" height="241" src="http://rakosliget.hu/wordpress/wp-content/uploads/2020/11/1904-majus28-munkas-otthon-haz-hirdetes.jpg" alt="" class="wp-image-6868"/><figcaption class="wp-element-caption">Rákosliget nyaralók. 1904 . május 28. </figcaption></figure>
</div>


<figure class="wp-block-image size-large"><a href="http://rakosliget.hu/wordpress/wp-content/uploads/2020/11/1904-marcius-15-ref-templom-mulatsag.jpg"><img loading="lazy" decoding="async" width="612" height="218" src="http://rakosliget.hu/wordpress/wp-content/uploads/2020/11/1904-marcius-15-ref-templom-mulatsag.jpg" alt="" class="wp-image-6870" srcset="https://rakosliget.hu/wordpress/wp-content/uploads/2020/11/1904-marcius-15-ref-templom-mulatsag.jpg 612w, https://rakosliget.hu/wordpress/wp-content/uploads/2020/11/1904-marcius-15-ref-templom-mulatsag-300x107.jpg 300w" sizes="auto, (max-width: 612px) 100vw, 612px" /></a><figcaption class="wp-element-caption">1904. március 15. </figcaption></figure>



<div class="wp-block-media-text alignwide is-stacked-on-mobile"><figure class="wp-block-media-text__media"><a href="http://rakosliget.hu/wordpress/wp-content/uploads/2020/11/1904-augusztus-9-Stumpf-athelyezes-iskola.jpg"><img loading="lazy" decoding="async" width="559" height="171" src="http://rakosliget.hu/wordpress/wp-content/uploads/2020/11/1904-augusztus-9-Stumpf-athelyezes-iskola.jpg" alt="" class="wp-image-6865" srcset="https://rakosliget.hu/wordpress/wp-content/uploads/2020/11/1904-augusztus-9-Stumpf-athelyezes-iskola.jpg 559w, https://rakosliget.hu/wordpress/wp-content/uploads/2020/11/1904-augusztus-9-Stumpf-athelyezes-iskola-300x92.jpg 300w" sizes="auto, (max-width: 559px) 100vw, 559px" /></a></figure><div class="wp-block-media-text__content">

<p><strong>1904. augusztus 9.</strong><br>Stumpf Mária áthelyezése az elemi iskolából.</p>

</div></div>



<div class="wp-block-media-text alignwide is-stacked-on-mobile"><figure class="wp-block-media-text__media"><a href="http://rakosliget.hu/wordpress/wp-content/uploads/2020/11/1904-majus28-munkas-otthon-haz-hirdetes.jpg"><img loading="lazy" decoding="async" width="262" height="241" src="http://rakosliget.hu/wordpress/wp-content/uploads/2020/11/1904-majus28-munkas-otthon-haz-hirdetes.jpg" alt="" class="wp-image-6868"/></a></figure><div class="wp-block-media-text__content">

<p><strong>1904. május 28.</strong><br>Rákosligeti nyaraló.</p>

</div></div>



<div class="wp-block-media-text alignwide is-stacked-on-mobile"><figure class="wp-block-media-text__media"><a href="http://rakosliget.hu/wordpress/wp-content/uploads/2020/11/1904-marcius-15-ref-templom-mulatsag.jpg"><img loading="lazy" decoding="async" width="612" height="218" src="http://rakosliget.hu/wordpress/wp-content/uploads/2020/11/1904-marcius-15-ref-templom-mulatsag.jpg" alt="" class="wp-image-6870" srcset="https://rakosliget.hu/wordpress/wp-content/uploads/2020/11/1904-marcius-15-ref-templom-mulatsag.jpg 612w, https://rakosliget.hu/wordpress/wp-content/uploads/2020/11/1904-marcius-15-ref-templom-mulatsag-300x107.jpg 300w" sizes="auto, (max-width: 612px) 100vw, 612px" /></a></figure><div class="wp-block-media-text__content">

<p><strong>1904. március 15.</strong><br>Evangélikus templom javára rendezett mulatság.</p>

</div></div>



<div class="wp-block-media-text alignwide is-stacked-on-mobile"><figure class="wp-block-media-text__media"><a href="http://rakosliget.hu/wordpress/wp-content/uploads/2020/11/1904-marcius-17-ovonoi-kinevezes.jpg"><img loading="lazy" decoding="async" width="622" height="285" src="http://rakosliget.hu/wordpress/wp-content/uploads/2020/11/1904-marcius-17-ovonoi-kinevezes.jpg" alt="" class="wp-image-8006" srcset="https://rakosliget.hu/wordpress/wp-content/uploads/2020/11/1904-marcius-17-ovonoi-kinevezes.jpg 622w, https://rakosliget.hu/wordpress/wp-content/uploads/2020/11/1904-marcius-17-ovonoi-kinevezes-300x137.jpg 300w" sizes="auto, (max-width: 622px) 100vw, 622px" /></a></figure><div class="wp-block-media-text__content">

<p><strong>1904. március 17.</strong><br>Óvónői kinevezés.</p>

</div></div>



<div class="wp-block-media-text alignwide is-stacked-on-mobile"><figure class="wp-block-media-text__media"><a href="http://rakosliget.hu/wordpress/wp-content/uploads/2020/11/1904marcius-22-nevmagyaritas-Oravecz.jpg"><img loading="lazy" decoding="async" width="623" height="362" src="http://rakosliget.hu/wordpress/wp-content/uploads/2020/11/1904marcius-22-nevmagyaritas-Oravecz.jpg" alt="" class="wp-image-8008" srcset="https://rakosliget.hu/wordpress/wp-content/uploads/2020/11/1904marcius-22-nevmagyaritas-Oravecz.jpg 623w, https://rakosliget.hu/wordpress/wp-content/uploads/2020/11/1904marcius-22-nevmagyaritas-Oravecz-300x174.jpg 300w" sizes="auto, (max-width: 623px) 100vw, 623px" /></a></figure><div class="wp-block-media-text__content">

<p><strong>1904. március 22. </strong><br>Névmagyarosítás</p>

</div></div>



<p><a href="https://rakosliget.hu/wordpress/index.php/rakosliget-a-korabeli-hirekben/">Vissza a SAJTÓHÍREK lapra</a></p>

<p>Vissza a SAJTÓHÍREK lapra 1898 1899. január 29. Vendéglő és kávéház. Budapesti Napló 1903 1903. augusztus 24.Vasúthír. 1904 1904. augusztus 9.Stumpf Mária áthelyezése az elemi iskolából. 1904. május 28.Rákosligeti nyaraló. 1904. március 15.Evangélikus templom javára rendezett mulatság. 1904. március 17.Óvónői kinevezés. 1904. március 22. Névmagyarosítás Vissza a SAJTÓHÍREK lapra</p>
