{"id":6837,"date":"2020-11-14T19:20:44","date_gmt":"2020-11-14T18:20:44","guid":{"rendered":"http:\/\/rakosliget.hu\/wordpress\/?page_id=6837"},"modified":"2026-01-17T17:39:56","modified_gmt":"2026-01-17T16:39:56","slug":"rakosligeti-takarekpenztar-rt","status":"publish","type":"page","link":"https:\/\/rakosliget.hu\/wordpress\/index.php\/rakosligeti-takarekpenztar-rt\/","title":{"rendered":"R\u00c1KOSLIGETI TAKAR\u00c9KP\u00c9NZT\u00c1R Rt."},"content":{"rendered":"\n<p><em>Az oldal friss\u00edtve: 2025.11.19.<\/em><\/p>\n\n\n\n<h3 class=\"wp-block-heading\"><a href=\"https:\/\/rakosliget.hu\/wordpress\/index.php\/penzintezetek\/\">VISSZA A P\u00c9NZINT\u00c9ZETEK LAPRA<\/a><\/h3>\n\n\n\n<h2 class=\"wp-block-heading\" id=\"Eleje\"><a href=\"#1905\">1905<\/a>  <a href=\"#1908\">1908<\/a>  <a href=\"#1909\">1909<\/a>  <a href=\"#1910\">1910<\/a>  <a href=\"#1911\">1911<\/a>  <a href=\"#1912\">1912<\/a>  <a href=\"#1913\">1913<\/a>  <a href=\"#1914\">1914<\/a>  <a href=\"#1915\">1915<\/a>  <a href=\"#1931\">1931<\/a><\/h2>\n\n\n\n<h2 class=\"wp-block-heading\" id=\"1905\">1905<\/h2>\n\n\n\n<div class=\"wp-block-media-text alignwide is-stacked-on-mobile\"><figure class=\"wp-block-media-text__media\"><a href=\"http:\/\/rakosliget.hu\/wordpress\/wp-content\/uploads\/2020\/01\/uj-takarekpenztar-1905.jpg\"><img loading=\"lazy\" decoding=\"async\" width=\"680\" height=\"166\" src=\"http:\/\/rakosliget.hu\/wordpress\/wp-content\/uploads\/2020\/01\/uj-takarekpenztar-1905.jpg\" alt=\"\" class=\"wp-image-4363 size-full\" srcset=\"https:\/\/rakosliget.hu\/wordpress\/wp-content\/uploads\/2020\/01\/uj-takarekpenztar-1905.jpg 680w, https:\/\/rakosliget.hu\/wordpress\/wp-content\/uploads\/2020\/01\/uj-takarekpenztar-1905-300x73.jpg 300w\" sizes=\"auto, (max-width: 680px) 100vw, 680px\" \/><\/a><\/figure><div class=\"wp-block-media-text__content\">\n<p><strong>1905. febru\u00e1r. 26.<\/strong> <br>\u00daj takar\u00e9kp\u00e9nzt\u00e1r szervez\u00e9se.<\/p>\n<\/div><\/div>\n\n\n\n<h2 class=\"wp-block-heading\"><\/h2>\n\n\n\n<figure class=\"wp-block-image size-full\"><img loading=\"lazy\" decoding=\"async\" width=\"1413\" height=\"196\" src=\"https:\/\/rakosliget.hu\/wordpress\/wp-content\/uploads\/2025\/10\/Rakosligeti-takarekpenztar-Rt.jpg\" alt=\"\" class=\"wp-image-18581\" srcset=\"https:\/\/rakosliget.hu\/wordpress\/wp-content\/uploads\/2025\/10\/Rakosligeti-takarekpenztar-Rt.jpg 1413w, https:\/\/rakosliget.hu\/wordpress\/wp-content\/uploads\/2025\/10\/Rakosligeti-takarekpenztar-Rt-300x42.jpg 300w, https:\/\/rakosliget.hu\/wordpress\/wp-content\/uploads\/2025\/10\/Rakosligeti-takarekpenztar-Rt-768x107.jpg 768w\" sizes=\"auto, (max-width: 1413px) 100vw, 1413px\" \/><figcaption class=\"wp-element-caption\">R\u00e1kosvid\u00e9ki takar\u00e9kp\u00e9nzt\u00e1r Rt.  1907 Forr\u00e1s: Mih\u00f3k-f\u00e9le Magyar Compass 352. (1907) 944. oldal<\/figcaption><\/figure>\n\n\n\n<p><a href=\"#Eleje\">LAP TETEJ\u00c9RE<\/a><\/p>\n\n\n\n<h2 class=\"wp-block-heading\" id=\"1908\">1908<\/h2>\n\n\n\n<div class=\"wp-block-media-text alignwide is-stacked-on-mobile\"><figure class=\"wp-block-media-text__media\"><img loading=\"lazy\" decoding=\"async\" width=\"877\" height=\"227\" src=\"http:\/\/rakosliget.hu\/wordpress\/wp-content\/uploads\/2020\/11\/penzintezetek-1908.jpg\" alt=\"\" class=\"wp-image-8293 size-full\" srcset=\"https:\/\/rakosliget.hu\/wordpress\/wp-content\/uploads\/2020\/11\/penzintezetek-1908.jpg 877w, https:\/\/rakosliget.hu\/wordpress\/wp-content\/uploads\/2020\/11\/penzintezetek-1908-300x78.jpg 300w, https:\/\/rakosliget.hu\/wordpress\/wp-content\/uploads\/2020\/11\/penzintezetek-1908-768x199.jpg 768w\" sizes=\"auto, (max-width: 877px) 100vw, 877px\" \/><\/figure><div class=\"wp-block-media-text__content\">\n<p>1908. R\u00e1kosvid\u00e9ki takar\u00e9kp\u00e9nzt\u00e1r bejegyezve. <a href=\"http:\/\/rakosliget.hu\/wordpress\/index.php\/tiszti-cimtar\/\">Tiszti c\u00edmt\u00e1r 1908<\/a><\/p>\n<\/div><\/div>\n\n\n\n<p><a href=\"#Eleje\">LAP TETEJ\u00c9RE<\/a><\/p>\n\n\n\n<h2 class=\"wp-block-heading\" id=\"1909\">1909<\/h2>\n\n\n<div class=\"wp-block-image\">\n<figure class=\"aligncenter size-full\"><img loading=\"lazy\" decoding=\"async\" width=\"1264\" height=\"1513\" src=\"https:\/\/rakosliget.hu\/wordpress\/wp-content\/uploads\/2025\/11\/takarak-sport-munkas.jpg\" alt=\"\" class=\"wp-image-18976\" srcset=\"https:\/\/rakosliget.hu\/wordpress\/wp-content\/uploads\/2025\/11\/takarak-sport-munkas.jpg 1264w, https:\/\/rakosliget.hu\/wordpress\/wp-content\/uploads\/2025\/11\/takarak-sport-munkas-251x300.jpg 251w, https:\/\/rakosliget.hu\/wordpress\/wp-content\/uploads\/2025\/11\/takarak-sport-munkas-768x919.jpg 768w\" sizes=\"auto, (max-width: 1264px) 100vw, 1264px\" \/><figcaption class=\"wp-element-caption\">Kormos Alfr\u00e9d (szerk.) P\u00e9nz\u00fcgyi Compass 2. k\u00f6tet, 1909-1910<\/figcaption><\/figure>\n<\/div>\n\n\n<p><a href=\"#Eleje\">LAP TETEJ\u00c9RE<\/a><\/p>\n\n\n\n<h2 class=\"wp-block-heading\" id=\"1910\">1910<\/h2>\n\n\n\n<figure class=\"wp-block-image size-large\"><img loading=\"lazy\" decoding=\"async\" width=\"1024\" height=\"706\" src=\"https:\/\/rakosliget.hu\/wordpress\/wp-content\/uploads\/2023\/04\/rakosligeti-takarekpenztar-1910-1024x706.jpg\" alt=\"\" class=\"wp-image-11622\" srcset=\"https:\/\/rakosliget.hu\/wordpress\/wp-content\/uploads\/2023\/04\/rakosligeti-takarekpenztar-1910-1024x706.jpg 1024w, https:\/\/rakosliget.hu\/wordpress\/wp-content\/uploads\/2023\/04\/rakosligeti-takarekpenztar-1910-300x207.jpg 300w, https:\/\/rakosliget.hu\/wordpress\/wp-content\/uploads\/2023\/04\/rakosligeti-takarekpenztar-1910-768x529.jpg 768w, https:\/\/rakosliget.hu\/wordpress\/wp-content\/uploads\/2023\/04\/rakosligeti-takarekpenztar-1910.jpg 1216w\" sizes=\"auto, (max-width: 1024px) 100vw, 1024px\" \/><\/figure>\n\n\n\n<p>Forr\u00e1s: Kormos Alfr\u00e9d (szerk.): P\u00e9nz\u00fcgyi Compass 2. k\u00f6tet, 1909-1910 (Budapest, 1910)<\/p>\n\n\n<div class=\"wp-block-image\">\n<figure class=\"aligncenter size-full\"><img loading=\"lazy\" decoding=\"async\" width=\"984\" height=\"1284\" src=\"https:\/\/rakosliget.hu\/wordpress\/wp-content\/uploads\/2025\/09\/Takarekpenztasr-2-kozgyules.jpg\" alt=\"\" class=\"wp-image-18101\" srcset=\"https:\/\/rakosliget.hu\/wordpress\/wp-content\/uploads\/2025\/09\/Takarekpenztasr-2-kozgyules.jpg 984w, https:\/\/rakosliget.hu\/wordpress\/wp-content\/uploads\/2025\/09\/Takarekpenztasr-2-kozgyules-230x300.jpg 230w, https:\/\/rakosliget.hu\/wordpress\/wp-content\/uploads\/2025\/09\/Takarekpenztasr-2-kozgyules-768x1002.jpg 768w\" sizes=\"auto, (max-width: 984px) 100vw, 984px\" \/><figcaption class=\"wp-element-caption\">Forr\u00e1s: Budapesti H\u00edrlap, 1910. febru\u00e1r\\1910. 02. 23.<\/figcaption><\/figure>\n<\/div>\n\n\n<p><a href=\"#Eleje\">LAP TETEJ\u00c9RE<\/a><\/p>\n\n\n\n<h2 class=\"wp-block-heading\" id=\"1911\">1911<\/h2>\n\n\n\n<figure class=\"wp-block-image size-full\"><img loading=\"lazy\" decoding=\"async\" width=\"1485\" height=\"988\" src=\"https:\/\/rakosliget.hu\/wordpress\/wp-content\/uploads\/2025\/10\/takarekszov.jpg\" alt=\"\" class=\"wp-image-18598\" srcset=\"https:\/\/rakosliget.hu\/wordpress\/wp-content\/uploads\/2025\/10\/takarekszov.jpg 1485w, https:\/\/rakosliget.hu\/wordpress\/wp-content\/uploads\/2025\/10\/takarekszov-300x200.jpg 300w, https:\/\/rakosliget.hu\/wordpress\/wp-content\/uploads\/2025\/10\/takarekszov-768x511.jpg 768w, https:\/\/rakosliget.hu\/wordpress\/wp-content\/uploads\/2025\/10\/takarekszov-272x182.jpg 272w\" sizes=\"auto, (max-width: 1485px) 100vw, 1485px\" \/><figcaption class=\"wp-element-caption\">Forr\u00e1s: Mih\u00f3k-f\u00e9le Magyar Compass 391. (1911) 1064. oldal<\/figcaption><\/figure>\n\n\n\n<figure class=\"wp-block-image size-full\"><img loading=\"lazy\" decoding=\"async\" width=\"975\" height=\"1261\" src=\"https:\/\/rakosliget.hu\/wordpress\/wp-content\/uploads\/2025\/09\/harmadik-kozgyules.jpg\" alt=\"\" class=\"wp-image-18105\" srcset=\"https:\/\/rakosliget.hu\/wordpress\/wp-content\/uploads\/2025\/09\/harmadik-kozgyules.jpg 975w, https:\/\/rakosliget.hu\/wordpress\/wp-content\/uploads\/2025\/09\/harmadik-kozgyules-232x300.jpg 232w, https:\/\/rakosliget.hu\/wordpress\/wp-content\/uploads\/2025\/09\/harmadik-kozgyules-768x993.jpg 768w\" sizes=\"auto, (max-width: 975px) 100vw, 975px\" \/><figcaption class=\"wp-element-caption\">Forr\u00e1s: Budapesti H\u00edrlap, 1911. m\u00e1rcius\\1911. 03. 08. 57. sz\u00e1m<\/figcaption><\/figure>\n\n\n\n<p><a href=\"#Eleje\">LAP TETEJ\u00c9RE<\/a><\/p>\n\n\n\n<h2 class=\"wp-block-heading\" id=\"1912\">1912<\/h2>\n\n\n<div class=\"wp-block-image\">\n<figure class=\"aligncenter size-full\"><img loading=\"lazy\" decoding=\"async\" width=\"1454\" height=\"954\" src=\"https:\/\/rakosliget.hu\/wordpress\/wp-content\/uploads\/2025\/10\/takarekpenztar-1912.jpg\" alt=\"\" class=\"wp-image-18628\" srcset=\"https:\/\/rakosliget.hu\/wordpress\/wp-content\/uploads\/2025\/10\/takarekpenztar-1912.jpg 1454w, https:\/\/rakosliget.hu\/wordpress\/wp-content\/uploads\/2025\/10\/takarekpenztar-1912-300x197.jpg 300w, https:\/\/rakosliget.hu\/wordpress\/wp-content\/uploads\/2025\/10\/takarekpenztar-1912-768x504.jpg 768w\" sizes=\"auto, (max-width: 1454px) 100vw, 1454px\" \/><figcaption class=\"wp-element-caption\">Forr\u00e1s: Nagy Magyar Compass 401. (1912)III. Hitelsz\u00f6vetkezetek Magyarorsz\u00e1gon<\/figcaption><\/figure>\n<\/div>\n\n\n<p><a href=\"#Eleje\">LAP TETEJ\u00c9RE<\/a><\/p>\n\n\n\n<h2 class=\"wp-block-heading\" id=\"1913\">1913<\/h2>\n\n\n<div class=\"wp-block-image\">\n<figure class=\"aligncenter size-full\"><img loading=\"lazy\" decoding=\"async\" width=\"1436\" height=\"912\" src=\"https:\/\/rakosliget.hu\/wordpress\/wp-content\/uploads\/2025\/11\/Takarek-rt-1913.jpg\" alt=\"\" class=\"wp-image-18669\" srcset=\"https:\/\/rakosliget.hu\/wordpress\/wp-content\/uploads\/2025\/11\/Takarek-rt-1913.jpg 1436w, https:\/\/rakosliget.hu\/wordpress\/wp-content\/uploads\/2025\/11\/Takarek-rt-1913-300x191.jpg 300w, https:\/\/rakosliget.hu\/wordpress\/wp-content\/uploads\/2025\/11\/Takarek-rt-1913-768x488.jpg 768w\" sizes=\"auto, (max-width: 1436px) 100vw, 1436px\" \/><figcaption class=\"wp-element-caption\">Forr\u00e1s: Magyar Compass 1913<\/figcaption><\/figure>\n<\/div>\n\n\n<figure class=\"wp-block-image size-full\"><img loading=\"lazy\" decoding=\"async\" width=\"1172\" height=\"752\" src=\"https:\/\/rakosliget.hu\/wordpress\/wp-content\/uploads\/2025\/11\/takarek-es-sportclub.jpg\" alt=\"\" class=\"wp-image-18948\" srcset=\"https:\/\/rakosliget.hu\/wordpress\/wp-content\/uploads\/2025\/11\/takarek-es-sportclub.jpg 1172w, https:\/\/rakosliget.hu\/wordpress\/wp-content\/uploads\/2025\/11\/takarek-es-sportclub-300x192.jpg 300w, https:\/\/rakosliget.hu\/wordpress\/wp-content\/uploads\/2025\/11\/takarek-es-sportclub-768x493.jpg 768w\" sizes=\"auto, (max-width: 1172px) 100vw, 1172px\" \/><figcaption class=\"wp-element-caption\">Kormos Alfr\u00e9d (szerk.) Magyar P\u00e9nz\u00fcgyi Compass 2. k\u00f6tet, 1913-1914<\/figcaption><\/figure>\n\n\n\n<p><a href=\"#Eleje\">LAP TETEJ\u00c9RE<\/a><\/p>\n\n\n\n<h2 class=\"wp-block-heading\" id=\"1914\">1914<\/h2>\n\n\n<div class=\"wp-block-image\">\n<figure class=\"aligncenter size-full\"><img loading=\"lazy\" decoding=\"async\" width=\"525\" height=\"179\" src=\"https:\/\/rakosliget.hu\/wordpress\/wp-content\/uploads\/2025\/03\/korbasz.jpg\" alt=\"\" class=\"wp-image-17063\" srcset=\"https:\/\/rakosliget.hu\/wordpress\/wp-content\/uploads\/2025\/03\/korbasz.jpg 525w, https:\/\/rakosliget.hu\/wordpress\/wp-content\/uploads\/2025\/03\/korbasz-300x102.jpg 300w\" sizes=\"auto, (max-width: 525px) 100vw, 525px\" \/><\/figure>\n<\/div>\n\n<div class=\"wp-block-image\">\n<figure class=\"aligncenter size-large\"><a href=\"http:\/\/rakosliget.hu\/wordpress\/wp-content\/uploads\/2020\/11\/takarek-felszamolas-1914.jpg\"><img loading=\"lazy\" decoding=\"async\" width=\"562\" height=\"699\" src=\"http:\/\/rakosliget.hu\/wordpress\/wp-content\/uploads\/2020\/11\/takarek-felszamolas-1914.jpg\" alt=\"\" class=\"wp-image-6839\" srcset=\"https:\/\/rakosliget.hu\/wordpress\/wp-content\/uploads\/2020\/11\/takarek-felszamolas-1914.jpg 562w, https:\/\/rakosliget.hu\/wordpress\/wp-content\/uploads\/2020\/11\/takarek-felszamolas-1914-241x300.jpg 241w\" sizes=\"auto, (max-width: 562px) 100vw, 562px\" \/><\/a><figcaption class=\"wp-element-caption\">R\u00e1kosligeti Takar\u00e9k Rt. felsz\u00e1mol\u00e1sa. 1914. m\u00e1jus 20. Budapesti H\u00edrlap<\/figcaption><\/figure>\n<\/div>\n\n<div class=\"wp-block-image\">\n<figure class=\"aligncenter size-large\"><a href=\"http:\/\/rakosliget.hu\/wordpress\/wp-content\/uploads\/2020\/11\/takarek-felszamol-1915.jpg\"><img loading=\"lazy\" decoding=\"async\" width=\"793\" height=\"1024\" src=\"http:\/\/rakosliget.hu\/wordpress\/wp-content\/uploads\/2020\/11\/takarek-felszamol-1915-793x1024.jpg\" alt=\"\" class=\"wp-image-6842\" srcset=\"https:\/\/rakosliget.hu\/wordpress\/wp-content\/uploads\/2020\/11\/takarek-felszamol-1915-793x1024.jpg 793w, https:\/\/rakosliget.hu\/wordpress\/wp-content\/uploads\/2020\/11\/takarek-felszamol-1915-232x300.jpg 232w, https:\/\/rakosliget.hu\/wordpress\/wp-content\/uploads\/2020\/11\/takarek-felszamol-1915-768x992.jpg 768w, https:\/\/rakosliget.hu\/wordpress\/wp-content\/uploads\/2020\/11\/takarek-felszamol-1915.jpg 1038w\" sizes=\"auto, (max-width: 793px) 100vw, 793px\" \/><\/a><figcaption class=\"wp-element-caption\">1915. febru\u00e1r 20. Budapesti H\u00edrlap<\/figcaption><\/figure>\n<\/div>\n\n\n<p><a href=\"#Eleje\">LAP TETEJ\u00c9RE<\/a><\/p>\n\n\n\n<h2 class=\"wp-block-heading\" id=\"1915\">1915<\/h2>\n\n\n\n<div class=\"wp-block-media-text alignwide is-stacked-on-mobile\"><figure class=\"wp-block-media-text__media\"><a href=\"http:\/\/rakosliget.hu\/wordpress\/wp-content\/uploads\/2020\/11\/penzintezetek-1915.jpg\"><img loading=\"lazy\" decoding=\"async\" width=\"931\" height=\"413\" src=\"http:\/\/rakosliget.hu\/wordpress\/wp-content\/uploads\/2020\/11\/penzintezetek-1915.jpg\" alt=\"\" class=\"wp-image-8307 size-full\" srcset=\"https:\/\/rakosliget.hu\/wordpress\/wp-content\/uploads\/2020\/11\/penzintezetek-1915.jpg 931w, https:\/\/rakosliget.hu\/wordpress\/wp-content\/uploads\/2020\/11\/penzintezetek-1915-300x133.jpg 300w, https:\/\/rakosliget.hu\/wordpress\/wp-content\/uploads\/2020\/11\/penzintezetek-1915-768x341.jpg 768w\" sizes=\"auto, (max-width: 931px) 100vw, 931px\" \/><\/a><\/figure><div class=\"wp-block-media-text__content\">\n<p>R\u00e1kosvid\u00e9ki Takar\u00e9kp\u00e9nzt\u00e1r felsz\u00e1mol\u00e1sa. R\u00e1kosligeti Seg\u00e9lysz\u00f6vetkezet. <a href=\"http:\/\/rakosliget.hu\/wordpress\/index.php\/tiszti-cimtar\/(megnyit\u00e1s \u00faj f\u00fcl\u00f6n)\">Tiszti N\u00e9v- \u00e9s C\u00edmt\u00e1r<\/a><\/p>\n<\/div><\/div>\n\n\n\n<p><a href=\"#Eleje\">LAP TETEJ\u00c9RE<\/a><\/p>\n\n\n\n<h2 class=\"wp-block-heading\" id=\"1931\">1931<\/h2>\n\n\n<div class=\"wp-block-image\">\n<figure class=\"aligncenter size-large\"><img loading=\"lazy\" decoding=\"async\" width=\"1024\" height=\"746\" src=\"https:\/\/rakosliget.hu\/wordpress\/wp-content\/uploads\/2025\/03\/Az-Ujsag-1931-04-12-Hitelszovetkezet-megtakaritas-1024x746.jpg\" alt=\"\" class=\"wp-image-16733\" srcset=\"https:\/\/rakosliget.hu\/wordpress\/wp-content\/uploads\/2025\/03\/Az-Ujsag-1931-04-12-Hitelszovetkezet-megtakaritas-1024x746.jpg 1024w, https:\/\/rakosliget.hu\/wordpress\/wp-content\/uploads\/2025\/03\/Az-Ujsag-1931-04-12-Hitelszovetkezet-megtakaritas-300x219.jpg 300w, https:\/\/rakosliget.hu\/wordpress\/wp-content\/uploads\/2025\/03\/Az-Ujsag-1931-04-12-Hitelszovetkezet-megtakaritas-768x559.jpg 768w, https:\/\/rakosliget.hu\/wordpress\/wp-content\/uploads\/2025\/03\/Az-Ujsag-1931-04-12-Hitelszovetkezet-megtakaritas-1536x1119.jpg 1536w, https:\/\/rakosliget.hu\/wordpress\/wp-content\/uploads\/2025\/03\/Az-Ujsag-1931-04-12-Hitelszovetkezet-megtakaritas.jpg 1631w\" sizes=\"auto, (max-width: 1024px) 100vw, 1024px\" \/><figcaption class=\"wp-element-caption\">Az \u00dajs\u00e1g 1931. 04. 12. Hitelsz\u00f6vetkezet megtakar\u00edt\u00e1s<\/figcaption><\/figure>\n<\/div>\n\n\n<p><a href=\"#Eleje\">LAP TETEJ\u00c9RE<\/a><\/p>\n\n\n\n<p><a href=\"https:\/\/rakosliget.hu\/wordpress\/index.php\/penzintezetek\/\">VISSZA A P\u00c9NZINT\u00c9ZETEK LAPRA<\/a><\/p>\n","protected":false},"excerpt":{"rendered":"<p>Az oldal friss\u00edtve: 2025.11.19. VISSZA A P\u00c9NZINT\u00c9ZETEK LAPRA 1905 1908 1909 1910 1911 1912 1913 1914 1915 1931 1905 1905. febru\u00e1r. 26. \u00daj takar\u00e9kp\u00e9nzt\u00e1r szervez\u00e9se. LAP TETEJ\u00c9RE 1908 1908. R\u00e1kosvid\u00e9ki takar\u00e9kp\u00e9nzt\u00e1r bejegyezve. Tiszti c\u00edmt\u00e1r 1908 LAP TETEJ\u00c9RE 1909 LAP TETEJ\u00c9RE 1910 Forr\u00e1s: Kormos Alfr\u00e9d (szerk.): P\u00e9nz\u00fcgyi Compass 2. k\u00f6tet, 1909-1910 (Budapest, 1910) LAP TETEJ\u00c9RE 1911 &hellip; <a href=\"https:\/\/rakosliget.hu\/wordpress\/index.php\/rakosligeti-takarekpenztar-rt\/\" class=\"more-link\"><span class=\"screen-reader-text\">R\u00c1KOSLIGETI TAKAR\u00c9KP\u00c9NZT\u00c1R Rt.<\/span> r\u00e9szletei&#8230;<\/a><\/p>\n","protected":false},"author":1,"featured_media":0,"parent":0,"menu_order":0,"comment_status":"closed","ping_status":"closed","template":"","meta":{"footnotes":""},"class_list":["post-6837","page","type-page","status-publish","hentry"],"_links":{"self":[{"href":"https:\/\/rakosliget.hu\/wordpress\/index.php\/wp-json\/wp\/v2\/pages\/6837","targetHints":{"allow":["GET"]}}],"collection":[{"href":"https:\/\/rakosliget.hu\/wordpress\/index.php\/wp-json\/wp\/v2\/pages"}],"about":[{"href":"https:\/\/rakosliget.hu\/wordpress\/index.php\/wp-json\/wp\/v2\/types\/page"}],"author":[{"embeddable":true,"href":"https:\/\/rakosliget.hu\/wordpress\/index.php\/wp-json\/wp\/v2\/users\/1"}],"replies":[{"embeddable":true,"href":"https:\/\/rakosliget.hu\/wordpress\/index.php\/wp-json\/wp\/v2\/comments?post=6837"}],"version-history":[{"count":20,"href":"https:\/\/rakosliget.hu\/wordpress\/index.php\/wp-json\/wp\/v2\/pages\/6837\/revisions"}],"predecessor-version":[{"id":21809,"href":"https:\/\/rakosliget.hu\/wordpress\/index.php\/wp-json\/wp\/v2\/pages\/6837\/revisions\/21809"}],"wp:attachment":[{"href":"https:\/\/rakosliget.hu\/wordpress\/index.php\/wp-json\/wp\/v2\/media?parent=6837"}],"curies":[{"name":"wp","href":"https:\/\/api.w.org\/{rel}","templated":true}]}}