{"id":657,"date":"2018-03-11T17:32:29","date_gmt":"2018-03-11T16:32:29","guid":{"rendered":"http:\/\/rakosliget.hu\/wordpress\/?page_id=657"},"modified":"2026-02-07T15:49:04","modified_gmt":"2026-02-07T14:49:04","slug":"ketszobas-munkaslakas","status":"publish","type":"page","link":"https:\/\/rakosliget.hu\/wordpress\/index.php\/ketszobas-munkaslakas\/","title":{"rendered":"K\u00e9tszob\u00e1s munk\u00e1slak\u00e1s"},"content":{"rendered":"<h2 align=\"justify\">A k\u00e9tszob\u00e1s munk\u00e1slak\u00e1s<\/h2>\n<p align=\"justify\">Ebb\u0151l a t\u00edpusb\u00f3l \u00e9p\u00edtett\u00e9k a legt\u00f6bbet R\u00e1kosliget alap\u00edt\u00f3i. A h\u00e1zak elhelyezked\u00e9se k\u00f6vethet\u0151 nyomon az <a href=\"http:\/\/rakosliget.hu\/epitett%20kornyezet\/ketszobas.html\">itt<\/a> megn\u00e9zhet\u0151 t\u00e9rk\u00e9pekr\u0151l illetve <a href=\"http:\/\/rakosliget.hu\/epitett%20kornyezet\/ketszobaslista.html\">a c\u00edmlist\u00e1r\u00f3l.<\/a><\/p>\n<p align=\"justify\"><a href=\"http:\/\/rakosliget.hu\/epitett%20kornyezet\/ketszobas terkep.html\">A k\u00e9tszob\u00e1s lak\u00e1sok az 1938. \u00e9vi t\u00e9rk\u00e9pen megjelen\u00edtve.<\/a><\/p>\n<p align=\"justify\">Eredeti form\u00e1j\u00e1ban ma m\u00e1r nagyon kev\u00e9s lelhet\u0151 fel a telep\u00fcl\u00e9sen. A fennmaradta \u00e1llapota nagyon leromlott. T\u00f3th Krisztina \u00e9p\u00edt\u00e9szm\u00e9rn\u00f6k, lok\u00e1lpatri\u00f3ta szakmai szempontb\u00f3l kezdte felm\u00e9rni a k\u00e9tszob\u00e1s munk\u00e1sh\u00e1zakat. Ennek egyik eredm\u00e9nye ez a rekonstrukci\u00f3s tervrajz:<\/p>\n<p align=\"justify\"><img loading=\"lazy\" decoding=\"async\" src=\"http:\/\/rakosliget.hu\/epitett%20kornyezet\/epuletek\/2szobas rekonstrrajz_500.png\" width=\"500\" height=\"439\" \/><\/p>\n<p align=\"justify\">Alapoz\u00e1si terv:<\/p>\n<p align=\"justify\"><img loading=\"lazy\" decoding=\"async\" src=\"http:\/\/rakosliget.hu\/epitett%20kornyezet\/epuletek\/ketszobas foldszint alaprajz_500.jpg\" width=\"500\" height=\"369\" \/><\/p>\n<p align=\"justify\">A k\u00e9tszob\u00e1s h\u00e1z szerkezeti rajza:<\/p>\n<p align=\"center\"><img loading=\"lazy\" decoding=\"async\" src=\"http:\/\/rakosliget.hu\/epitett%20kornyezet\/epuletek\/ketszobas szerkezeti rajz_600.jpg\" width=\"400\" height=\"500\" \/><\/p>\n<p align=\"justify\">Tov\u00e1bb\u00e1 megpr\u00f3b\u00e1lta rekonstru\u00e1lni az eredeti \u00e1llapotot a h\u00e1z d\u00edszeivel.<\/p>\n<p align=\"justify\"><img loading=\"lazy\" decoding=\"async\" src=\"http:\/\/rakosliget.hu\/epitett%20kornyezet\/epuletek\/rekonstrualt_500.jpg\" width=\"500\" height=\"227\" \/><\/p>\n<h2 align=\"justify\"><img loading=\"lazy\" decoding=\"async\" class=\"alignnone size-full wp-image-22974\" src=\"https:\/\/rakosliget.hu\/wordpress\/wp-content\/uploads\/2026\/02\/67-scaled.jpg\" alt=\"\" width=\"2560\" height=\"1761\" srcset=\"https:\/\/rakosliget.hu\/wordpress\/wp-content\/uploads\/2026\/02\/67-scaled.jpg 2560w, https:\/\/rakosliget.hu\/wordpress\/wp-content\/uploads\/2026\/02\/67-300x206.jpg 300w, https:\/\/rakosliget.hu\/wordpress\/wp-content\/uploads\/2026\/02\/67-2048x1409.jpg 2048w, https:\/\/rakosliget.hu\/wordpress\/wp-content\/uploads\/2026\/02\/67-768x528.jpg 768w, https:\/\/rakosliget.hu\/wordpress\/wp-content\/uploads\/2026\/02\/67-1536x1057.jpg 1536w\" sizes=\"auto, (max-width: 2560px) 100vw, 2560px\" \/><\/h2>\n<p>\u00a0<\/p>\n<p align=\"justify\">Munk\u00e1stelepi k\u00e9tszob\u00e1s lak\u00f3h\u00e1z. A t\u00edpusterv m\u00f3dos\u00edt\u00e1sokkal megval\u00f3sult v\u00e1ltozata:<\/p>\n<p align=\"justify\"><img loading=\"lazy\" decoding=\"async\" src=\"http:\/\/rakosliget.hu\/epitett%20kornyezet\/epuletek\/I. utca 24. Voloncs Pal haza atadas utan.jpg\" width=\"500\" height=\"350\" \/><\/p>\n<div align=\"right\">A f\u00e9nyk\u00e9p Voloncs G\u00e1bor tulajdona.<\/div>\n\n\n<p><\/p>\n\n\n\n<p><a href=\"http:\/\/rakosliget.hu\/wordpress\/index.php\/a-haromszobas-munkaslakas\/\">A h\u00e1romszob\u00e1s munk\u00e1slak\u00e1s<\/a><\/p>\n\n\n\n<p><a href=\"http:\/\/rakosliget.hu\/wordpress\/index.php\/a-negyszobas-munkaslakas\/\">A n\u00e9gyszob\u00e1s munk\u00e1slak\u00e1s<\/a><\/p>\n\n\n\n<p><a href=\"http:\/\/rakosliget.hu\/wordpress\/index.php\/egyedi-tervezesu-lakoepuletek\/\">Egyedi tervez\u00e9s\u0171 lak\u00f3\u00e9p\u00fcletek<\/a><\/p>\n\n\n\n<p><a href=\"http:\/\/rakosliget.hu\/wordpress\/index.php\/egyedi-tervezesu-lakoepuletek\/\">Egyedi tervez\u00e9s\u0171 lak\u00f3\u00e9p\u00fcletek<\/a><\/p>\n\n\n\n<p><a href=\"http:\/\/rakosliget.hu\/wordpress\/index.php\/672-2\/\">K\u00f6z\u00e9p\u00fcletek<\/a><\/p>\n","protected":false},"excerpt":{"rendered":"<p>A k\u00e9tszob\u00e1s munk\u00e1slak\u00e1s Ebb\u0151l a t\u00edpusb\u00f3l \u00e9p\u00edtett\u00e9k a legt\u00f6bbet R\u00e1kosliget alap\u00edt\u00f3i. A h\u00e1zak elhelyezked\u00e9se k\u00f6vethet\u0151 nyomon az itt megn\u00e9zhet\u0151 t\u00e9rk\u00e9pekr\u0151l illetve a c\u00edmlist\u00e1r\u00f3l. A k\u00e9tszob\u00e1s lak\u00e1sok az 1938. \u00e9vi t\u00e9rk\u00e9pen megjelen\u00edtve. Eredeti form\u00e1j\u00e1ban ma m\u00e1r nagyon kev\u00e9s lelhet\u0151 fel a telep\u00fcl\u00e9sen. A fennmaradta \u00e1llapota nagyon leromlott. T\u00f3th Krisztina \u00e9p\u00edt\u00e9szm\u00e9rn\u00f6k, lok\u00e1lpatri\u00f3ta szakmai szempontb\u00f3l kezdte felm\u00e9rni a &hellip; <a href=\"https:\/\/rakosliget.hu\/wordpress\/index.php\/ketszobas-munkaslakas\/\" class=\"more-link\"><span class=\"screen-reader-text\">K\u00e9tszob\u00e1s munk\u00e1slak\u00e1s<\/span> r\u00e9szletei&#8230;<\/a><\/p>\n","protected":false},"author":1,"featured_media":0,"parent":0,"menu_order":0,"comment_status":"closed","ping_status":"closed","template":"","meta":{"footnotes":""},"class_list":["post-657","page","type-page","status-publish","hentry"],"_links":{"self":[{"href":"https:\/\/rakosliget.hu\/wordpress\/index.php\/wp-json\/wp\/v2\/pages\/657","targetHints":{"allow":["GET"]}}],"collection":[{"href":"https:\/\/rakosliget.hu\/wordpress\/index.php\/wp-json\/wp\/v2\/pages"}],"about":[{"href":"https:\/\/rakosliget.hu\/wordpress\/index.php\/wp-json\/wp\/v2\/types\/page"}],"author":[{"embeddable":true,"href":"https:\/\/rakosliget.hu\/wordpress\/index.php\/wp-json\/wp\/v2\/users\/1"}],"replies":[{"embeddable":true,"href":"https:\/\/rakosliget.hu\/wordpress\/index.php\/wp-json\/wp\/v2\/comments?post=657"}],"version-history":[{"count":6,"href":"https:\/\/rakosliget.hu\/wordpress\/index.php\/wp-json\/wp\/v2\/pages\/657\/revisions"}],"predecessor-version":[{"id":22975,"href":"https:\/\/rakosliget.hu\/wordpress\/index.php\/wp-json\/wp\/v2\/pages\/657\/revisions\/22975"}],"wp:attachment":[{"href":"https:\/\/rakosliget.hu\/wordpress\/index.php\/wp-json\/wp\/v2\/media?parent=657"}],"curies":[{"name":"wp","href":"https:\/\/api.w.org\/{rel}","templated":true}]}}