{"id":6451,"date":"2020-11-11T06:18:15","date_gmt":"2020-11-11T05:18:15","guid":{"rendered":"http:\/\/rakosliget.hu\/wordpress\/?page_id=6451"},"modified":"2026-01-23T06:27:59","modified_gmt":"2026-01-23T05:27:59","slug":"gregor-jozsef-2","status":"publish","type":"page","link":"https:\/\/rakosliget.hu\/wordpress\/index.php\/gregor-jozsef-2\/","title":{"rendered":"GREGOR J\u00d3ZSEF opra\u00e9nekes"},"content":{"rendered":"\n<div class=\"wp-block-buttons is-content-justification-center is-layout-flex wp-container-core-buttons-is-layout-16018d1d wp-block-buttons-is-layout-flex\">\n<div class=\"wp-block-button\"><a class=\"wp-block-button__link wp-element-button\" href=\"https:\/\/rakosliget.hu\/wordpress\/index.php\/muveszet\/\">VISSZA A M\u0170V\u00c9SZET LAPRA<\/a><\/div>\n<\/div>\n\n\n\n<p><\/p>\n\n\n<h3><em>Kossuth- \u00e9s Liszt-d\u00edjas<\/em> kiv\u00e1l\u00f3 m\u0171v\u00e9sz.<\/h3>\n<p><strong>Eleinte heged\u00fclni tanult, hangj\u00e1ra egy zenetan\u00e1r figyelt fel a r\u00e1kosligeti katolikus templomban &#8211; \u0151 vette r\u00e1, hogy felv\u00e9telizzen a konzervat\u00f3riumba<\/strong>.<\/p>\n<p><strong>1957-t\u0151l h\u00e1rom \u00e9ven kereszt\u00fcl a budapesti Bart\u00f3k B\u00e9la Zenem\u0171v\u00e9szeti Szakiskola n\u00f6vend\u00e9ke volt, majd felv\u00e9telt nyert a Liszt Ferenc Zenem\u0171v\u00e9szeti F\u0151iskola \u00e9nek szak\u00e1ra, \u00e1m tanulm\u00e1nyait itt sem fejezte be. Id\u0151k\u00f6zben tagja lett a Magyar N\u00e9phadsereg M\u0171v\u00e9szegy\u00fcttes f\u00e9rfik\u00f3rus\u00e1nak, majd 1964-t\u0151l mag\u00e1n\u00e9nekesk\u00e9nt a Szegedi Nemzeti Sz\u00ednh\u00e1zban dolgozott Vaszy Viktor karmester ir\u00e1ny\u00edt\u00e1sa alatt. A szegedi korszak alatt sz\u00e1mos elismers\u00e9t kapott: 1974-ben <em>Liszt Ferenc d\u00edjjal<\/em>, 1979-ben \u00c9rdemes m\u0171v\u00e9sz, 1983-ban Kiv\u00e1l\u00f3 m\u0171v\u00e9sz c\u00edmmel, 1987-ben pedig SZOT-d\u00edjjal \u00e9s Erzs\u00e9bet-d\u00edjjal t\u00fcntett\u00e9k ki.<\/strong><\/p>\n<p><strong>A kiv\u00e1l\u00f3 <em>opera\u00e9nekes<\/em> 1976-t\u00f3l a budapesti Operah\u00e1z \u00e1lland\u00f3 vend\u00e9gm\u0171v\u00e9sze, 1987-89 k\u00f6zt a gy\u0151ri Kisfaludy Sz\u00ednh\u00e1z tagjak\u00e9nt szerepelt, majd 1989-ben&nbsp; a szegedi operat\u00e1rsulat igazgat\u00f3ja lett, asz\u00ednh\u00e1z \u00f6r\u00f6k\u00f6s tagja.<\/strong><\/p>\n<p><strong>Gregor J\u00f3zsef sz\u00e1mtalan operah\u00e1zban l\u00e9pett fel Eur\u00f3pa-szerte, \u00e9nekelt a milan\u00f3i <em>Scal\u00e1<\/em>ban, a New York-i <em>Metropolitan<\/em>ben (1994-95 -ben tagja), tov\u00e1bb\u00e1 visszat\u00e9r\u0151 vend\u00e9ge volta houstoni oper\u00e1nak is.<\/strong><\/p>\n<p><strong>Nev\u00e9t R\u00e1kosligeten iskola viseli.<\/strong><\/p>\n<p><strong>D\u00edjak, elismer\u00e9sek<br \/>\n1974 Liszt Ferenc-d\u00edj<br \/>\n1979 \u00c9rdemes M\u0171v\u00e9sz<br \/>\n1983 Kiv\u00e1l\u00f3 M\u0171v\u00e9sz<br \/>\n1987 Erzs\u00e9bet-d\u00edj<br \/>\n1987 SZOT-d\u00edj<br \/>\n1991 Szeged\u00e9rt Alap\u00edtv\u00e1ny D\u00edja, f\u0151d\u00edj<br \/>\n1999 Kossuth-d\u00edj<\/strong><\/p>\n\n\n<figure class=\"wp-block-image size-large\"><a href=\"https:\/\/rakosliget.hu\/wordpress\/wp-content\/uploads\/2023\/01\/gregor-int.jpg\"><img loading=\"lazy\" decoding=\"async\" width=\"1024\" height=\"872\" src=\"https:\/\/rakosliget.hu\/wordpress\/wp-content\/uploads\/2023\/01\/gregor-int-1024x872.jpg\" alt=\"\" class=\"wp-image-10800\" srcset=\"https:\/\/rakosliget.hu\/wordpress\/wp-content\/uploads\/2023\/01\/gregor-int-1024x872.jpg 1024w, https:\/\/rakosliget.hu\/wordpress\/wp-content\/uploads\/2023\/01\/gregor-int-300x256.jpg 300w, https:\/\/rakosliget.hu\/wordpress\/wp-content\/uploads\/2023\/01\/gregor-int-768x654.jpg 768w, https:\/\/rakosliget.hu\/wordpress\/wp-content\/uploads\/2023\/01\/gregor-int.jpg 1500w\" sizes=\"auto, (max-width: 1024px) 100vw, 1024px\" \/><\/a><figcaption class=\"wp-element-caption\">Forr\u00e1s: N\u00e9pszabads\u00e1g 2001. m\u00e1jus 16.<\/figcaption><\/figure>\n\n\n\n<div class=\"wp-block-buttons is-content-justification-center is-layout-flex wp-container-core-buttons-is-layout-16018d1d wp-block-buttons-is-layout-flex\">\n<div class=\"wp-block-button\"><a class=\"wp-block-button__link wp-element-button\" href=\"https:\/\/rakosliget.hu\/wordpress\/index.php\/muveszet\/\">VISSZA A M\u0170V\u00c9SZET LAPRA<\/a><\/div>\n<\/div>\n","protected":false},"excerpt":{"rendered":"<p>Kossuth- \u00e9s Liszt-d\u00edjas kiv\u00e1l\u00f3 m\u0171v\u00e9sz. Eleinte heged\u00fclni tanult, hangj\u00e1ra egy zenetan\u00e1r figyelt fel a r\u00e1kosligeti katolikus templomban &#8211; \u0151 vette r\u00e1, hogy felv\u00e9telizzen a konzervat\u00f3riumba. 1957-t\u0151l h\u00e1rom \u00e9ven kereszt\u00fcl a budapesti Bart\u00f3k B\u00e9la Zenem\u0171v\u00e9szeti Szakiskola n\u00f6vend\u00e9ke volt, majd felv\u00e9telt nyert a Liszt Ferenc Zenem\u0171v\u00e9szeti F\u0151iskola \u00e9nek szak\u00e1ra, \u00e1m tanulm\u00e1nyait itt sem fejezte be. Id\u0151k\u00f6zben tagja &hellip; <a href=\"https:\/\/rakosliget.hu\/wordpress\/index.php\/gregor-jozsef-2\/\" class=\"more-link\"><span class=\"screen-reader-text\">GREGOR J\u00d3ZSEF opra\u00e9nekes<\/span> r\u00e9szletei&#8230;<\/a><\/p>\n","protected":false},"author":1,"featured_media":0,"parent":0,"menu_order":0,"comment_status":"closed","ping_status":"closed","template":"","meta":{"footnotes":""},"class_list":["post-6451","page","type-page","status-publish","hentry"],"_links":{"self":[{"href":"https:\/\/rakosliget.hu\/wordpress\/index.php\/wp-json\/wp\/v2\/pages\/6451","targetHints":{"allow":["GET"]}}],"collection":[{"href":"https:\/\/rakosliget.hu\/wordpress\/index.php\/wp-json\/wp\/v2\/pages"}],"about":[{"href":"https:\/\/rakosliget.hu\/wordpress\/index.php\/wp-json\/wp\/v2\/types\/page"}],"author":[{"embeddable":true,"href":"https:\/\/rakosliget.hu\/wordpress\/index.php\/wp-json\/wp\/v2\/users\/1"}],"replies":[{"embeddable":true,"href":"https:\/\/rakosliget.hu\/wordpress\/index.php\/wp-json\/wp\/v2\/comments?post=6451"}],"version-history":[{"count":4,"href":"https:\/\/rakosliget.hu\/wordpress\/index.php\/wp-json\/wp\/v2\/pages\/6451\/revisions"}],"predecessor-version":[{"id":22069,"href":"https:\/\/rakosliget.hu\/wordpress\/index.php\/wp-json\/wp\/v2\/pages\/6451\/revisions\/22069"}],"wp:attachment":[{"href":"https:\/\/rakosliget.hu\/wordpress\/index.php\/wp-json\/wp\/v2\/media?parent=6451"}],"curies":[{"name":"wp","href":"https:\/\/api.w.org\/{rel}","templated":true}]}}