{"id":6381,"date":"2020-11-10T05:22:16","date_gmt":"2020-11-10T04:22:16","guid":{"rendered":"http:\/\/rakosliget.hu\/wordpress\/?page_id=6381"},"modified":"2025-05-03T10:47:33","modified_gmt":"2025-05-03T09:47:33","slug":"sakk","status":"publish","type":"page","link":"https:\/\/rakosliget.hu\/wordpress\/index.php\/sakk\/","title":{"rendered":"SAKK"},"content":{"rendered":"\n<h2 class=\"wp-block-heading\">1931<\/h2>\n\n\n\n<div class=\"wp-block-media-text alignwide is-stacked-on-mobile\"><figure class=\"wp-block-media-text__media\"><a href=\"http:\/\/rakosliget.hu\/wordpress\/wp-content\/uploads\/2020\/11\/sakk-1931.jpg\"><img loading=\"lazy\" decoding=\"async\" width=\"788\" height=\"585\" src=\"http:\/\/rakosliget.hu\/wordpress\/wp-content\/uploads\/2020\/11\/sakk-1931.jpg\" alt=\"\" class=\"wp-image-8407 size-full\" srcset=\"https:\/\/rakosliget.hu\/wordpress\/wp-content\/uploads\/2020\/11\/sakk-1931.jpg 788w, https:\/\/rakosliget.hu\/wordpress\/wp-content\/uploads\/2020\/11\/sakk-1931-300x223.jpg 300w, https:\/\/rakosliget.hu\/wordpress\/wp-content\/uploads\/2020\/11\/sakk-1931-768x570.jpg 768w\" sizes=\"auto, (max-width: 788px) 100vw, 788px\" \/><\/a><\/figure><div class=\"wp-block-media-text__content\">\n<p><strong>1931.<\/strong> Sakkverseny. <a href=\"http:\/\/rakosliget.hu\/wordpress\/index.php\/pesti-hirlap-kepes-melleklete\/\">Pesti H\u00edrlap K\u00e9pes mell\u00e9klete<\/a><\/p>\n<\/div><\/div>\n\n\n<div class=\"wp-block-image\">\n<figure class=\"aligncenter size-large\"><a href=\"http:\/\/rakosliget.hu\/wordpress\/wp-content\/uploads\/2020\/11\/1931-marcius-21-sakk.jpg\"><img loading=\"lazy\" decoding=\"async\" width=\"512\" height=\"380\" src=\"http:\/\/rakosliget.hu\/wordpress\/wp-content\/uploads\/2020\/11\/1931-marcius-21-sakk.jpg\" alt=\"\" class=\"wp-image-6383\" srcset=\"https:\/\/rakosliget.hu\/wordpress\/wp-content\/uploads\/2020\/11\/1931-marcius-21-sakk.jpg 512w, https:\/\/rakosliget.hu\/wordpress\/wp-content\/uploads\/2020\/11\/1931-marcius-21-sakk-300x223.jpg 300w\" sizes=\"auto, (max-width: 512px) 100vw, 512px\" \/><\/a><figcaption class=\"wp-element-caption\">1931. m\u00e1rcius 21. Az Ujs\u00e1g<\/figcaption><\/figure>\n<\/div>\n\n\n<figure class=\"wp-block-image size-full\"><img loading=\"lazy\" decoding=\"async\" width=\"1028\" height=\"505\" src=\"https:\/\/rakosliget.hu\/wordpress\/wp-content\/uploads\/2025\/05\/Pesti-Hirlap-1931.06.24.jpg\" alt=\"\" class=\"wp-image-17821\" srcset=\"https:\/\/rakosliget.hu\/wordpress\/wp-content\/uploads\/2025\/05\/Pesti-Hirlap-1931.06.24.jpg 1028w, https:\/\/rakosliget.hu\/wordpress\/wp-content\/uploads\/2025\/05\/Pesti-Hirlap-1931.06.24-300x147.jpg 300w, https:\/\/rakosliget.hu\/wordpress\/wp-content\/uploads\/2025\/05\/Pesti-Hirlap-1931.06.24-768x377.jpg 768w\" sizes=\"auto, (max-width: 1028px) 100vw, 1028px\" \/><figcaption class=\"wp-element-caption\">Pesti H\u00edrlap 1931.06.24.<\/figcaption><\/figure>\n\n\n<div class=\"wp-block-image\">\n<figure class=\"aligncenter size-large\"><a href=\"http:\/\/rakosliget.hu\/wordpress\/wp-content\/uploads\/2020\/11\/1931-oktober-31-sakk.jpg\"><img loading=\"lazy\" decoding=\"async\" width=\"494\" height=\"891\" src=\"http:\/\/rakosliget.hu\/wordpress\/wp-content\/uploads\/2020\/11\/1931-oktober-31-sakk.jpg\" alt=\"\" class=\"wp-image-6392\" srcset=\"https:\/\/rakosliget.hu\/wordpress\/wp-content\/uploads\/2020\/11\/1931-oktober-31-sakk.jpg 494w, https:\/\/rakosliget.hu\/wordpress\/wp-content\/uploads\/2020\/11\/1931-oktober-31-sakk-166x300.jpg 166w\" sizes=\"auto, (max-width: 494px) 100vw, 494px\" \/><\/a><figcaption class=\"wp-element-caption\">1931. okt\u00f3ber 31. Az Ujs\u00e1g<\/figcaption><\/figure>\n<\/div>\n\n\n<h2 class=\"wp-block-heading\">1933<\/h2>\n\n\n<div class=\"wp-block-image\">\n<figure class=\"aligncenter size-large\"><a href=\"http:\/\/rakosliget.hu\/wordpress\/wp-content\/uploads\/2020\/11\/1933-januar14-sakk.jpg\"><img loading=\"lazy\" decoding=\"async\" width=\"455\" height=\"174\" src=\"http:\/\/rakosliget.hu\/wordpress\/wp-content\/uploads\/2020\/11\/1933-januar14-sakk.jpg\" alt=\"\" class=\"wp-image-6444\" srcset=\"https:\/\/rakosliget.hu\/wordpress\/wp-content\/uploads\/2020\/11\/1933-januar14-sakk.jpg 455w, https:\/\/rakosliget.hu\/wordpress\/wp-content\/uploads\/2020\/11\/1933-januar14-sakk-300x115.jpg 300w\" sizes=\"auto, (max-width: 455px) 100vw, 455px\" \/><\/a><figcaption class=\"wp-element-caption\">1933. janu\u00e1r 14. Az Ujs\u00e1g<\/figcaption><\/figure>\n<\/div>\n\n\n<h2 class=\"wp-block-heading\">1937<\/h2>\n\n\n\n<p>A Sakkvil\u00e1g Feladv\u00e1nyok rovat\u00e1nak vezet\u0151je: Kov\u00e1cs Fl\u00f3ri\u00e1n R\u00e1kosliget, IX .-utca 33.<\/p>\n","protected":false},"excerpt":{"rendered":"<p>1931 1931. Sakkverseny. Pesti H\u00edrlap K\u00e9pes mell\u00e9klete 1933 1937 A Sakkvil\u00e1g Feladv\u00e1nyok rovat\u00e1nak vezet\u0151je: Kov\u00e1cs Fl\u00f3ri\u00e1n R\u00e1kosliget, IX .-utca 33.<\/p>\n","protected":false},"author":1,"featured_media":8407,"parent":0,"menu_order":0,"comment_status":"closed","ping_status":"closed","template":"","meta":{"footnotes":""},"class_list":["post-6381","page","type-page","status-publish","has-post-thumbnail","hentry"],"_links":{"self":[{"href":"https:\/\/rakosliget.hu\/wordpress\/index.php\/wp-json\/wp\/v2\/pages\/6381","targetHints":{"allow":["GET"]}}],"collection":[{"href":"https:\/\/rakosliget.hu\/wordpress\/index.php\/wp-json\/wp\/v2\/pages"}],"about":[{"href":"https:\/\/rakosliget.hu\/wordpress\/index.php\/wp-json\/wp\/v2\/types\/page"}],"author":[{"embeddable":true,"href":"https:\/\/rakosliget.hu\/wordpress\/index.php\/wp-json\/wp\/v2\/users\/1"}],"replies":[{"embeddable":true,"href":"https:\/\/rakosliget.hu\/wordpress\/index.php\/wp-json\/wp\/v2\/comments?post=6381"}],"version-history":[{"count":9,"href":"https:\/\/rakosliget.hu\/wordpress\/index.php\/wp-json\/wp\/v2\/pages\/6381\/revisions"}],"predecessor-version":[{"id":17822,"href":"https:\/\/rakosliget.hu\/wordpress\/index.php\/wp-json\/wp\/v2\/pages\/6381\/revisions\/17822"}],"wp:featuredmedia":[{"embeddable":true,"href":"https:\/\/rakosliget.hu\/wordpress\/index.php\/wp-json\/wp\/v2\/media\/8407"}],"wp:attachment":[{"href":"https:\/\/rakosliget.hu\/wordpress\/index.php\/wp-json\/wp\/v2\/media?parent=6381"}],"curies":[{"name":"wp","href":"https:\/\/api.w.org\/{rel}","templated":true}]}}