{"id":6365,"date":"2020-11-10T05:03:32","date_gmt":"2020-11-10T04:03:32","guid":{"rendered":"http:\/\/rakosliget.hu\/wordpress\/?page_id=6365"},"modified":"2026-01-18T17:39:15","modified_gmt":"2026-01-18T16:39:15","slug":"torvenybirok","status":"publish","type":"page","link":"https:\/\/rakosliget.hu\/wordpress\/index.php\/torvenybirok\/","title":{"rendered":"T\u00d6RV\u00c9NYB\u00cdR\u00d3K"},"content":{"rendered":"\n<div class=\"wp-block-buttons is-layout-flex wp-block-buttons-is-layout-flex\">\n<div class=\"wp-block-button\"><a class=\"wp-block-button__link wp-element-button\" href=\"https:\/\/rakosliget.hu\/wordpress\/index.php\/kozigazgatas\/\">VISSZA A K\u00d6ZIGAZGAT\u00c1S LAPRA<\/a><\/div>\n<\/div>\n\n\n\n<h3 class=\"wp-block-heading\">1931<\/h3>\n\n\n<div class=\"wp-block-image\">\n<figure class=\"aligncenter size-large\"><a href=\"http:\/\/rakosliget.hu\/wordpress\/wp-content\/uploads\/2020\/11\/1931-julius-15-NAGY-lajos-torvenybiro-liget-halala.jpg\"><img loading=\"lazy\" decoding=\"async\" width=\"476\" height=\"107\" src=\"http:\/\/rakosliget.hu\/wordpress\/wp-content\/uploads\/2020\/11\/1931-julius-15-NAGY-lajos-torvenybiro-liget-halala.jpg\" alt=\"\" class=\"wp-image-6368\" srcset=\"https:\/\/rakosliget.hu\/wordpress\/wp-content\/uploads\/2020\/11\/1931-julius-15-NAGY-lajos-torvenybiro-liget-halala.jpg 476w, https:\/\/rakosliget.hu\/wordpress\/wp-content\/uploads\/2020\/11\/1931-julius-15-NAGY-lajos-torvenybiro-liget-halala-300x67.jpg 300w\" sizes=\"auto, (max-width: 476px) 100vw, 476px\" \/><\/a><figcaption class=\"wp-element-caption\">1931. j\u00falius 15. Az Ujs\u00e1g<\/figcaption><\/figure>\n<\/div>\n\n\n<h3 class=\"wp-block-heading\">1945<\/h3>\n\n\n\n<p><strong>Szab\u00f3 Ill\u00e9s<\/strong> (L\u0151rinci, 1875-1963), M\u00c1V alkalmazott. 1945 ut\u00e1n ny. M\u00c1V \u00fczemi seg\u00e9dtiszt. 1933-1945-ben a r\u00e1kosligeti el\u00f6lj\u00e1r\u00f3s\u00e1g tagja, 1945-ben t\u00f6rv\u00e9ny b\u00edr\u00f3.<\/p>\n\n\n\n<h3 class=\"wp-block-heading\">1948<\/h3>\n\n\n\n<p><strong>Ben\u00e1rd G\u00e9za<\/strong> (Budapest, 1883-1969), tisztvisel\u0151, nyugalmazott OTI-aligazgat\u00f3. 1945-t\u0151l az F\u00fcggetlen Kisgazda P\u00e1rt tagja. 1946-1948-ban a R\u00e1kosligeti Nemzeti Bizotts\u00e1g tagja, 1946 v\u00e9g\u00e9t\u0151l eln\u00f6ke, 1945-t\u0151l a k\u00f6zs\u00e9gi el\u00f6lj\u00e1r\u00f3s\u00e1g tagja, 1948-t\u00f3l t\u00f6rv\u00e9nyb\u00edr\u00f3.<\/p>\n\n\n\n<div class=\"wp-block-buttons is-content-justification-center is-layout-flex wp-container-core-buttons-is-layout-16018d1d wp-block-buttons-is-layout-flex\">\n<div class=\"wp-block-button\"><a class=\"wp-block-button__link wp-element-button\" href=\"https:\/\/rakosliget.hu\/wordpress\/index.php\/kozigazgatas\/\">VISSZA A K\u00d6ZIGAZGAT\u00c1S LAPRA<\/a><\/div>\n<\/div>\n","protected":false},"excerpt":{"rendered":"<p>1931 1945 Szab\u00f3 Ill\u00e9s (L\u0151rinci, 1875-1963), M\u00c1V alkalmazott. 1945 ut\u00e1n ny. M\u00c1V \u00fczemi seg\u00e9dtiszt. 1933-1945-ben a r\u00e1kosligeti el\u00f6lj\u00e1r\u00f3s\u00e1g tagja, 1945-ben t\u00f6rv\u00e9ny b\u00edr\u00f3. 1948 Ben\u00e1rd G\u00e9za (Budapest, 1883-1969), tisztvisel\u0151, nyugalmazott OTI-aligazgat\u00f3. 1945-t\u0151l az F\u00fcggetlen Kisgazda P\u00e1rt tagja. 1946-1948-ban a R\u00e1kosligeti Nemzeti Bizotts\u00e1g tagja, 1946 v\u00e9g\u00e9t\u0151l eln\u00f6ke, 1945-t\u0151l a k\u00f6zs\u00e9gi el\u00f6lj\u00e1r\u00f3s\u00e1g tagja, 1948-t\u00f3l t\u00f6rv\u00e9nyb\u00edr\u00f3.<\/p>\n","protected":false},"author":1,"featured_media":0,"parent":0,"menu_order":0,"comment_status":"closed","ping_status":"closed","template":"","meta":{"footnotes":""},"class_list":["post-6365","page","type-page","status-publish","hentry"],"_links":{"self":[{"href":"https:\/\/rakosliget.hu\/wordpress\/index.php\/wp-json\/wp\/v2\/pages\/6365","targetHints":{"allow":["GET"]}}],"collection":[{"href":"https:\/\/rakosliget.hu\/wordpress\/index.php\/wp-json\/wp\/v2\/pages"}],"about":[{"href":"https:\/\/rakosliget.hu\/wordpress\/index.php\/wp-json\/wp\/v2\/types\/page"}],"author":[{"embeddable":true,"href":"https:\/\/rakosliget.hu\/wordpress\/index.php\/wp-json\/wp\/v2\/users\/1"}],"replies":[{"embeddable":true,"href":"https:\/\/rakosliget.hu\/wordpress\/index.php\/wp-json\/wp\/v2\/comments?post=6365"}],"version-history":[{"count":5,"href":"https:\/\/rakosliget.hu\/wordpress\/index.php\/wp-json\/wp\/v2\/pages\/6365\/revisions"}],"predecessor-version":[{"id":21929,"href":"https:\/\/rakosliget.hu\/wordpress\/index.php\/wp-json\/wp\/v2\/pages\/6365\/revisions\/21929"}],"wp:attachment":[{"href":"https:\/\/rakosliget.hu\/wordpress\/index.php\/wp-json\/wp\/v2\/media?parent=6365"}],"curies":[{"name":"wp","href":"https:\/\/api.w.org\/{rel}","templated":true}]}}

TÖRVÉNYBÍRÓK

<div class="wp-block-buttons is-layout-flex wp-block-buttons-is-layout-flex">
<div class="wp-block-button"><a class="wp-block-button__link wp-element-button" href="https://rakosliget.hu/wordpress/index.php/kozigazgatas/">VISSZA A KÖZIGAZGATÁS LAPRA</a></div>
</div>



<h3 class="wp-block-heading">1931</h3>


<div class="wp-block-image">
<figure class="aligncenter size-large"><a href="http://rakosliget.hu/wordpress/wp-content/uploads/2020/11/1931-julius-15-NAGY-lajos-torvenybiro-liget-halala.jpg"><img loading="lazy" decoding="async" width="476" height="107" src="http://rakosliget.hu/wordpress/wp-content/uploads/2020/11/1931-julius-15-NAGY-lajos-torvenybiro-liget-halala.jpg" alt="" class="wp-image-6368" srcset="https://rakosliget.hu/wordpress/wp-content/uploads/2020/11/1931-julius-15-NAGY-lajos-torvenybiro-liget-halala.jpg 476w, https://rakosliget.hu/wordpress/wp-content/uploads/2020/11/1931-julius-15-NAGY-lajos-torvenybiro-liget-halala-300x67.jpg 300w" sizes="auto, (max-width: 476px) 100vw, 476px" /></a><figcaption class="wp-element-caption">1931. július 15. Az Ujság</figcaption></figure>
</div>


<h3 class="wp-block-heading">1945</h3>



<p><strong>Szabó Illés</strong> (Lőrinci, 1875-1963), MÁV alkalmazott. 1945 után ny. MÁV üzemi segédtiszt. 1933-1945-ben a rákosligeti elöljáróság tagja, 1945-ben törvény bíró.</p>



<h3 class="wp-block-heading">1948</h3>



<p><strong>Benárd Géza</strong> (Budapest, 1883-1969), tisztviselő, nyugalmazott OTI-aligazgató. 1945-től az Független Kisgazda Párt tagja. 1946-1948-ban a Rákosligeti Nemzeti Bizottság tagja, 1946 végétől elnöke, 1945-től a községi elöljáróság tagja, 1948-tól törvénybíró.</p>



<div class="wp-block-buttons is-content-justification-center is-layout-flex wp-container-core-buttons-is-layout-16018d1d wp-block-buttons-is-layout-flex">
<div class="wp-block-button"><a class="wp-block-button__link wp-element-button" href="https://rakosliget.hu/wordpress/index.php/kozigazgatas/">VISSZA A KÖZIGAZGATÁS LAPRA</a></div>
</div>

<p>1931 1945 Szabó Illés (Lőrinci, 1875-1963), MÁV alkalmazott. 1945 után ny. MÁV üzemi segédtiszt. 1933-1945-ben a rákosligeti elöljáróság tagja, 1945-ben törvény bíró. 1948 Benárd Géza (Budapest, 1883-1969), tisztviselő, nyugalmazott OTI-aligazgató. 1945-től az Független Kisgazda Párt tagja. 1946-1948-ban a Rákosligeti Nemzeti Bizottság tagja, 1946 végétől elnöke, 1945-től a községi elöljáróság tagja, 1948-tól törvénybíró.</p>
