{"id":633,"date":"2018-03-11T05:50:10","date_gmt":"2018-03-11T04:50:10","guid":{"rendered":"http:\/\/rakosliget.hu\/wordpress\/?page_id=633"},"modified":"2025-03-08T19:25:07","modified_gmt":"2025-03-08T18:25:07","slug":"1945-januar-5","status":"publish","type":"page","link":"https:\/\/rakosliget.hu\/wordpress\/index.php\/1945-januar-5\/","title":{"rendered":"1945. janu\u00e1r 5."},"content":{"rendered":"\n<p><a href=\"https:\/\/rakosliget.hu\/wordpress\/index.php\/rakosliget-a-ii-vilaghaboruban\/\">Vissza a II. VIL\u00c1GH\u00c1BOR\u00da lapra<\/a><\/p>\n\n\n\n<h3 class=\"wp-block-heading\">1945. janu\u00e1r 5.<\/h3>\n\n\n\n<p>12. ho. (hadoszt\u00e1ly): Az ellens\u00e9g 29-\u00e9n \u00e9s 30-\u00e1n Cinkota \u00e9s R\u00e1kosliget k\u00f6z\u00f6tt t\u00e1madva, M\u00e1ty\u00e1sf\u00f6ld villamosm\u0171vekig jutott el\u0151re. Ellent\u00e1mad\u00e1s folyamatban.<\/p>\n\n\n\n<p><em>Forr\u00e1s: HL VKF Budapesti helyzetjelent\u00e9sek gy\u0171jt\u0151je. Eredeti r\u00e1di\u00f3t\u00e1virat. <\/em><\/p>\n\n\n\n<p><a href=\"https:\/\/rakosliget.hu\/wordpress\/index.php\/rakosliget-a-ii-vilaghaboruban\/\">Vissza a II. VIL\u00c1GH\u00c1BOR\u00da lapra<\/a><\/p>\n","protected":false},"excerpt":{"rendered":"<p>Vissza a II. VIL\u00c1GH\u00c1BOR\u00da lapra 1945. janu\u00e1r 5. 12. ho. (hadoszt\u00e1ly): Az ellens\u00e9g 29-\u00e9n \u00e9s 30-\u00e1n Cinkota \u00e9s R\u00e1kosliget k\u00f6z\u00f6tt t\u00e1madva, M\u00e1ty\u00e1sf\u00f6ld villamosm\u0171vekig jutott el\u0151re. Ellent\u00e1mad\u00e1s folyamatban. Forr\u00e1s: HL VKF Budapesti helyzetjelent\u00e9sek gy\u0171jt\u0151je. Eredeti r\u00e1di\u00f3t\u00e1virat. Vissza a II. VIL\u00c1GH\u00c1BOR\u00da lapra<\/p>\n","protected":false},"author":1,"featured_media":0,"parent":0,"menu_order":0,"comment_status":"closed","ping_status":"closed","template":"","meta":{"footnotes":""},"class_list":["post-633","page","type-page","status-publish","hentry"],"_links":{"self":[{"href":"https:\/\/rakosliget.hu\/wordpress\/index.php\/wp-json\/wp\/v2\/pages\/633","targetHints":{"allow":["GET"]}}],"collection":[{"href":"https:\/\/rakosliget.hu\/wordpress\/index.php\/wp-json\/wp\/v2\/pages"}],"about":[{"href":"https:\/\/rakosliget.hu\/wordpress\/index.php\/wp-json\/wp\/v2\/types\/page"}],"author":[{"embeddable":true,"href":"https:\/\/rakosliget.hu\/wordpress\/index.php\/wp-json\/wp\/v2\/users\/1"}],"replies":[{"embeddable":true,"href":"https:\/\/rakosliget.hu\/wordpress\/index.php\/wp-json\/wp\/v2\/comments?post=633"}],"version-history":[{"count":2,"href":"https:\/\/rakosliget.hu\/wordpress\/index.php\/wp-json\/wp\/v2\/pages\/633\/revisions"}],"predecessor-version":[{"id":16863,"href":"https:\/\/rakosliget.hu\/wordpress\/index.php\/wp-json\/wp\/v2\/pages\/633\/revisions\/16863"}],"wp:attachment":[{"href":"https:\/\/rakosliget.hu\/wordpress\/index.php\/wp-json\/wp\/v2\/media?parent=633"}],"curies":[{"name":"wp","href":"https:\/\/api.w.org\/{rel}","templated":true}]}}