{"id":631,"date":"2018-03-11T05:49:42","date_gmt":"2018-03-11T04:49:42","guid":{"rendered":"http:\/\/rakosliget.hu\/wordpress\/?page_id=631"},"modified":"2025-03-08T19:24:43","modified_gmt":"2025-03-08T18:24:43","slug":"1945-januar-1","status":"publish","type":"page","link":"https:\/\/rakosliget.hu\/wordpress\/index.php\/1945-januar-1\/","title":{"rendered":"1945. janu\u00e1r 1"},"content":{"rendered":"\n<p><a href=\"https:\/\/rakosliget.hu\/wordpress\/index.php\/rakosliget-a-ii-vilaghaboruban\/\">Vissza a II. VIL\u00c1GH\u00c1BOR\u00da lapra<\/a><\/p>\n\n\n\n<h3 class=\"wp-block-heading\">1945. janu\u00e1r 1.<\/h3>\n\n\n\n<p>(1944.) XII. 31.-\u00e9n a M\u00e1ty\u00e1sf\u00f6ld-i rep. t\u00e9r-re (rep\u00fcl\u0151t\u00e9rre) bet\u00f6rt kisebb er\u0151ket ellent\u00e1d-sal (ellent\u00e1mad\u00e1ssal) visszavetett\u00e9k. Benyom\u00e1s: elg. (ellens\u00e9g) Budapest elfoglal\u00e1s\u00e1ra ir\u00e1nyul\u00f3 t\u00e1d-ait (t\u00e1mad\u00e1sait) fokozni fogja.<\/p>\n\n\n\n<p>Billnitzer csop.: XII. 30-\u00e1n R\u00e1koskereszt\u00far-t\u00f3l \u00c9-ra (\u00c9szakra)a 24. rot\u00fc. oszt. (rohamt\u00fcz\u00e9r) arcvonal\u00e1n az elg. (ellens\u00e9g) bet\u00f6rt. Bak\u00f3 Barnab\u00e1s \u0151rgy. oszt.pk. (osztagparancsnok) szem\u00e9lyesen vezetett ellent\u00e1d-a (ellent\u00e1mad\u00e1sa) k\u00f6vetkezt\u00e9ben a f\u0151ellen\u00e1ll\u00e1si vonalat az eredeti hely\u00e9re igaz\u00edtotta vissza. Az elg. (ellens\u00e9g) vesztes\u00e9ge halottakban \u00e9s sebes\u00fcltekben igen nagy. Egy orosz \u0151rgy. (\u0151rnagy) elfogat\u00e1sa el\u0151tt \u00f6ngyilkos lett.<br>F\u0151ellen\u00e1ll\u00e1si vonal: Csepel-sziget-t\u0151l, R\u00e1kosliget \u00edr\u00e1st\u00f3l DNy 1 km-re l\u00e9v\u0151 h\u00e1rp-ig (h\u00e1romsz\u00f6gel\u00e9si pontig) v\u00e1ltozatlan, innen \u00c9Ny 3 km-re Sashalom &#8222;m&#8221; bet\u0171j\u00e9t\u0151l D-re l\u00e9v\u0151 v.v.m., tov\u00e1bb DNy-ra a vas\u00fat ment\u00e9n a Pest\u00fajhely-re vezet\u0151 villamos vas\u00fatig, majd a villamos vas\u00fat ment\u00e9n Pest\u00fajhely &#8222;P&#8221; bet\u0171j\u00e9ig, majd tov\u00e1bb Pest\u00fajhely, Palota\u00fajfalu, R\u00e1kospalota szeg\u00e9ly\u00e9n a 115 magp-ig (magass\u00e1gi pontig), innen tov\u00e1bb v\u00e1ltozatlan.<\/p>\n\n\n\n<p>Hdt.pk. (hadtest parancsnok) rendelet\u00e9b\u0151l:<br>Kov\u00e1cs vk. (vez\u00e9rkari) szds. (sz\u00e1zados) sk.<br>a.ov.h. (aloszt\u00e1lyvezet\u0151 helyettes)<\/p>\n\n\n\n<p><em>Forr\u00e1s: HL VKF Budapesti helyzetjelent\u00e9sek gy\u0171jt\u0151je, 920.\/I.hdt.I\/a. Egykor\u00fa hiteles m\u00e1solatb\u00f3l r\u00e9szletek.<\/em><\/p>\n\n\n\n<p><a href=\"https:\/\/rakosliget.hu\/wordpress\/index.php\/rakosliget-a-ii-vilaghaboruban\/\">Vissza a II. VIL\u00c1GH\u00c1BOR\u00da lapra<\/a><span data-canvas-width=\"689.5839862395408\">\u00a0<\/span><\/p>\n","protected":false},"excerpt":{"rendered":"<p>Vissza a II. VIL\u00c1GH\u00c1BOR\u00da lapra 1945. janu\u00e1r 1. (1944.) XII. 31.-\u00e9n a M\u00e1ty\u00e1sf\u00f6ld-i rep. t\u00e9r-re (rep\u00fcl\u0151t\u00e9rre) bet\u00f6rt kisebb er\u0151ket ellent\u00e1d-sal (ellent\u00e1mad\u00e1ssal) visszavetett\u00e9k. Benyom\u00e1s: elg. (ellens\u00e9g) Budapest elfoglal\u00e1s\u00e1ra ir\u00e1nyul\u00f3 t\u00e1d-ait (t\u00e1mad\u00e1sait) fokozni fogja. Billnitzer csop.: XII. 30-\u00e1n R\u00e1koskereszt\u00far-t\u00f3l \u00c9-ra (\u00c9szakra)a 24. rot\u00fc. oszt. (rohamt\u00fcz\u00e9r) arcvonal\u00e1n az elg. (ellens\u00e9g) bet\u00f6rt. Bak\u00f3 Barnab\u00e1s \u0151rgy. oszt.pk. (osztagparancsnok) szem\u00e9lyesen vezetett &hellip; <a href=\"https:\/\/rakosliget.hu\/wordpress\/index.php\/1945-januar-1\/\" class=\"more-link\"><span class=\"screen-reader-text\">1945. janu\u00e1r 1<\/span> r\u00e9szletei&#8230;<\/a><\/p>\n","protected":false},"author":1,"featured_media":0,"parent":0,"menu_order":0,"comment_status":"closed","ping_status":"closed","template":"","meta":{"footnotes":""},"class_list":["post-631","page","type-page","status-publish","hentry"],"_links":{"self":[{"href":"https:\/\/rakosliget.hu\/wordpress\/index.php\/wp-json\/wp\/v2\/pages\/631","targetHints":{"allow":["GET"]}}],"collection":[{"href":"https:\/\/rakosliget.hu\/wordpress\/index.php\/wp-json\/wp\/v2\/pages"}],"about":[{"href":"https:\/\/rakosliget.hu\/wordpress\/index.php\/wp-json\/wp\/v2\/types\/page"}],"author":[{"embeddable":true,"href":"https:\/\/rakosliget.hu\/wordpress\/index.php\/wp-json\/wp\/v2\/users\/1"}],"replies":[{"embeddable":true,"href":"https:\/\/rakosliget.hu\/wordpress\/index.php\/wp-json\/wp\/v2\/comments?post=631"}],"version-history":[{"count":3,"href":"https:\/\/rakosliget.hu\/wordpress\/index.php\/wp-json\/wp\/v2\/pages\/631\/revisions"}],"predecessor-version":[{"id":16862,"href":"https:\/\/rakosliget.hu\/wordpress\/index.php\/wp-json\/wp\/v2\/pages\/631\/revisions\/16862"}],"wp:attachment":[{"href":"https:\/\/rakosliget.hu\/wordpress\/index.php\/wp-json\/wp\/v2\/media?parent=631"}],"curies":[{"name":"wp","href":"https:\/\/api.w.org\/{rel}","templated":true}]}}