{"id":629,"date":"2018-03-11T05:46:35","date_gmt":"2018-03-11T04:46:35","guid":{"rendered":"http:\/\/rakosliget.hu\/wordpress\/?page_id=629"},"modified":"2025-03-08T19:24:19","modified_gmt":"2025-03-08T18:24:19","slug":"hadijelentes-1944-december-29","status":"publish","type":"page","link":"https:\/\/rakosliget.hu\/wordpress\/index.php\/hadijelentes-1944-december-29\/","title":{"rendered":"HADIJELENT\u00c9S 1944. december 29."},"content":{"rendered":"\n<p><a href=\"https:\/\/rakosliget.hu\/wordpress\/index.php\/rakosliget-a-ii-vilaghaboruban\/\">Vissza a II. VIL\u00c1GH\u00c1BOR\u00da lapra<\/a><\/p>\n\n\n\n<h3 class=\"wp-block-heading\"><a id=\"ha1\" name=\"ha1\"><\/a>1944. december 29.<\/h3>\n\n\n\n<h3 class=\"wp-block-heading\">A budapesti I. hadtest napi helyzetjelent\u00e9se a Honv\u00e9delmi Miniszt\u00e9rium \u00e9s a Honv\u00e9d F\u0151parancsnoks\u00e1g sz\u00e1m\u00e1ra.<\/h3>\n\n\n\n<p>12.ho: XII. 28-\u00e1n R\u00e1kosliget \u00edr\u00e1s 152 magp. (magass\u00e1gi pont) \u00e9s Cinkota D-en bet\u00f6rt elg-et (ellens\u00e9get) ellent\u00e1d-al (ellent\u00e1mad\u00e1ssal) siker\u00fclt visszavetni. XII. 29-\u00e9n az elg. (ellens\u00e9g) er\u0151s t\u00e1d-t (t\u00e1mad\u00e1st) ind\u00edtott R\u00e1kosliget \u00edr\u00e1s \u00e9s Cinkota d. k\u00f6z\u00f6tti ter\u00fcleten. Tart-ok (tartal\u00e9kok) bevet\u00e9se ellen\u00e9re is siker\u00fclt bet\u00f6rnie az elg-nak (ellens\u00e9gnek) az \u00e1ll\u00e1sokba. Kisebb r\u00e9szek M\u00e1ty\u00e1sf\u00f6ld K-i szeg\u00e9ly\u00e9t \u00e9rte el. A 163 h\u00e1rp. (h\u00e1romsz\u00f6gel\u00e9si pont) saj\u00e1t k\u00e9zben van. Ellent\u00e1d. (ellent\u00e1mad\u00e1s) folyamatban. R\u00e1kosliget \u00e9s R\u00e1koskereszt\u00far k\u00f6z\u00f6tt az \u00fat \u00e9s vas\u00fat ment\u00e9n t\u00e1d-\u00f3 (t\u00e1mad\u00f3) elg. (ellens\u00e9ges) csoportot a j\u00f3l fek\u00fcdt t\u00fc. (t\u00fcz\u00e9rs\u00e9gi) t\u0171z meghi\u00fas\u00edtott. Benyom\u00e1s: elg. (ellens\u00e9g) nyom\u00e1sa tov\u00e1bb fog tartani.<\/p>\n\n\n\n<p><em>Forr\u00e1s: HL VKF Budapesti helyzetjelent\u00e9sek gy\u0171jt\u0151je, 895.\/I.hdt.I\/a. R\u00e1di\u00f3t\u00e1virat <\/em><\/p>\n\n\n\n<p><a href=\"https:\/\/rakosliget.hu\/wordpress\/index.php\/rakosliget-a-ii-vilaghaboruban\/\">Vissza a II. VIL\u00c1GH\u00c1BOR\u00da lapra<\/a><\/p>\n","protected":false},"excerpt":{"rendered":"<p>Vissza a II. VIL\u00c1GH\u00c1BOR\u00da lapra 1944. december 29. A budapesti I. hadtest napi helyzetjelent\u00e9se a Honv\u00e9delmi Miniszt\u00e9rium \u00e9s a Honv\u00e9d F\u0151parancsnoks\u00e1g sz\u00e1m\u00e1ra. 12.ho: XII. 28-\u00e1n R\u00e1kosliget \u00edr\u00e1s 152 magp. (magass\u00e1gi pont) \u00e9s Cinkota D-en bet\u00f6rt elg-et (ellens\u00e9get) ellent\u00e1d-al (ellent\u00e1mad\u00e1ssal) siker\u00fclt visszavetni. XII. 29-\u00e9n az elg. (ellens\u00e9g) er\u0151s t\u00e1d-t (t\u00e1mad\u00e1st) ind\u00edtott R\u00e1kosliget \u00edr\u00e1s \u00e9s Cinkota d. &hellip; <a href=\"https:\/\/rakosliget.hu\/wordpress\/index.php\/hadijelentes-1944-december-29\/\" class=\"more-link\"><span class=\"screen-reader-text\">HADIJELENT\u00c9S 1944. december 29.<\/span> r\u00e9szletei&#8230;<\/a><\/p>\n","protected":false},"author":1,"featured_media":0,"parent":0,"menu_order":0,"comment_status":"closed","ping_status":"closed","template":"","meta":{"footnotes":""},"class_list":["post-629","page","type-page","status-publish","hentry"],"_links":{"self":[{"href":"https:\/\/rakosliget.hu\/wordpress\/index.php\/wp-json\/wp\/v2\/pages\/629","targetHints":{"allow":["GET"]}}],"collection":[{"href":"https:\/\/rakosliget.hu\/wordpress\/index.php\/wp-json\/wp\/v2\/pages"}],"about":[{"href":"https:\/\/rakosliget.hu\/wordpress\/index.php\/wp-json\/wp\/v2\/types\/page"}],"author":[{"embeddable":true,"href":"https:\/\/rakosliget.hu\/wordpress\/index.php\/wp-json\/wp\/v2\/users\/1"}],"replies":[{"embeddable":true,"href":"https:\/\/rakosliget.hu\/wordpress\/index.php\/wp-json\/wp\/v2\/comments?post=629"}],"version-history":[{"count":2,"href":"https:\/\/rakosliget.hu\/wordpress\/index.php\/wp-json\/wp\/v2\/pages\/629\/revisions"}],"predecessor-version":[{"id":16861,"href":"https:\/\/rakosliget.hu\/wordpress\/index.php\/wp-json\/wp\/v2\/pages\/629\/revisions\/16861"}],"wp:attachment":[{"href":"https:\/\/rakosliget.hu\/wordpress\/index.php\/wp-json\/wp\/v2\/media?parent=629"}],"curies":[{"name":"wp","href":"https:\/\/api.w.org\/{rel}","templated":true}]}}