{"id":620,"date":"2018-03-11T05:28:42","date_gmt":"2018-03-11T04:28:42","guid":{"rendered":"http:\/\/rakosliget.hu\/wordpress\/?page_id=620"},"modified":"2025-03-08T19:23:25","modified_gmt":"2025-03-08T18:23:25","slug":"1945-2","status":"publish","type":"page","link":"https:\/\/rakosliget.hu\/wordpress\/index.php\/1945-2\/","title":{"rendered":"1945"},"content":{"rendered":"\n<p><a href=\"https:\/\/rakosliget.hu\/wordpress\/index.php\/rakosliget-a-ii-vilaghaboruban\/\">Vissza a II. VIL\u00c1GH\u00c1BOR\u00da lapra<\/a><\/p>\n\n\n<p><strong>\u00a0<\/strong><\/p>\n<p><span class=\"mvhSzakkonyv_LE_C_msor_4\"><span class=\"mvhSzakkonyv_FE_C_m\">1945. janu\u00e1r 5.<\/span> <\/span><\/p>\n<div class=\"mvhSzakkonyv_RD_C_msor_4\">\n<h6 class=\"mvhSzakkonyv_LE_C_msor_4\"><span class=\"mvhSzakkonyv_LE_C_msor_4\"><span class=\"mvhSzakkonyv_FE_C_m\">A budapesti I. hadtest napi helyzetjelent\u00e9se a Honv\u00e9delmi Miniszt\u00e9rium \u00e9s a Honv\u00e9d F\u0151parancsnoks\u00e1g sz\u00e1m\u00e1ra.<\/span> <\/span><\/h6>\n<\/div>\n<div class=\"mvhSzakkonyv_RD\">\n<div class=\"mvhSzakkonyv_LE_\"><span class=\"mvhSzakkonyv_LE_\"> NAPI JELENT\u00c9S <\/span><\/div>\n<\/div>\n<div class=\"mvhSzakkonyv_RD\">\n<div class=\"mvhSzakkonyv_LE_\"><span class=\"mvhSzakkonyv_LE_\"> I. Pesti h\u00eddf\u0151: Soroks\u00e1r\u2014Pestszentimre k\u00f6z\u00f6tt kb. ezreder\u0151ben t\u00e1mad\u00f3 ellens\u00e9g Pestszenterzs\u00e9bet ir\u00e1ny\u00e1ban t\u00e9rt nyert. A 22. SS-lov. ellent\u00e1mad\u00e1sa a r\u00e9gi \u00e1ll\u00e1sok 80 sz\u00e1zal\u00e9k\u00e1t visszafoglalta. <\/span><\/div>\n<\/div>\n<div class=\"mvhSzakkonyv_RD\">\n<div class=\"mvhSzakkonyv_LE_\"><span class=\"mvhSzakkonyv_LE_\"> 12. ho.: Az ellens\u00e9g 29-\u00e9n \u00e9s 30-\u00e1n Cinkota \u00e9s <mark>R\u00e1kosliget<\/mark> k\u00f6z\u00f6tt t\u00e1madva, M\u00e1ty\u00e1sf\u00f6ld villamosm\u0171vekig jutott el\u0151re. Ellent\u00e1mad\u00e1s folyamatban. <\/span><\/div>\n<\/div>\n<div class=\"mvhSzakkonyv_RD\">\n<div class=\"mvhSzakkonyv_LE_\"><span class=\"mvhSzakkonyv_LE_\"> 10. ho.: Ellens\u00e9ges nyom\u00e1sra a ho. R\u00e1kosszentmih\u00e1ly \u00e9szakon \u00faj \u00e1ll\u00e1sokat foglalt, ahol az elfoglaland\u00f3 \u00faj \u00e1ll\u00e1sokon t\u00fal t\u00f6rt el\u0151re. A M\u00e1ty\u00e1sf\u00f6ld \u00e9s R\u00e1kosszentmih\u00e1ly ir\u00e1ny\u00e1ba bet\u00f6rt ellens\u00e9g kivet\u00e9s\u00e9re az ellent\u00e1mad\u00e1s folyamatban. <\/span><\/div>\n<\/div>\n<div class=\"mvhSzakkonyv_RD\">\n<div class=\"mvhSzakkonyv_LE_\"><span class=\"mvhSzakkonyv_LE_\"> II. Budai h\u00eddf\u0151: \u00c9szakon az ellens\u00e9g t\u00e1mad\u00e1sai a v\u00e9d\u0151k t\u00fcz\u00e9ben \u00f6sszeomlottak. K\u00f6z\u00e9ps\u0151 arcvonalon kisebb j\u00e1r\u0151rv\u00e1llalkoz\u00e1sok. D\u00e9li arcvonalon az ellens\u00e9g t\u00e1madva el\u00e9rte a L\u00e1gym\u00e1nyos \u00edr\u00e1s \u201eL\u201d bet\u0171j\u00e9t. <\/span><\/div>\n<\/div>\n<div class=\"mvhSzakkonyv_RD\">\n<div class=\"mvhSzakkonyv_LE_\"><span class=\"mvhSzakkonyv_LE_\"> HL VKF Budapesti helyzetjelent\u00e9sek gy\u0171jt\u0151je <\/span><\/div>\n<\/div>\n<div class=\"mvhSzakkonyv_RD\">\n<div class=\"mvhSzakkonyv_LE_\"><em><span class=\"mvhSzakkonyv_LE_\"> Eredeti r\u00e1di\u00f3t\u00e1virat. <\/span><\/em><\/div>\n<div>\u00a0<\/div>\n<\/div>\n<p><span class=\"mvhSzakkonyv_LE_C_msor_4\"><span class=\"mvhSzakkonyv_FE_C_m\">1945. janu\u00e1r 10.<\/span> <\/span><\/p>\n<h5>1945. janu\u00e1r 10. A budapesti I. hadtest napi helyzetjelent\u00e9se a Honv\u00e9delmi Miniszt\u00e9rium \u00e9s a Honv\u00e9d F\u0151parancsnoks\u00e1g sz\u00e1m\u00e1ra.<\/h5>\n<div class=\"mvhSzakkonyv_RD\">\n<div class=\"mvhSzakkonyv_LE_\"><span class=\"mvhSzakkonyv_LE_\"> NAPI JELENT\u00c9S <\/span><\/div>\n<\/div>\n<div class=\"mvhSzakkonyv_RD\">\n<div class=\"mvhSzakkonyv_LE_\"><span class=\"mvhSzakkonyv_LE_\"> I. Pesti h\u00eddf\u0151 elfoglal\u00e1s\u00e1t elg. er\u0151s tartal\u00e9kok bevet\u00e9s\u00e9vel igyekszik gyors\u00edtani. Pestszenterzs\u00e9bet \u00c9Ny-on \u00e9s <mark>R\u00e1kosliget<\/mark> \u00c9K-i r\u00e9sz\u00e9n az elg.-nek siker\u00fclt 1200 m-re bet\u00f6rnie. <\/span><\/div>\n<\/div>\n<div class=\"mvhSzakkonyv_RD\">\n<div class=\"mvhSzakkonyv_LE_\"><span class=\"mvhSzakkonyv_LE_\"> II. R\u00e1kosrend. pu.-t az elg. elfoglalta. I. 9-\u00e9n \u00e9jszaka \u00dajpestet ki\u00fcr\u00edtett\u00e9k. A Bpest-Magdolnav\u00e1ros v\u00e1.-n\u00e1l tervezett v\u00e9d\u0151\u00e1ll\u00e1st az elg. \u00e1tt\u00f6rte, \u00e9s estig R\u00e1kosp. vonal\u00e1t \u00e9rte el. <\/span><\/div>\n<\/div>\n<div class=\"mvhSzakkonyv_RD\">\n<div class=\"mvhSzakkonyv_LE_\"><span class=\"mvhSzakkonyv_LE_\"> Budai h\u00eddf\u0151ben l\u00e9nyegesebb harccselekm\u00e9ny nem volt. Av. \u00e9s t\u00fc. t\u0171z fokoz\u00f3dik. <\/span><\/div>\n<\/div>\n<div class=\"mvhSzakkonyv_RD\">\n<div class=\"mvhSzakkonyv_LE_\"><span class=\"mvhSzakkonyv_LE_\"> HL VKF Budapesti helyzetjelent\u00e9sek gy\u0171jt\u0151je, 1025\/I.hdt.I.a. <\/span><\/div>\n<\/div>\n<div class=\"mvhSzakkonyv_RD\">\n<div class=\"mvhSzakkonyv_LE_\"><em><span class=\"mvhSzakkonyv_LE_\"> R\u00e1di\u00f3t\u00e1virat <\/span><\/em><\/div>\n<div>\u00a0<\/div>\n<\/div>\n<h6>H\u0151si halottak:<\/h6>\n<h6><a href=\"http:\/\/www.hadisir.hu\/?o*=2&amp;bejegyzesek=lista&amp;*=0&amp;kategoria=3&amp;nev=Keszei+J%C3%B3zsef&amp;szul_ido=%C3%89%C3%89%C3%89%C3%89-HH-NN&amp;anyja_neve=&amp;p*=5\" target=\"_new\" rel=\"noopener noreferrer\">Keszei J\u00f3zsef<\/a> honv\u00e9d Dobsina 1945. janu\u00e1r 15.<br \/>Erd\u0151ss Ferenc K\u0151szeg 1945. janu\u00e1r 8.<br \/><a href=\"http:\/\/www.hadisir.hu\/?o*=2&amp;bejegyzesek=lista&amp;*=0&amp;kategoria=3&amp;nev=S%C3%ADpos+Zolt%C3%A1n&amp;szul_ido=%C3%89%C3%89%C3%89%C3%89-HH-NN&amp;anyja_neve=&amp;p*=5\" target=\"_new\" rel=\"noopener noreferrer\">S\u00edpos Zolt\u00e1n<\/a> honv\u00e9d Kecskem\u00e9t 1945. \u00e1prilis 25. hadifogolyt\u00e1borban<br \/><a href=\"http:\/\/www.hadisir.hu\/?o*=2&amp;bejegyzesek=lista&amp;*=0&amp;kategoria=3&amp;nev=Jo%C3%B3+Lajos&amp;szul_ido=%C3%89%C3%89%C3%89%C3%89-HH-NN&amp;anyja_neve=&amp;p*=5\" target=\"_new\" rel=\"noopener noreferrer\">Jo\u00f3 Lajos<\/a> v\u00e9rhasban halt meg hadifogolyt\u00e1borban 1945. m\u00e1jus 22-\u00e9n Szegeden<br \/><a href=\"http:\/\/www.hadisir.hu\/?o*=2&amp;bejegyzesek=lista&amp;*=0&amp;kategoria=3&amp;nev=Szab%C3%B3p%C3%A1l+Mikl%C3%B3s&amp;szul_ido=%C3%89%C3%89%C3%89%C3%89-HH-NN&amp;anyja_neve=&amp;p*=5\" target=\"_new\" rel=\"noopener noreferrer\">Szab\u00f3p\u00e1l Mikl\u00f3s<\/a> honv\u00e9d 1945. janu\u00e1r 3.<br \/>G\u00f3th L\u00e1szl\u00f3 karpaszom\u00e1nyos honv\u00e9d Iasi<br \/>Metzl Lajos malenkij robot Bask\u00edria<br \/>D\u00e9v\u00e9nyi Dezs\u0151 1945. febru\u00e1r 8-\u00e1n vitt\u00e9k el melenkij robotra.<br \/>D\u00e9v\u00e9nyi Vilma v\u00f6r\u00f6skeresztes n\u0151v\u00e9r B\u00e9cs<br \/>T\u00f3th Lajos m\u0171szer\u00e9sz bombat\u00e1mad\u00e1skor halt meg<br \/>K\u00e1rp\u00e1ti Tibor Zolt\u00e1n malenkij robot 1944 v\u00e9g\u00e9n vitt\u00e9k el.<\/h6>\n<p>\u00c9vsz\u00e1mhoz nem k\u00f6thet\u0151 halottak:<\/p>\n<h6>Blaska Ferenc<br \/>D\u00e9vai Gy\u00f6rgy<br \/>Bajor (Frei) Endre<br \/>Nagy Alfr\u00e9d<br \/>Scorna Zolt\u00e1n<br \/>Winczurek L\u00e1szl\u00f3<\/h6>\n<h6>A J\u00e1r\u00e1sb\u00edr\u00f3s\u00e1g nyilv\u00e1n\u00edtotta holtt\u00e1 az al\u00e1bbi R\u00e1kosligeti lakosokat:<br \/>Elek Gy\u00f6rgy honv\u00e9d, 1945. \u00e1prilis 15.<br \/>Waldmann Albertn\u00e9 1945. \u00e1prilis 15.<br \/>Szigeti Lajos 1948. janu\u00e1r 13.<br \/>Sz\u00e1sz Gy\u00f6rgy, Sz\u00e1sz Istv\u00e1n, Sz\u00e1sz J\u00e1nos 1944. j\u00falius 15.<br \/>Sz\u00e1sz Gyula Buchenwald 1945. m\u00e1rcius 27.<br \/>Sch\u0151ngut Tibor 1944. j\u00falius 15.<br \/>Schwarz Mikl\u00f3s munkaszolg\u00e1latos 1943. december 31.<br \/>M\u00fcncz \u00c9va 1945. augusztus 15.<\/h6>\n<p>\u00a0<\/p>\n<p><a href=\"https:\/\/rakosliget.hu\/wordpress\/index.php\/rakosliget-a-ii-vilaghaboruban\/\">Vissza a II. VIL\u00c1GH\u00c1BOR\u00da lapra<\/a><\/p>","protected":false},"excerpt":{"rendered":"<p>Vissza a II. VIL\u00c1GH\u00c1BOR\u00da lapra \u00a0 1945. janu\u00e1r 5. A budapesti I. hadtest napi helyzetjelent\u00e9se a Honv\u00e9delmi Miniszt\u00e9rium \u00e9s a Honv\u00e9d F\u0151parancsnoks\u00e1g sz\u00e1m\u00e1ra. NAPI JELENT\u00c9S I. Pesti h\u00eddf\u0151: Soroks\u00e1r\u2014Pestszentimre k\u00f6z\u00f6tt kb. ezreder\u0151ben t\u00e1mad\u00f3 ellens\u00e9g Pestszenterzs\u00e9bet ir\u00e1ny\u00e1ban t\u00e9rt nyert. A 22. SS-lov. ellent\u00e1mad\u00e1sa a r\u00e9gi \u00e1ll\u00e1sok 80 sz\u00e1zal\u00e9k\u00e1t visszafoglalta. 12. ho.: Az ellens\u00e9g 29-\u00e9n \u00e9s 30-\u00e1n &hellip; <a href=\"https:\/\/rakosliget.hu\/wordpress\/index.php\/1945-2\/\" class=\"more-link\"><span class=\"screen-reader-text\">1945<\/span> r\u00e9szletei&#8230;<\/a><\/p>\n","protected":false},"author":1,"featured_media":0,"parent":0,"menu_order":0,"comment_status":"closed","ping_status":"closed","template":"","meta":{"footnotes":""},"class_list":["post-620","page","type-page","status-publish","hentry"],"_links":{"self":[{"href":"https:\/\/rakosliget.hu\/wordpress\/index.php\/wp-json\/wp\/v2\/pages\/620","targetHints":{"allow":["GET"]}}],"collection":[{"href":"https:\/\/rakosliget.hu\/wordpress\/index.php\/wp-json\/wp\/v2\/pages"}],"about":[{"href":"https:\/\/rakosliget.hu\/wordpress\/index.php\/wp-json\/wp\/v2\/types\/page"}],"author":[{"embeddable":true,"href":"https:\/\/rakosliget.hu\/wordpress\/index.php\/wp-json\/wp\/v2\/users\/1"}],"replies":[{"embeddable":true,"href":"https:\/\/rakosliget.hu\/wordpress\/index.php\/wp-json\/wp\/v2\/comments?post=620"}],"version-history":[{"count":5,"href":"https:\/\/rakosliget.hu\/wordpress\/index.php\/wp-json\/wp\/v2\/pages\/620\/revisions"}],"predecessor-version":[{"id":16859,"href":"https:\/\/rakosliget.hu\/wordpress\/index.php\/wp-json\/wp\/v2\/pages\/620\/revisions\/16859"}],"wp:attachment":[{"href":"https:\/\/rakosliget.hu\/wordpress\/index.php\/wp-json\/wp\/v2\/media?parent=620"}],"curies":[{"name":"wp","href":"https:\/\/api.w.org\/{rel}","templated":true}]}}