{"id":617,"date":"2018-03-11T05:27:04","date_gmt":"2018-03-11T04:27:04","guid":{"rendered":"http:\/\/rakosliget.hu\/wordpress\/?page_id=617"},"modified":"2025-09-14T10:41:04","modified_gmt":"2025-09-14T09:41:04","slug":"1944-2","status":"publish","type":"page","link":"https:\/\/rakosliget.hu\/wordpress\/index.php\/1944-2\/","title":{"rendered":"1944"},"content":{"rendered":"\n<p><a href=\"https:\/\/rakosliget.hu\/wordpress\/index.php\/rakosliget-a-ii-vilaghaboruban\/\">Vissza a II. VIL\u00c1GH\u00c1BOR\u00da lapra<\/a><\/p>\n\n\n\n<p>1944 t\u00f6rt\u00e9n\u00e9sei a sajt\u00f3ban. <a href=\"https:\/\/rakosliget.hu\/wordpress\/index.php\/delmagyarorszag\/\">D\u00e9lmagyarorsz\u00e1g.<\/a><\/p>\n\n\n<p><strong>1944.<\/strong><\/p>\n<p>152 idegen \u00e9l R\u00e1kosligeten. A m\u00e1jus 15-i deport\u00e1l\u00e1s sor\u00e1n 97 ember vittek R\u00e1koskereszt\u00farra. G\u00f3zon Gyula \u00e9s 13 munkaszolg\u00e1latos maradhatott R\u00e1kosligeten.<br \/>300 n\u00e9met katona van a mag\u00e1nh\u00e1zakn\u00e1l elsz\u00e1ll\u00e1solva. Z\u00f6m\u00e9ben a kitelep\u00edtett, elhurcolt zsid\u00f3k h\u00e1zaiban laktak.<\/p>\n<p>A Nyilas P\u00e1rt vez\u00e9re T\u00f3th Gyula. A p\u00e1rth\u00e1z a VI. utca 1. al\u00e1 a P\u00e1lf\u00f6ldi vend\u00e9gl\u0151be k\u00f6lt\u00f6z\u00f6tt.<\/p>\n<hr \/>\n<p>A polg\u00e1ri K\u00f6r (ma a Csekovszky M\u0171vel\u0151d\u00e9si H\u00e1z) fegyverrakt\u00e1r.<br \/>Feltehet\u0151en innen sz\u00e1rmazik az al\u00e1bbi jelent\u00e9s:<\/p>\n<blockquote>\n<p>Az 1. SS-rend\u0151rezred fegyverzeti jelent\u00e9se a 22. SS-\u00f6nk\u00e9ntes lovashadoszt\u00e1lynak.<\/p>\n<p>1. SS-rend\u0151rezred\u00a0\u00a0\u00a0\u00a0Ezred-harc\u00e1ll\u00e1spont, 1944. 12. 29.<br \/>&#8211; I b &#8211;<\/p>\n<p>T\u00e1rgy: jelent\u00e9s<\/p>\n<p>Hivatkoz\u00e1s: 1944. 11. 7-i ho.-parancs<\/p>\n<p>A 22. SS-\u00f6nk. lov. hadoszt\u00e1lynak<\/p>\n<p>I. Fegyver, eszk\u00f6z \u00e9s l\u0151szer<br \/>Napi jelent\u00e9sek<br \/>L\u0151szerfelhaszn\u00e1l\u00e1si jelent\u00e9s 1944. 12. 28-r\u00f3l<\/p>\n<table align=\"center\">\n<tbody>\n<tr align=\"left\" valign=\"center\">\n<td>karab\u00e9lyl\u0151szer<\/td>\n<td>7 200<\/td>\n<td>l\u00f6v\u00e9s<\/td>\n<\/tr>\n<tr align=\"left\" valign=\"center\">\n<td>gpu-l\u0151szer<\/td>\n<td>12 400<\/td>\n<td>l\u00f6v\u00e9s<\/td>\n<\/tr>\n<tr align=\"left\" valign=\"center\">\n<td>gpi-l\u0151szer<\/td>\n<td>815<\/td>\n<td>l\u00f6v\u00e9s<\/td>\n<\/tr>\n<tr align=\"left\" valign=\"center\">\n<td>puskagr\u00e1n\u00e1t (repesz)<\/td>\n<td>55<\/td>\n<td>darab<\/td>\n<\/tr>\n<tr align=\"left\" valign=\"center\">\n<td>puskagr\u00e1n\u00e1t (p\u00e1nc\u00e9lt\u00f6r\u0151)<\/td>\n<td>15<\/td>\n<td>darab<\/td>\n<\/tr>\n<tr align=\"left\" valign=\"center\">\n<td>p\u00e1nc\u00e9l\u00f6k\u00f6l<\/td>\n<td>7<\/td>\n<td>darab<\/td>\n<\/tr>\n<tr align=\"left\" valign=\"center\">\n<td>nyeles k\u00e9zigr\u00e1n\u00e1t<\/td>\n<td>&#8211;<\/td>\n<\/tr>\n<tr align=\"left\" valign=\"center\">\n<td>toj\u00e1s k\u00e9zigr\u00e1n\u00e1t<\/td>\n<td>&#8211;<\/td>\n<\/tr>\n<tr align=\"left\" valign=\"center\">\n<td>vil\u00e1g\u00edt\u00f3l\u00f6ved\u00e9k<\/td>\n<td>&#8211;<\/td>\n<\/tr>\n<tr align=\"left\" valign=\"center\">\n<td>jelz\u0151l\u0151szer (z\u00f6ld)<\/td>\n<td>&#8211;<\/td>\n<\/tr>\n<tr align=\"left\" valign=\"center\">\n<td>jelz\u0151l\u0151szer (piros)<\/td>\n<td>&#8211;<\/td>\n<\/tr>\n<tr align=\"left\" valign=\"center\">\n<td>aknavet\u0151-l\u0151szer<\/td>\n<td>181<\/td>\n<td>darab<\/td>\n<\/tr>\n<\/tbody>\n<\/table>\n<p>L\u0151szerig\u00e9nyl\u00e9s: = l\u0151szerfelhaszn\u00e1l\u00e1s<br \/>Fegyverzeti vesztes\u00e9g:<br \/>aa. Az ellens\u00e9g kez\u00e9be ker\u00fclt: 1 k. MG-34, 1 MG-34 \u00e1llv\u00e1ny, 1 t\u00e1vcs\u0151<br \/>bb. Az ellens\u00e9g tev\u00e9kenys\u00e9ge k\u00f6zben megsemmis\u00fclt: a jelent\u00e9s hi\u00e1nyzik<br \/>cc. Karbantart\u00e1sra szorul:<br \/>2 k. MG-34<br \/>L\u00f6vegekkel kapcsolatos k\u00fcl\u00f6nleges esem\u00e9ny: nincs<\/p>\n<p>olvashatatlan al\u00e1\u00edr\u00e1s<\/p>\n<p>A rend\u0151rs\u00e9g tart. f\u0151hdgy-a \u00e9s 1. pcs\u0151rti.<\/p>\n<p>L\u0151szerk\u00e9szlet:<\/p>\n<\/blockquote>\n<table align=\"center\">\n<tbody>\n<tr align=\"left\" valign=\"center\">\n<td>\n<blockquote>\n<p>aknavet\u0151-l\u0151szer<\/p>\n<\/blockquote>\n<\/td>\n<td>\u00a0<\/td>\n<td>\n<blockquote>\n<p>181<\/p>\n<\/blockquote>\n<\/td>\n<\/tr>\n<tr align=\"left\" valign=\"center\">\n<td>\n<blockquote>\n<p>puskagr\u00e1n\u00e1t<\/p>\n<\/blockquote>\n<\/td>\n<td>\u00a0<\/td>\n<td>\n<blockquote>\n<p>350<\/p>\n<\/blockquote>\n<\/td>\n<\/tr>\n<tr align=\"left\" valign=\"center\">\n<td>\n<blockquote>\n<p>gpu-l\u0151szer<\/p>\n<\/blockquote>\n<\/td>\n<td>\u00a0<\/td>\n<td>\n<blockquote>\n<p>90 000<\/p>\n<\/blockquote>\n<\/td>\n<\/tr>\n<tr align=\"left\" valign=\"center\">\n<td>\n<blockquote>\n<p>puskal\u0151szer<\/p>\n<\/blockquote>\n<\/td>\n<td>\u00a0<\/td>\n<td>\n<blockquote>\n<p>42 000<\/p>\n<\/blockquote>\n<\/td>\n<\/tr>\n<tr align=\"left\" valign=\"center\">\n<td>\n<blockquote>\n<p>gpi-l\u0151szer<\/p>\n<\/blockquote>\n<\/td>\n<td>\u00a0<\/td>\n<td>\n<blockquote>\n<p>21 000<\/p>\n<\/blockquote>\n<\/td>\n<\/tr>\n<tr align=\"left\" valign=\"center\">\n<td>\n<blockquote>\n<p>pisztolyl\u0151szer, 7,65 mm-es<\/p>\n<\/blockquote>\n<\/td>\n<td>\u00a0<\/td>\n<td>\n<blockquote>\n<p>1 000<\/p>\n<\/blockquote>\n<\/td>\n<\/tr>\n<tr align=\"left\" valign=\"center\">\n<td>\n<blockquote>\n<p>vil\u00e1g\u00edt\u00f3l\u0151szer<\/p>\n<\/blockquote>\n<\/td>\n<td>\u00a0<\/td>\n<td>\n<blockquote>\n<p>286<\/p>\n<\/blockquote>\n<\/td>\n<\/tr>\n<tr align=\"left\" valign=\"center\">\n<td>\n<blockquote>\n<p>jelz\u0151l\u0151szer (piros)<\/p>\n<\/blockquote>\n<\/td>\n<td>\u00a0<\/td>\n<td>\n<blockquote>\n<p>75<\/p>\n<\/blockquote>\n<\/td>\n<\/tr>\n<tr align=\"left\" valign=\"center\">\n<td>\n<blockquote>\n<p>jelz\u0151l\u0151szer (z\u00f6ld)<\/p>\n<\/blockquote>\n<\/td>\n<td>\u00a0<\/td>\n<td>\n<blockquote>\n<p>120<\/p>\n<\/blockquote>\n<\/td>\n<\/tr>\n<tr align=\"left\" valign=\"center\">\n<td>\n<blockquote>\n<p>nyeles k\u00e9zigr\u00e1n\u00e1t<\/p>\n<\/blockquote>\n<\/td>\n<td>\u00a0<\/td>\n<td>\n<blockquote>\n<p>444<\/p>\n<\/blockquote>\n<\/td>\n<\/tr>\n<tr align=\"left\" valign=\"center\">\n<td>\n<blockquote>\n<p>toj\u00e1s k\u00e9zigr\u00e1n\u00e1t<\/p>\n<\/blockquote>\n<\/td>\n<td>\u00a0<\/td>\n<td>\n<blockquote>\n<p>397<\/p>\n<\/blockquote>\n<\/td>\n<\/tr>\n<tr align=\"left\" valign=\"center\">\n<td>\n<blockquote>\n<p>p\u00e1nc\u00e9l\u00f6k\u00f6l<\/p>\n<\/blockquote>\n<\/td>\n<td>\u00a0<\/td>\n<td>\n<blockquote>\n<p>21<\/p>\n<\/blockquote>\n<\/td>\n<\/tr>\n<\/tbody>\n<\/table>\n<p>HL SS-Polizei-Regiment 1 iratai. 1. doboz, 92. f\u00f3li\u00f3<br \/>N\u00e9met nyelv\u0171 eredeti irat ford\u00edt\u00e1sa.<br \/>Forr\u00e1s: <a href=\"http:\/\/www.mek.iif.hu\/porta\/szint\/tarsad\/tortenel\/mo_1918\/erod\/html\/iratok-1.htm\" target=\"_new\" rel=\"noopener noreferrer\">http:\/\/www.mek.iif.hu\/porta\/szint\/tarsad\/tortenel\/mo_1918\/erod\/html\/iratok-1.htm<\/a><\/p>\n<hr \/>\n<p>Az iskol\u00e1kban is n\u00e9met rep\u00fcl\u0151s alakulatok laknak.<br \/>December 12-r\u0151l 13-ra virrad\u00f3 \u00e9jszaka \u00e9ri R\u00e1kosligetet az els\u0151 bombat\u00e1mad\u00e1s. Szent Imre herceg \u00fatja 19. h\u00e1zt\u00f3l 50-60 m\u00e9terre csap\u00f3dtak be a gr\u00e1n\u00e1tok.<br \/>December 19-\u00e9n a polg\u00e1ri iskola udvar\u00e1t \u00e9rte tal\u00e1lat.<\/p>\n<p>NOVEMBER 5. ELRENDELT\u00c9K R\u00c1KOSLIGET KI\u00dcR\u00cdT\u00c9S\u00c9T. A n\u00e9metek november 25-ig maradtak a k\u00f6zs\u00e9gben, ut\u00e1na r\u00f6vid ideig magyar katon\u00e1k voltak itt.<\/p>\n<p>1944. december 28-\u00e1n f\u00e9l tizenegy t\u00e1j\u00e9k\u00e1n jelentek meg a rom\u00e1n megsz\u00e1ll\u00f3 csapatok, a 7. rom\u00e1n hadsereg egys\u00e9gei. Az iskol\u00e1t hadik\u00f3rh\u00e1zz\u00e1 alak\u00edtott\u00e1k.<\/p>\n<hr \/>\n<h1>1944. december 29. A budapesti I. hadtest napi helyzetjelent\u00e9se a Honv\u00e9delmi Miniszt\u00e9rium \u00e9s a Honv\u00e9d F\u0151parancsnoks\u00e1g sz\u00e1m\u00e1ra.<\/h1>\n<p><span class=\"mvhSzakkonyv_LE_\">12. ho.: XII. 28-\u00e1n <mark>R\u00e1kosliget<\/mark> \u00edr\u00e1s 152. magp. \u00e9s Cinkota D-en bet\u00f6rt elg.-et ellent\u00e1d.-sal siker\u00fclt visszavetni. XII. 29-\u00e9n az elg. er\u0151s t\u00e1d.-t ind\u00edtott <mark>R\u00e1kosliget<\/mark> \u00edr\u00e1s \u00e9s Cinkota D k\u00f6z\u00f6tti ter\u00fcleten. Tart.-ok bevet\u00e9se ellen\u00e9re is siker\u00fclt bet\u00f6rnie az elg.-nek az \u00e1ll\u00e1sokba. Kisebb r\u00e9szek M\u00e1ty\u00e1sf\u00f6ld K-i szeg\u00e9ly\u00e9t \u00e9rt\u00e9k el. A 163. h\u00e1rp. saj\u00e1t k\u00e9zben van. Ellent\u00e1d. folyamatban. <mark>R\u00e1kosliget<\/mark> \u00e9s R\u00e1koskereszt\u00far k\u00f6z\u00f6tt az \u00fat \u00e9s vas\u00fat ment\u00e9n t\u00e1d.-\u00f3 elg. csoportot a j\u00f3l fek\u00fcdt t\u00fc. t\u0171z meghius\u00edtotta. Benyom\u00e1s: elg. nyom\u00e1sa tov\u00e1bb fog tartani. <\/span><\/p>\n<p>Forr\u00e1s: <span class=\"mvhSzakkonyv_LE_NFO\">Magyarok a II. vil\u00e1gh\u00e1bor\u00faban. <\/span>1944. december 29. <a href=\"https:\/\/www.arcanum.hu\/hu\/online-kiadvanyok\/2vhSzakkonyv-magyarok-a-ii-vilaghaboruban-2\/erod-a-duna-menten-a-budapestert-194445-ben-foytatott-harcok-katonai-iratai-a-hadtortenelmi-leveltarban-4E63\/iratok-4F17\/1944-oktober-9-december-31-4F18\/18-1944-december-29-a-budapesti-i-hadtest-napi-helyzetjelentese-a-honvedelmi-miniszterium-es-a-honved-foparancsnoksag-szamara-4FF5\/?list=eyJmaWx0ZXJzIjogeyJNVSI6IFsiTkZPX0tPTllfMnZoU3pha2tvbnl2XzIiXX0sICJxdWVyeSI6ICJSXHUwMGUxa29zbGlnZXQifQ\">A budapesti I. hadtest napi helyzetjelent\u00e9se a Honv\u00e9delmi Miniszt\u00e9rium \u00e9s a Honv\u00e9d F\u0151parancsnoks\u00e1g sz\u00e1m\u00e1ra.<\/a><\/p>\n<hr \/>\n<h2>7. sz\u00e1m\u00fa Honv\u00e9ds\u00e9gi K\u00f6zl\u00f6ny 1944. febru\u00e1r 16. 127. oldal<\/h2>\n<p>A magyar kir\u00e1lyi honv\u00e9d vez\u00e9rkar f\u0151n\u00f6ke okirati dics\u00e9r\u0151 elismer\u00e9sben r\u00e9szes\u00edtette a Szovjet elleni hadm\u0171veletek alkalm\u00e1val teljes\u00edtett kit\u0171n\u0151 szolg\u00e1latai\u00e9rt:<br \/><strong>Voloncs J\u00f3zsef<\/strong> (1915- R\u00e1kosliget \u2014 Barab\u00e1s Anna)<br \/>(Rendelet sz\u00e1ma: 28.677\/eln. 8\/e. vkf. \u2014 1943. \u2014 1944. \u00e9vi febru\u00e1r h\u00f3 8-\u00e1n.)<\/p>\n<h2>11. sz\u00e1m\u00fa Honv\u00e9ds\u00e9gi K\u00f6zl\u00f6ny 1944. m\u00e1rcius 14. 236. oldal<\/h2>\n<p>A Korm\u00e1nyz\u00f3 \u00dar \u0150 F\u0151m\u00e9lt\u00f3s\u00e1ga Budapesten, 1944. janu\u00e1r h\u00f3 31. napj\u00e1n kelt legfels\u0151bb elhat\u00e1roz\u00e1s\u00e1val az al\u00e1bbi \u00e1tt\u00e9teleket m\u00e9lt\u00f3ztatott elrendelni:<br \/><em>Tartal\u00e9kos <strong>(m\u00e9rn\u00f6k) hadnagyokk\u00e1<\/strong><\/em> a k\u00f6vetkez\u0151 tart. hadnagyokat, illetve m\u0171szaki seg\u00e9dtisztvisel\u0151ket:<br \/><strong>T\u00f3th \u00c1rp\u00e1dot<\/strong> (1912. R\u00e1kosliget \u2014 Sz\u00e1lai Jol\u00e1n)<\/p>\n<h2>31. sz\u00e1m\u00fa Honv\u00e9ds\u00e9gi K\u00f6zl\u00f6ny 1944. j\u00falius 20. 625; 690. oldalak<\/h2>\n<p>A Korm\u00e1nyz\u00f3 \u00dar \u0150 F\u0151m\u00e9lt\u00f3s\u00e1ga 1944. \u00e9vi j\u00falius h\u00f3 13-\u00e1n kelt legfels\u0151bb elhat\u00e1roz\u00e1s\u00e1val a magyar kir\u00e1lyi honv\u00e9ds\u00e9g nemhivat\u00e1sos \u00e1llom\u00e1ny\u00e1ba kinevezte, illetve el\u0151l\u00e9ptette, tov\u00e1bb\u00e1 a magasabb rendfokozat c\u00edm\u00e9t adom\u00e1nyozta s v\u00e9g\u00fcl a tartal\u00e9kos tisztek ranghelyesb\u00edt\u00e9s\u00e9t j\u00f3v\u00e1hagyta a k\u00f6vetkez\u0151 <strong>tartal\u00e9kos z\u00e1szl\u00f3sokat a <\/strong><em>gyalogs\u00e1gn\u00e1l<\/em><strong><br \/><\/strong> 1944. \u00e9vi janu\u00e1r h\u00f3 1-\u00e9vel:<br \/>1943. j\u00falius 1-ei ranggal:<br \/><strong>Voloncs J\u00f3zsefet<\/strong> (1915. R\u00e1kosliget. Barab\u00e1s Anna \u2014 816),<\/p>\n<hr \/>\n<p><em>a honv\u00e9d szertisztekn\u00e9l:<\/em><br \/><strong>tartal\u00e9kos szert\u00e1ri z\u00e1szl\u00f3sokk\u00e1:<\/strong><br \/>a k\u00f6vetkez\u0151 tartal\u00e9kos karpaszom\u00e1nyos \u0151rmestereket \u00e9s c\u00edmzetes \u0151rmestereket:<br \/>1944. \u00e9vi janu\u00e1 r h\u00f3 1-\u00e9vel:<br \/>1943. okt\u00f3ber 1-ei ranggal:<br \/><strong>M\u00e1nyoki Endr\u00e9t<\/strong> (1917. R\u00e1kosliget. Zeles L\u00edvia \u2014 1176)<\/p>\n<h2>35. sz\u00e1m\u00fa Honv\u00e9ds\u00e9gi K\u00f6zl\u00f6ny 1944. augusztus 16. 748. oldal<\/h2>\n<p>A Korm\u00e1nyz\u00f3 \u00dar \u0150 F\u0151m\u00e9lt\u00f3s\u00e1ga az 1944. \u00e9vi j\u00falius h\u00f3 27. napj\u00e1n kelt legfels\u0151bb elhat\u00e1roz\u00e1 s\u00e1val az al\u00e1bb megnevezett \u2014 a magyar kir\u00e1 lyi csend\u0151rs\u00e9g k\u00f6tel\u00e9k\u00e9ben az A) Katona\u00e1llom\u00e1ny I) \u00c1llom\u00e1nycsoportj\u00e1ban 1943\u20141944. \u00e9vben pr\u00f3baszolg\u00e1latot teljes\u00edtett \u2014 tartal\u00e9kos honv\u00e9d hadnagyokat 1944. \u00e9vi j\u00falius h\u00f3 1-\u00e9vel a magyar kir\u00e1lyi csend\u0151rs\u00e9g hivat\u00e1sos \u00e1llom\u00e1ny\u00e1ba felvenni \u00e9s egyidej\u0171leg f\u0151hadnaggy\u00e1 kinevezni m\u00e9lt\u00f3ztatott, \u00e9spedig:<br \/>1941. november 1-i ranggal:<br \/>(1939. febru\u00e1ri sorol\u00e1si \u00e9vfolyam)<br \/>dr. Kassai J\u00f3zsef (1934)\u00a0 (1916. R\u00e1kosliget \u2014 Babi\u00e1k Erzs\u00e9bet) 0.05 rangsz\u00e1m,<br \/>rang\u00e1ll\u00e1s Cserg\u0151 Endre f\u0151hadnag y el\u0151tt.<\/p>\n<h2>37. sz\u00e1m\u00fa Honv\u00e9ds\u00e9gi K\u00f6zl\u00f6ny 1944. augusztus 30. 774. oldal<\/h2>\n<p>A Korm\u00e1nyz\u00f3 \u00dar \u0150 F\u0151m\u00e9lt\u00f3s\u00e1ga az 1944. \u00e9vi augusztus h\u00f3 10-\u00e9n kelt legfels\u0151bb elhat\u00e1roz\u00e1\u00ads\u00e1val, a m. kir. honv\u00e9ds\u00e9g hivat\u00e1sos \u00e1llom\u00e1ny\u00e1ba, az A) I . \u00e1llom\u00e1nycsoportb\u00f3l a B) I . \u00e1llom\u00e1nycsoportba val\u00f3 egyidej\u0171 \u00e1tmin\u0151s\u00edt\u00e9s\u00fck mellett, a ,,B) Nemkatona\u00e1llom\u00e1ny&#8221; I . \u00c1llom\u00e1nycsoport 5. ..honv\u00e9d m\u00e9rn\u00f6k\u00f6k&#8221; \u00e9s 10. \u201ehonv\u00e9d szertisztek&#8221; \u00e1llom\u00e1nycsoportj\u00e1ba, az al\u00e1bbi szakm\u00e1kba, az I . \u00e9s II . pont alattiakat felvenni \u00e9s az I . pont alattiakat kinevezni m\u00e9lt\u00f3ztatott:<br \/>I .<br \/>8. \u00e9p\u00edt\u00e9szeti szakm\u00e1n\u00e1l:<br \/>1944. \u00e9vi m\u00e1jus h\u00f3 1-\u00e9vel:<br \/>1940. m\u00e1jus 1-i ranggal:<br \/>(1936. sorol\u00e1si \u00e9vfolyammal)<br \/><strong>Per\u00e9nyi L\u00e1szl\u00f3<\/strong> tart. z\u00e1szl\u00f3st (1913. R\u00e1kosliget \u2014 Szigethy Erzs\u00e9bet) 1. rangsz\u00e1m;<\/p>\n<h2>43. sz\u00e1m\u00fa Honv\u00e9ds\u00e9gi K\u00f6zl\u00f6ny 1944. okt\u00f3ber 4. 884. \u00e9s 901. oldal<\/h2>\n<p>A Korm\u00e1nyz\u00f3 \u00dar \u0150 F\u0151m\u00e9lt\u00f3s\u00e1ga az 1944. \u00e9vi szeptember h\u00f3 21-\u00e9n kelt legfels\u0151bb elhat\u00e1roz\u00e1s\u00e1val, a m. kir. honv\u00e9ds\u00e9g h\u00edvat\u00e1sos \u00e1llom\u00e1ny\u00e1ba, az A\/1. \u00c1llom\u00e1nycsoportb\u00f3l a B\/I. \u00c1llom\u00e1nycsoportba val\u00f3 egyidej\u0171 \u00e1tmin\u0151s\u00edt\u00e9s\u00fck mellett, a \u201eB Nem katona\u00e1llom\u00e1ny&#8221; 5. \u201ehonv\u00e9d m\u00e9rn\u00f6k\u00f6k&#8221; \u00e9s 10. \u201ehonv\u00e9d szertisztek&#8221; \u00e1llom\u00e1nycsoportj\u00e1ba, az al\u00e1bbi szakm\u00e1kba felvenni \u00e9s kinevezni m\u00e9lt\u00f3ztatott:<br \/>a honv\u00e9d m\u00e9rn\u00f6k\u00f6kn\u00e9l:<br \/>8. az \u00e9p\u00edt\u00e9szeti szakm\u00e1n\u00e1l:<br \/>m\u00e9rn\u00f6k f\u0151hadnaggy\u00e1:<br \/>a k\u00f6vetkez\u0151 tart. hadnagyokat:<br \/>1944. \u00e9vi janu\u00e1r h\u00f3 1-\u00e9vel:<br \/>1941. november 1-i ranggal:<br \/>(1938. sorol\u00e1si \u00e9vfolyammal)<br \/><strong>T\u00f3th \u00c1rp\u00e1d<\/strong> (1912. R\u00e1kosliget \u2014- Szalay Jol\u00e1n) 0.5 rang sz\u00e1m, rang\u00e1ll\u00e1s: Held J\u00e1nos el\u0151tt.<\/p>\n<hr \/>\n<p>Az al\u00e1bb felsorolt hir. m\u00fc. gyakornokokk\u00e1 kinevezett postaszolg\u00e1latosok \u00e1tt\u00e9tel\u00e9t a B. nem katona\u00e1llom\u00e1ny II . \u00e1llom\u00e1nycsoport honv\u00e9d szakszolg\u00e1latos tisztvisel\u0151k (katon\u00e1s\u00edtott \u00fczemi szakma) nemt\u00e9nyleges \u00e1llom\u00e1nycsoportj\u00e1ba (honv\u00e9d szakszolg\u00e1latos) gyakornokokk\u00e1 elrendelem.<br \/>Bir\u00f3 K\u00e1roly (1907. R\u00e1kosliget. Buda Jozefa \u2014 816)<\/p>\n<h6><strong>H\u0151si halottak:<\/strong><\/h6>\n<h6><a href=\"http:\/\/www.hadisir.hu\/?bejegyzesek=adatlap&amp;id=996111011598259176\" target=\"_new\" rel=\"noopener noreferrer\">\u00c1gner Gyula<\/a> fhdgy. Runguryn\u00e1l december 27-\u00e9n halt meg. Luczkyban temett\u00e9k el.<br \/><a href=\"http:\/\/www.hadisir.hu\/?o*=2&amp;bejegyzesek=lista&amp;*=0&amp;kategoria=3&amp;nev=Szabolcs+Korn%C3%A9l+dr.&amp;szul_ido=%C3%89%C3%89%C3%89%C3%89-HH-NN&amp;anyja_neve=&amp;p*=5\" target=\"_new\" rel=\"noopener noreferrer\">dr. Szabolcs Korn\u00e9l<\/a> orvos sz\u00e1zados Orgov\u00e1ny 1944. okt\u00f3ber 29.<br \/><a href=\"http:\/\/www.hadisir.hu\/?o*=2&amp;bejegyzesek=lista&amp;*=0&amp;kategoria=3&amp;nev=Makl%C3%A1ry+K%C3%A1roly+dr.+&amp;szul_ido=%C3%89%C3%89%C3%89%C3%89-HH-NN&amp;anyja_neve=&amp;p*=5\" target=\"_new\" rel=\"noopener noreferrer\">dr. Makl\u00e1ry K\u00e1roly<\/a> z\u00e1szl\u00f3s 1944. november 2. \u00d3csa<br \/><a href=\"http:\/\/www.hadisir.hu\/?o*=2&amp;bejegyzesek=lista&amp;*=0&amp;kategoria=3&amp;nev=Dob%C3%B3+Gy%C3%B6rgy&amp;szul_ido=%C3%89%C3%89%C3%89%C3%89-HH-NN&amp;anyja_neve=&amp;p*=5\" target=\"_new\" rel=\"noopener noreferrer\">Dob\u00f3 Gy\u00f6rgy<\/a> karpaszom\u00e1nyos szakaszvezet\u0151 Sz\u00e9kesfeh\u00e9rv\u00e1r<br \/><a href=\"http:\/\/www.hadisir.hu\/?o*=2&amp;bejegyzesek=lista&amp;*=0&amp;kategoria=3&amp;nev=Hazay+Aur%C3%A9l&amp;szul_ido=%C3%89%C3%89%C3%89%C3%89-HH-NN&amp;anyja_neve=&amp;p*=5\" target=\"_new\" rel=\"noopener noreferrer\">Hazay Aur\u00e9l<\/a> tartal\u00e9kos hadnagy 1944. szeptember 22. Nagyv\u00e1rad<br \/><a href=\"http:\/\/www.hadisir.hu\/?o*=2&amp;bejegyzesek=lista&amp;*=0&amp;kategoria=3&amp;nev=Tak%C3%A1cs+Istv%C3%A1n+&amp;szul_ido=%C3%89%C3%89%C3%89%C3%89-HH-NN&amp;anyja_neve=Lebovics+Veron&amp;p*=5\" target=\"_new\" rel=\"noopener noreferrer\">Tak\u00e1cs Istv\u00e1n <\/a>\u0151rvezet\u0151 K\u0151r\u00f6smez\u0151 1944. okt\u00f3ber 10.<br \/>Elt\u0171nt:<br \/>B\u00e1nk\u00fati Jen\u0151 honv\u00e9d 1944. okt\u00f3ber 8. Szentes<br \/>Szentirmay J\u00e1nos hadapr\u00f3d \u0151rmester Budapest 1944. december 22.<br \/>Voloncs J\u00e1nos 1944. december 28. Letk\u00e9s<br \/>\u00d6rv\u00f6ssy G\u00e1bor hadapr\u00f3d \u0151rmester 1944. december 7. F\u00fclek k\u00f6rny\u00e9k\u00e9n.<\/h6>\n\n\n<p><a href=\"https:\/\/rakosliget.hu\/wordpress\/index.php\/rakosliget-a-ii-vilaghaboruban\/\">Vissza a II. VIL\u00c1GH\u00c1BOR\u00da lapra<\/a><\/p>\n","protected":false},"excerpt":{"rendered":"<p>Vissza a II. VIL\u00c1GH\u00c1BOR\u00da lapra 1944 t\u00f6rt\u00e9n\u00e9sei a sajt\u00f3ban. D\u00e9lmagyarorsz\u00e1g. 1944. 152 idegen \u00e9l R\u00e1kosligeten. A m\u00e1jus 15-i deport\u00e1l\u00e1s sor\u00e1n 97 ember vittek R\u00e1koskereszt\u00farra. G\u00f3zon Gyula \u00e9s 13 munkaszolg\u00e1latos maradhatott R\u00e1kosligeten.300 n\u00e9met katona van a mag\u00e1nh\u00e1zakn\u00e1l elsz\u00e1ll\u00e1solva. Z\u00f6m\u00e9ben a kitelep\u00edtett, elhurcolt zsid\u00f3k h\u00e1zaiban laktak. A Nyilas P\u00e1rt vez\u00e9re T\u00f3th Gyula. A p\u00e1rth\u00e1z a VI. utca &hellip; <a href=\"https:\/\/rakosliget.hu\/wordpress\/index.php\/1944-2\/\" class=\"more-link\"><span class=\"screen-reader-text\">1944<\/span> r\u00e9szletei&#8230;<\/a><\/p>\n","protected":false},"author":1,"featured_media":0,"parent":0,"menu_order":0,"comment_status":"closed","ping_status":"closed","template":"","meta":{"footnotes":""},"class_list":["post-617","page","type-page","status-publish","hentry"],"_links":{"self":[{"href":"https:\/\/rakosliget.hu\/wordpress\/index.php\/wp-json\/wp\/v2\/pages\/617","targetHints":{"allow":["GET"]}}],"collection":[{"href":"https:\/\/rakosliget.hu\/wordpress\/index.php\/wp-json\/wp\/v2\/pages"}],"about":[{"href":"https:\/\/rakosliget.hu\/wordpress\/index.php\/wp-json\/wp\/v2\/types\/page"}],"author":[{"embeddable":true,"href":"https:\/\/rakosliget.hu\/wordpress\/index.php\/wp-json\/wp\/v2\/users\/1"}],"replies":[{"embeddable":true,"href":"https:\/\/rakosliget.hu\/wordpress\/index.php\/wp-json\/wp\/v2\/comments?post=617"}],"version-history":[{"count":24,"href":"https:\/\/rakosliget.hu\/wordpress\/index.php\/wp-json\/wp\/v2\/pages\/617\/revisions"}],"predecessor-version":[{"id":18184,"href":"https:\/\/rakosliget.hu\/wordpress\/index.php\/wp-json\/wp\/v2\/pages\/617\/revisions\/18184"}],"wp:attachment":[{"href":"https:\/\/rakosliget.hu\/wordpress\/index.php\/wp-json\/wp\/v2\/media?parent=617"}],"curies":[{"name":"wp","href":"https:\/\/api.w.org\/{rel}","templated":true}]}}