{"id":598,"date":"2018-03-11T05:08:30","date_gmt":"2018-03-11T04:08:30","guid":{"rendered":"http:\/\/rakosliget.hu\/wordpress\/?page_id=598"},"modified":"2026-01-03T10:19:25","modified_gmt":"2026-01-03T09:19:25","slug":"rakosliget-a-ii-vilaghaboruban","status":"publish","type":"page","link":"https:\/\/rakosliget.hu\/wordpress\/index.php\/rakosliget-a-ii-vilaghaboruban\/","title":{"rendered":"A II. VIL\u00c1GH\u00c1BOR\u00da R\u00e1kosligeten"},"content":{"rendered":"\n<p><em>Friss\u00edtve: 2025.03.08.<\/em><\/p>\n\n\n<div class=\"wp-block-image\">\n<figure class=\"aligncenter\"><a href=\"http:\/\/rakosliget.hu\/wordpress\/index.php\/ii-vilaghaborus-emlekmu\/\"><img decoding=\"async\" src=\"http:\/\/rakosliget.hu\/kepIIvilaghaboru\/IIvhemlekmu.jpg\" alt=\"\"\/><\/a><\/figure>\n<\/div>\n\n\n<p class=\"has-text-align-center\"><a href=\"http:\/\/rakosliget.hu\/wordpress\/index.php\/ii-vilaghaborus-emlekmu\/\">II. vil\u00e1gh\u00e1bor\u00fas eml\u00e9km\u0171<\/a>. R\u00e1kosliget, H\u0151s\u00f6k tere<\/p>\n\n\n\n<p>M\u00e1t\u00e9fy Anna, a XVII. ker\u00fclet\u00e9rt Egyes\u00fclet eln\u00f6ke kezdem\u00e9nyezte a Sz\u0171cs L\u00e1szl\u00f3 okleveles \u00e9p\u00edt\u00e9szm\u00e9rn\u00f6k \u00e1ltal k\u00e9sz\u00edtett terv alapj\u00e1n az eml\u00e9koszlop fel\u00e1ll\u00edt\u00e1s\u00e1t, melyet a K\u00e9pz\u0151- \u00e9s Iparm\u0171v\u00e9szeti Lektor\u00e1tus m\u00e1r kor\u00e1bban, 1989-ben elfogadott.<\/p>\n\n\n\n<hr class=\"wp-block-separator has-alpha-channel-opacity\"\/>\n\n\n\n<p>A h\u00e1bor\u00fa a k\u00f6zs\u00e9g \u00e9let\u00e9ben dr. Domb\u00f3v\u00e1ri Antal kutat\u00e1sai alapj\u00e1n, kieg\u00e9sz\u00edtve a Honv\u00e9ds\u00e9gi K\u00f6zl\u00f6nyben megjelent adatokkal.<\/p>\n\n\n\n<figure class=\"wp-block-table\"><table class=\"has-fixed-layout\"><tbody><tr><td>\n<div align=\"center\">&nbsp;<\/div>\n<div align=\"center\"><strong><a href=\"http:\/\/rakosliget.hu\/wordpress\/index.php\/601-2\/\">1940.<\/a><\/strong><\/div>\n<\/td><td>\n<div align=\"center\">&nbsp;<\/div>\n<div align=\"center\"><strong><a href=\"http:\/\/rakosliget.hu\/wordpress\/index.php\/1941-2\/\">1941<\/a><\/strong><a href=\"http:\/\/rakosliget.hu\/html\/IIvilaghaboru.html#\">.<\/a><\/div>\n<\/td><td>\n<div align=\"center\">&nbsp;<\/div>\n<div align=\"center\"><strong><a href=\"http:\/\/rakosliget.hu\/wordpress\/index.php\/1942-2\/\">1942.<\/a><\/strong><\/div>\n<\/td><td>\n<div align=\"center\">&nbsp;<\/div>\n<div align=\"center\"><strong><a href=\"http:\/\/rakosliget.hu\/wordpress\/index.php\/1943-2\/\">1943.<\/a><\/strong><\/div>\n<\/td><td>\n<div align=\"center\">&nbsp;<\/div>\n<div align=\"center\"><strong><a href=\"http:\/\/rakosliget.hu\/wordpress\/index.php\/1944-2\/\">1944.<\/a><\/strong><\/div>\n<\/td><\/tr><tr><td>\n<div align=\"center\">&nbsp;<\/div>\n<div align=\"center\"><strong><a href=\"http:\/\/rakosliget.hu\/wordpress\/index.php\/1945-2\/\">1945 <\/a><\/strong><\/div>\n<\/td><td>\n<div align=\"center\">&nbsp;<\/div>\n<div align=\"center\"><strong><a href=\"http:\/\/rakosliget.hu\/wordpress\/index.php\/az-attila-vonal\/\">Az <\/a><\/strong><\/div>\n<div align=\"center\"><strong><a href=\"http:\/\/rakosliget.hu\/wordpress\/index.php\/az-attila-vonal\/\">Attila <\/a><\/strong><\/div>\n<div align=\"center\">&nbsp;<\/div>\n<div align=\"center\"><strong><a href=\"http:\/\/rakosliget.hu\/wordpress\/index.php\/az-attila-vonal\/\">vonal<\/a><\/strong><\/div>\n<\/td><td>\n<div align=\"center\"><strong><a href=\"http:\/\/rakosliget.hu\/wordpress\/index.php\/hadijelentes-1944-december-29\/\"><br><\/a><a href=\"http:\/\/rakosliget.hu\/wordpress\/index.php\/hadijelentes-1944-december-29\/\">1944. <\/a><\/strong><\/div>\n<div align=\"center\"><strong><a href=\"http:\/\/rakosliget.hu\/wordpress\/index.php\/hadijelentes-1944-december-29\/\">12.<\/a><\/strong><\/div>\n<div align=\"center\"><strong><a href=\"http:\/\/rakosliget.hu\/wordpress\/index.php\/hadijelentes-1944-december-29\/\">29.<\/a><\/strong><\/div>\n<\/td><td>\n<div align=\"center\">&nbsp;<\/div>\n<div align=\"center\"><strong><a href=\"http:\/\/rakosliget.hu\/wordpress\/index.php\/1945-januar-1\/\">1945. <\/a><\/strong><\/div>\n<div align=\"center\"><strong><a href=\"http:\/\/rakosliget.hu\/wordpress\/index.php\/1945-januar-1\/\">01.<\/a><\/strong><\/div>\n<div align=\"center\"><strong><a href=\"http:\/\/rakosliget.hu\/wordpress\/index.php\/1945-januar-1\/\">1.<\/a><\/strong><\/div>\n<\/td><td>\n<div align=\"center\"><strong><br><a href=\"http:\/\/rakosliget.hu\/wordpress\/index.php\/1945-januar-5\/\">1945. <\/a><\/strong><\/div>\n<div align=\"center\"><strong><a href=\"http:\/\/rakosliget.hu\/wordpress\/index.php\/1945-januar-5\/\">01.<\/a><\/strong><\/div>\n<div align=\"center\"><strong><a href=\"http:\/\/rakosliget.hu\/wordpress\/index.php\/1945-januar-5\/\">5.<\/a><\/strong><\/div>\n<\/td><\/tr><\/tbody><\/table><\/figure>\n\n\n\n<p>1944. \u00e1prilis &#8211; november id\u0151szakban A F\u0150V\u00c1ROS ELLEN INT\u00c9ZETT HAD\u00c1SZATI L\u00c9GIT\u00c1MAD\u00c1SOK POLG\u00c1RI VESZTES\u00c9G ADATAI szerint R\u00e1kosligeten senki sem halt meg. Ezt csak Cinkota \u00e9s Nagyt\u00e9t\u00e9ny mondhatta m\u00e9g el.&nbsp;<\/p>\n\n\n<div class=\"wp-block-image\">\n<figure class=\"aligncenter size-full\"><img loading=\"lazy\" decoding=\"async\" width=\"1275\" height=\"2560\" src=\"https:\/\/rakosliget.hu\/wordpress\/wp-content\/uploads\/2026\/01\/Magyarsag-1944.-november-25.-evfolyam-249-272.-szam1944-11-09-254.-szam-scaled.jpg\" alt=\"\" class=\"wp-image-20851\" srcset=\"https:\/\/rakosliget.hu\/wordpress\/wp-content\/uploads\/2026\/01\/Magyarsag-1944.-november-25.-evfolyam-249-272.-szam1944-11-09-254.-szam-scaled.jpg 1275w, https:\/\/rakosliget.hu\/wordpress\/wp-content\/uploads\/2026\/01\/Magyarsag-1944.-november-25.-evfolyam-249-272.-szam1944-11-09-254.-szam-149x300.jpg 149w, https:\/\/rakosliget.hu\/wordpress\/wp-content\/uploads\/2026\/01\/Magyarsag-1944.-november-25.-evfolyam-249-272.-szam1944-11-09-254.-szam-768x1542.jpg 768w, https:\/\/rakosliget.hu\/wordpress\/wp-content\/uploads\/2026\/01\/Magyarsag-1944.-november-25.-evfolyam-249-272.-szam1944-11-09-254.-szam-765x1536.jpg 765w, https:\/\/rakosliget.hu\/wordpress\/wp-content\/uploads\/2026\/01\/Magyarsag-1944.-november-25.-evfolyam-249-272.-szam1944-11-09-254.-szam-1020x2048.jpg 1020w\" sizes=\"auto, (max-width: 1275px) 100vw, 1275px\" \/><figcaption class=\"wp-element-caption\">Magyars\u00e1g, 1944. november (25. \u00e9vfolyam, 249-272. sz\u00e1m)1944-11-09 254. sz\u00e1m<\/figcaption><\/figure>\n<\/div>\n\n\n<p><a href=\"http:\/\/rakosliget.hu\/wordpress\/index.php\/1945-januar-10\/\">1945.01.10.<\/a><\/p>\n\n\n\n<p>H\u00edr a harcok elvonulta ut\u00e1ni id\u0151kb\u0151l.<\/p>\n\n\n\n<figure class=\"wp-block-image alignnone size-medium\"><img decoding=\"async\" src=\"\/doku\/1945 haboru utan.jpg\" alt=\"\"\/><figcaption class=\"wp-element-caption\">1945<\/figcaption><\/figure>\n\n\n\n<figure class=\"wp-block-image size-full\"><img loading=\"lazy\" decoding=\"async\" width=\"760\" height=\"260\" src=\"https:\/\/rakosliget.hu\/wordpress\/wp-content\/uploads\/2023\/01\/kozellatas.jpg\" alt=\"\" class=\"wp-image-10776\" srcset=\"https:\/\/rakosliget.hu\/wordpress\/wp-content\/uploads\/2023\/01\/kozellatas.jpg 760w, https:\/\/rakosliget.hu\/wordpress\/wp-content\/uploads\/2023\/01\/kozellatas-300x103.jpg 300w\" sizes=\"auto, (max-width: 760px) 100vw, 760px\" \/><figcaption class=\"wp-element-caption\">R\u00e1kosliget Budapest k\u00f6zell\u00e1t\u00e1s\u00e1ba bekapcsola\u00e1sa. Forr\u00e1s: Szabadn\u00e9p 1945. m\u00e1jus 9.<\/figcaption><\/figure>\n\n\n\n<p>Munkaszolg\u00e1latosok:<\/p>\n\n\n\n<p>N\u00e9v: Hercz Gy\u00f6rgy<br>Sz\u00fcl. hely: R\u00e1kosliget<br>T\u00e1bor\/Tart\u00f3zkod\u00e1si hely\/C\u00edm: Ukrajna<br>Munk\u00e1ssz\u00e1zad: 111\/305<br>Inform\u00e1ci\u00f3forr\u00e1s: POR<\/p>\n","protected":false},"excerpt":{"rendered":"<p>Friss\u00edtve: 2025.03.08. II. vil\u00e1gh\u00e1bor\u00fas eml\u00e9km\u0171. R\u00e1kosliget, H\u0151s\u00f6k tere M\u00e1t\u00e9fy Anna, a XVII. ker\u00fclet\u00e9rt Egyes\u00fclet eln\u00f6ke kezdem\u00e9nyezte a Sz\u0171cs L\u00e1szl\u00f3 okleveles \u00e9p\u00edt\u00e9szm\u00e9rn\u00f6k \u00e1ltal k\u00e9sz\u00edtett terv alapj\u00e1n az eml\u00e9koszlop fel\u00e1ll\u00edt\u00e1s\u00e1t, melyet a K\u00e9pz\u0151- \u00e9s Iparm\u0171v\u00e9szeti Lektor\u00e1tus m\u00e1r kor\u00e1bban, 1989-ben elfogadott. A h\u00e1bor\u00fa a k\u00f6zs\u00e9g \u00e9let\u00e9ben dr. Domb\u00f3v\u00e1ri Antal kutat\u00e1sai alapj\u00e1n, kieg\u00e9sz\u00edtve a Honv\u00e9ds\u00e9gi K\u00f6zl\u00f6nyben megjelent adatokkal. &nbsp; &hellip; <a href=\"https:\/\/rakosliget.hu\/wordpress\/index.php\/rakosliget-a-ii-vilaghaboruban\/\" class=\"more-link\"><span class=\"screen-reader-text\">A II. VIL\u00c1GH\u00c1BOR\u00da R\u00e1kosligeten<\/span> r\u00e9szletei&#8230;<\/a><\/p>\n","protected":false},"author":1,"featured_media":0,"parent":0,"menu_order":0,"comment_status":"closed","ping_status":"closed","template":"","meta":{"footnotes":""},"class_list":["post-598","page","type-page","status-publish","hentry"],"_links":{"self":[{"href":"https:\/\/rakosliget.hu\/wordpress\/index.php\/wp-json\/wp\/v2\/pages\/598","targetHints":{"allow":["GET"]}}],"collection":[{"href":"https:\/\/rakosliget.hu\/wordpress\/index.php\/wp-json\/wp\/v2\/pages"}],"about":[{"href":"https:\/\/rakosliget.hu\/wordpress\/index.php\/wp-json\/wp\/v2\/types\/page"}],"author":[{"embeddable":true,"href":"https:\/\/rakosliget.hu\/wordpress\/index.php\/wp-json\/wp\/v2\/users\/1"}],"replies":[{"embeddable":true,"href":"https:\/\/rakosliget.hu\/wordpress\/index.php\/wp-json\/wp\/v2\/comments?post=598"}],"version-history":[{"count":34,"href":"https:\/\/rakosliget.hu\/wordpress\/index.php\/wp-json\/wp\/v2\/pages\/598\/revisions"}],"predecessor-version":[{"id":20852,"href":"https:\/\/rakosliget.hu\/wordpress\/index.php\/wp-json\/wp\/v2\/pages\/598\/revisions\/20852"}],"wp:attachment":[{"href":"https:\/\/rakosliget.hu\/wordpress\/index.php\/wp-json\/wp\/v2\/media?parent=598"}],"curies":[{"name":"wp","href":"https:\/\/api.w.org\/{rel}","templated":true}]}}