{"id":515,"date":"2018-03-10T07:18:13","date_gmt":"2018-03-10T06:18:13","guid":{"rendered":"http:\/\/rakosliget.hu\/wordpress\/?page_id=515"},"modified":"2020-11-01T06:28:58","modified_gmt":"2020-11-01T05:28:58","slug":"a-vasutallomas","status":"publish","type":"page","link":"https:\/\/rakosliget.hu\/wordpress\/index.php\/a-vasutallomas\/","title":{"rendered":"A VAS\u00daT\u00c1LLOM\u00c1S K\u00c9PEKBEN"},"content":{"rendered":"<p>&nbsp;<\/p>\n<p>&nbsp;<\/p>\n<p>&nbsp;<\/p>\n<p><em>A f\u00e9nyk\u00e9pek a forr\u00e1s pontos megjel\u00f6l\u00e9s\u00e9vel szabadon felhaszn\u00e1lhat\u00f3k.<\/em><\/p>\n<p>&nbsp;<\/p>\n<p>&nbsp;<\/p>\n<p>&nbsp;<\/p>\n<table id=\"tblthumbsdokuLayout\" cellspacing=\"5\" cellpadding=\"10\" align=\"center\">\n<tbody>\n<tr>\n<td class=\"tdImg\"><a href=\"http:\/\/rakosliget.hu\/kepgaleriak\/photosvasut\/allomas szeptember.jpg\"><img loading=\"lazy\" decoding=\"async\" src=\"http:\/\/rakosliget.hu\/kepgaleriak\/thumbsvasut\/allomas szeptember.jpg\" width=\"140\" height=\"187\"><\/a><p><\/p>\n<p align=\"center\"><span class=\"tdTitle\">R\u00e1kosliget vas\u00fat\u00e1llom\u00e1s 2015. szeptember<\/span><\/p>\n<\/td>\n<td class=\"tdImg\"><a href=\"http:\/\/rakosliget.hu\/kepgaleriak\/photosvasut\/Rakosliget vasutallomas 2002_05.jpg\"><img loading=\"lazy\" decoding=\"async\" src=\"http:\/\/rakosliget.hu\/kepgaleriak\/thumbsvasut\/Rakosliget vasutallomas 2002_05.jpg\" width=\"140\" height=\"105\"><\/a><p><\/p>\n<p align=\"center\"><span class=\"tdTitle\">R\u00e1kosligeti fel\u00fclj\u00e1r\u00f3 2010.<\/span><\/p>\n<\/td>\n<td class=\"tdImg\"><a href=\"http:\/\/rakosliget.hu\/kepgaleriak\/photosvasut\/allomas telen.jpg\"><img loading=\"lazy\" decoding=\"async\" src=\"http:\/\/rakosliget.hu\/kepgaleriak\/thumbsvasut\/allomas telen.jpg\" width=\"140\" height=\"105\"><\/a><p><\/p>\n<p align=\"center\"><span class=\"tdTitle\">Az \u00e1llom\u00e1s t\u00e9li k\u00f6dben 2002<\/span><\/p>\n<\/td>\n<td class=\"tdImg\"><a href=\"http:\/\/rakosliget.hu\/kepgaleriak\/photosvasut\/flirt2015_08.jpg\"><img loading=\"lazy\" decoding=\"async\" src=\"http:\/\/rakosliget.hu\/kepgaleriak\/thumbsvasut\/flirt2015_08.jpg\" width=\"140\" height=\"105\"><\/a><p><\/p>\n<p align=\"center\"><span class=\"tdTitle\">Flirt szerelv\u00e9ny az \u00e1llom\u00e1son a Keleti &#8211; p\u00e1lyaudvar fel\u00e9 2015. szeptember<\/span><\/p>\n<\/td>\n<\/tr>\n<tr>\n<td class=\"tdImg\"><a href=\"http:\/\/rakosliget.hu\/kepgaleriak\/photosvasut\/mav480taurus.jpg\"><img loading=\"lazy\" decoding=\"async\" src=\"http:\/\/rakosliget.hu\/kepgaleriak\/thumbsvasut\/mav480taurus.jpg\" width=\"140\" height=\"105\"><\/a><p><\/p>\n<p align=\"center\"><span class=\"tdTitle\">R\u00e1kosliget vas\u00fat\u00e1llom\u00e1s Traxx mozdony<\/span><\/p>\n<\/td>\n<td class=\"tdImg\"><a href=\"http:\/\/rakosliget.hu\/kepgaleriak\/photosvasut\/mmv teher.jpg\"><img loading=\"lazy\" decoding=\"async\" src=\"http:\/\/rakosliget.hu\/kepgaleriak\/thumbsvasut\/mmv teher.jpg\" width=\"140\" height=\"187\"><\/a><p><\/p>\n<p align=\"center\"><span class=\"tdTitle\">MMV mozdony az \u00e1llom\u00e1son<\/span><\/p>\n<\/td>\n<td class=\"tdImg\"><a href=\"http:\/\/rakosliget.hu\/kepgaleriak\/photosvasut\/kinszki1.jpg\"><img loading=\"lazy\" decoding=\"async\" src=\"http:\/\/rakosliget.hu\/kepgaleriak\/thumbsvasut\/kinszki1.jpg\" width=\"174\" height=\"237\"><\/a><p><\/p>\n<p align=\"center\"><span class=\"tdTitle\">Kinszki Imre k\u00e9pe 1931 Forr\u00e1s: <a href=\"http:\/\/www.fszek.hu\/konyvtaraink\/kozponti_konyvtar\/budapest_gyujtemeny\/adatbazisok\">FSZEK Budapest Gy\u0171jtem\u00e9ny<\/a><\/span><\/p>\n<\/td>\n<td class=\"tdImg\"><a href=\"http:\/\/rakosliget.hu\/kepgaleriak\/photosvasut\/kinszki2.jpg\"><img loading=\"lazy\" decoding=\"async\" src=\"http:\/\/rakosliget.hu\/kepgaleriak\/thumbsvasut\/kinszki2.jpg\" width=\"174\" height=\"237\"><\/a><p><\/p>\n<p align=\"center\"><span class=\"tdTitle\">Kinszki Imre k\u00e9pe 1931 Forr\u00e1s: <a href=\"http:\/\/www.fszek.hu\/konyvtaraink\/kozponti_konyvtar\/budapest_gyujtemeny\/adatbazisok\">FSZEK Budapest Gy\u0171jtem\u00e9ny<\/a><\/span><\/p>\n<\/td>\n<\/tr>\n<tr>\n<td class=\"tdImg\"><a href=\"http:\/\/rakosliget.hu\/kepgaleriak\/photosvasut\/2012_09_09.jpg\"><img loading=\"lazy\" decoding=\"async\" src=\"http:\/\/rakosliget.hu\/kepgaleriak\/thumbsvasut\/2015_09_09.jpg\" width=\"114\" height=\"173\"><\/a><p><\/p>\n<p align=\"center\"><span class=\"tdTitle\">R\u00e1kosliget vas\u00fat\u00e1llom\u00e1s 2015. szeptember<\/span><\/p>\n<\/td>\n<td class=\"tdImg\"><a href=\"http:\/\/rakosliget.hu\/kepgaleriak\/photosvasut\/IMG_20180622_070605_HDR_.jpg\"><img loading=\"lazy\" decoding=\"async\" class=\"alignnone\" src=\"http:\/\/rakosliget.hu\/kepgaleriak\/thumbsvasut\/IMG_20180622_070605_HDR_140.jpg\" alt=\"\" width=\"140\" height=\"105\"><\/a><p><\/p>\n<p align=\"center\"><span class=\"tdTitle\">R\u00e1kosligeti fel\u00fclj\u00e1r\u00f3 2018.<\/span><\/p>\n<\/td>\n<td class=\"tdImg\"><a href=\"http:\/\/rakosliget.hu\/kepgaleriak\/photosvasut\/vasuti atjaro_1970.jpg\"><img loading=\"lazy\" decoding=\"async\" src=\"http:\/\/rakosliget.hu\/kepgaleriak\/thumbsvasut\/vasuti atjaro_1970.jpg\" width=\"140\" height=\"93\"><\/a><p><\/p>\n<p align=\"center\"><span class=\"tdTitle\">Vas\u00fati \u00e1tj\u00e1r\u00f3 1970. Forr\u00e1s: R\u00e1kosliget Facebook<\/span><\/p>\n<\/td>\n<td class=\"tdImg\"><a href=\"http:\/\/rakosliget.hu\/kepgaleriak\/photosvasut\/IMG_20180617_094223_HDR_.jpg\"><img loading=\"lazy\" decoding=\"async\" class=\"alignnone\" src=\"http:\/\/rakosliget.hu\/kepgaleriak\/thumbsvasut\/IMG_20180617_094223_HDR_140.jpg\" alt=\"\" width=\"140\" height=\"105\"><\/a><p><\/p>\n<p align=\"center\"><span class=\"tdTitle\">Vas\u00fatfel\u00faj\u00edt\u00e1s 2018. j\u00fanius 17.<br><\/span><\/p>\n<\/td>\n<\/tr>\n<tr>\n<td class=\"tdImg\"><a href=\"http:\/\/rakosliget.hu\/kepgaleriak\/photosvasut\/IMG_20180613_065603_HDR_.jpg\"><img loading=\"lazy\" decoding=\"async\" class=\"alignnone\" src=\"http:\/\/rakosliget.hu\/kepgaleriak\/thumbsvasut\/IMG_20180613_065603_HDR_140.jpg\" alt=\"\" width=\"114\" height=\"173\"><\/a><p><\/p>\n<p align=\"center\"><span class=\"tdTitle\">R\u00e1kosliget vas\u00fat\u00e1llom\u00e1s 2018. j\u00fanius fels\u0151-vezet\u00e9k csere<br><\/span><\/p>\n<\/td>\n<td class=\"tdImg\"><a href=\"http:\/\/rakosliget.hu\/kepgaleriak\/photosvasut\/IMG_20180613_065626_HDR_.jpg\"><img loading=\"lazy\" decoding=\"async\" class=\"alignnone\" src=\"http:\/\/rakosliget.hu\/kepgaleriak\/thumbsvasut\/IMG_20180613_065626_HDR_140.jpg\" alt=\"\" width=\"140\" height=\"105\"><\/a><p><\/p>\n<p align=\"center\"><span class=\"tdTitle\">R\u00e1kosliget vas\u00fat\u00e1llom\u00e1s 2018. j\u00fanius fels\u0151 vezet\u00e9k csere<\/span><\/p>\n<\/td>\n<td class=\"tdImg\"><a href=\"http:\/\/rakosliget.hu\/kepgaleriak\/photosvasut\/IMG_20180613_070059_HDR_.jpg\"><img loading=\"lazy\" decoding=\"async\" class=\"alignnone\" src=\"http:\/\/rakosliget.hu\/kepgaleriak\/thumbsvasut\/IMG_20180613_070059_HDR_140.jpg\" alt=\"\" width=\"140\" height=\"93\"><\/a><p><\/p>\n<p align=\"center\"><span class=\"tdTitle\">R\u00e1kosliget vas\u00fat\u00e1llom\u00e1s 2018. j\u00fanius. Az \u00e1llom\u00e1s ker\u00edt\u00e9s bont\u00e1sa.<br><\/span><\/p>\n<\/td>\n<td class=\"tdImg\"><a href=\"http:\/\/rakosliget.hu\/kepgaleriak\/photosvasut\/IMG_20180617_094214_HDR_.jpg\"><img loading=\"lazy\" decoding=\"async\" src=\"http:\/\/rakosliget.hu\/kepgaleriak\/thumbsvasut\/IMG_20180617_094214_HDR_140.jpg\" width=\"140\" height=\"105\"><\/a><p><\/p>\n<p align=\"center\"><span class=\"tdTitle\">Vas\u00fatfel\u00faj\u00edt\u00e1s 2018. j\u00fanius 17.<\/span><\/p>\n<\/td>\n<\/tr>\n<tr>\n<td class=\"tdImg\"><a href=\"http:\/\/rakosliget.hu\/kepgaleriak\/photosvasut\/IMG_20180617_094327_HDR_.jpg\"><img loading=\"lazy\" decoding=\"async\" class=\"alignnone\" src=\"http:\/\/rakosliget.hu\/kepgaleriak\/thumbsvasut\/IMG_20180617_094327_HDR_140.jpg\" alt=\"\" width=\"114\" height=\"173\"><\/a><p><\/p>\n<p align=\"center\"><span class=\"tdTitle\">R\u00e1kosligetn\u00e9l telep\u00edtett ideiglenes forgalmi szolg\u00e1lati hely.<br>Liget sor G\u00e1tfut\u00f3 utca keresztez\u0151d\u00e9sn\u00e9l.<br><\/span><\/p>\n<\/td>\n<td class=\"tdImg\"><a href=\"http:\/\/rakosliget.hu\/kepgaleriak\/photosvasut\/IMG_20180617_094443_HDR_.jpg\"><img loading=\"lazy\" decoding=\"async\" class=\"alignnone\" src=\"http:\/\/rakosliget.hu\/kepgaleriak\/thumbsvasut\/IMG_20180617_094443_HDR_140.jpg\" alt=\"\" width=\"140\" height=\"105\"><\/a><p><\/p>\n<p align=\"center\"><span class=\"tdTitle\">R\u00e1kosligetn\u00e9l telep\u00edtett ideiglenes forgalmi szolg\u00e1lati hely<\/span><\/p>\n<\/td>\n<td class=\"tdImg\"><a href=\"http:\/\/rakosliget.hu\/kepgaleriak\/photosvasut\/IMG_20180617_094455_HDR_.jpg\"><img loading=\"lazy\" decoding=\"async\" class=\"alignnone\" src=\"http:\/\/rakosliget.hu\/kepgaleriak\/thumbsvasut\/IMG_20180617_094455_HDR_140.jpg\" alt=\"\" width=\"140\" height=\"93\"><\/a><p><\/p>\n<p align=\"center\"><span class=\"tdTitle\">R\u00e1kosligetn\u00e9l telep\u00edtett ideiglenes forgalmi szolg\u00e1lati hely&nbsp;<\/span><\/p>\n<\/td>\n<td class=\"tdImg\"><a href=\"http:\/\/rakosliget.hu\/kepgaleriak\/photosvasut\/IMG_20180617_095810_HDR_.jpg\"><img loading=\"lazy\" decoding=\"async\" class=\"alignnone\" src=\"http:\/\/rakosliget.hu\/kepgaleriak\/thumbsvasut\/IMG_20180617_095810_HDR_140.jpg\" alt=\"\" width=\"140\" height=\"105\"><\/a><p><\/p>\n<p align=\"center\"><span class=\"tdTitle\">R\u00e1kosliget. Peronszint emel\u00e9s.<br><\/span><\/p>\n<\/td>\n<\/tr>\n<tr>\n<td class=\"tdImg\"><a href=\"http:\/\/rakosliget.hu\/kepgaleriak\/photosvasut\/IMG_20180622_070627_HDR_.jpg\"><img loading=\"lazy\" decoding=\"async\" class=\"alignnone\" src=\"http:\/\/rakosliget.hu\/kepgaleriak\/thumbsvasut\/IMG_20180622_070627_HDR_140.jpg\" alt=\"\" width=\"143\" height=\"107\"><\/a><p><\/p>\n<p align=\"center\"><span class=\"tdTitle\">R\u00e1kosliget meg\u00e1ll\u00f3 2018. j\u00fanius 22.<br><\/span><\/p>\n<\/td>\n<td class=\"tdImg\"><a href=\"http:\/\/rakosliget.hu\/kepgaleriak\/photosvasut\/IMG_20180710_062614_.jpg\"><img loading=\"lazy\" decoding=\"async\" class=\"alignnone\" src=\"http:\/\/rakosliget.hu\/kepgaleriak\/thumbsvasut\/IMG_20180710_062614_140.jpg\" alt=\"\" width=\"140\" height=\"105\"><\/a><p><\/p>\n<p align=\"center\"><span class=\"tdTitle\">Az es\u0151be\u00e1ll\u00f3 bont\u00e1sa 2018.j\u00falius 10.<br><\/span><\/p>\n<\/td>\n<td class=\"tdImg\"><a href=\"http:\/\/rakosliget.hu\/kepgaleriak\/photosvasut\/IMG_20180822_061450_HDR.jpg\"><img loading=\"lazy\" decoding=\"async\" class=\"alignnone\" src=\"http:\/\/rakosliget.hu\/kepgaleriak\/thumbsvasut\/IMG_20180822_061450_HDR.jpg\" alt=\"\" width=\"140\" height=\"93\"><\/a><p><\/p>\n<p align=\"center\"><span class=\"tdTitle\">\u00c9p\u00fcl a B v\u00e1g\u00e1ny peron. 2018. 08.22.<\/span><\/p>\n<\/td>\n<td class=\"tdImg\"><a href=\"http:\/\/rakosliget.hu\/kepgaleriak\/photosvasut\/IMG_2018_08_25.jpg\"><img loading=\"lazy\" decoding=\"async\" class=\"alignnone\" src=\"http:\/\/rakosliget.hu\/kepgaleriak\/thumbsvasut\/IMG_2018_08_25.jpg\" alt=\"\" width=\"140\" height=\"105\"><\/a><p><\/p>\n<p align=\"center\"><span class=\"tdTitle\">V\u00e1g\u00e1nyfektet\u00e9s az \u00e1llom\u00e1son 2018.08. 25.<br><\/span><\/p>\n<\/td>\n<\/tr>\n<tr>\n<td class=\"tdImg\"><a href=\"http:\/\/rakosliget.hu\/kepgaleriak\/photosvasut\/IMG_20180811_063540_HDR.jpg\"><img loading=\"lazy\" decoding=\"async\" class=\"aligncenter\" src=\"http:\/\/rakosliget.hu\/kepgaleriak\/thumbsvasut\/IMG_20180811_063540_HDR.jpg\" alt=\"\" width=\"114\" height=\"173\"><\/a><p><\/p>\n<p align=\"center\"><span class=\"tdTitle\">B\u00facs\u00fa a fel\u00fclj\u00e1r\u00f3t\u00f3l.<br><\/span>2018.08.11.<\/p>\n<\/td>\n<td class=\"tdImg\"><a href=\"http:\/\/rakosliget.hu\/kepgaleriak\/photosvasut\/IMG_20180813_062332_HDR.jpg\"><img loading=\"lazy\" decoding=\"async\" class=\"alignnone\" src=\"http:\/\/rakosliget.hu\/kepgaleriak\/thumbsvasut\/IMG_20180813_062332_HDR.jpg\" alt=\"\" width=\"140\" height=\"105\"><\/a><p><\/p>\n<p align=\"center\"><span class=\"tdTitle\">\u00c1llom\u00e1s a fel\u00fclj\u00e1r\u00f3 n\u00e9lk\u00fcl. 2018.08. 12.<br><\/span><\/p>\n<\/td>\n<td class=\"tdImg\"><a href=\"http:\/\/rakosliget.hu\/kepgaleriak\/photosvasut\/Swietelsky Herkules_.jpg\"><img loading=\"lazy\" decoding=\"async\" class=\"alignnone\" src=\"http:\/\/rakosliget.hu\/kepgaleriak\/thumbsvasut\/Swietelsky Herkules_.jpg\" alt=\"\" width=\"140\" height=\"93\"><\/a><p><\/p>\n<p align=\"center\"><span class=\"tdTitle\">A Swietelsky Herkulese R\u00e1kosligeten<br><\/span><\/p>\n<\/td>\n<td class=\"tdImg\"><a href=\"http:\/\/rakosliget.hu\/kepgaleriak\/photosvasut\/Switelsky Herkules 2_.jpg\"><img loading=\"lazy\" decoding=\"async\" class=\"alignnone\" src=\"http:\/\/rakosliget.hu\/kepgaleriak\/thumbsvasut\/Switelsky Herkules 2_.jpg\" alt=\"\" width=\"140\" height=\"105\"><\/a><p><\/p>\n<p align=\"center\"><span class=\"tdTitle\">A Swietelsky Herkulese R\u00e1kosligeten<\/span><\/p>\n<\/td>\n<\/tr>\n<tr>\n<td class=\"tdImg\"><a href=\"http:\/\/rakosliget.hu\/kepgaleriak\/photosvasut\/IMG_20180902_161747.jpg\"><img loading=\"lazy\" decoding=\"async\" class=\"alignnone\" src=\"http:\/\/rakosliget.hu\/kepgaleriak\/thumbsvasut\/IMG_20180902_161747.jpg\" alt=\"\" width=\"140\" height=\"105\"><\/a><p><\/p>\n<p align=\"center\"><span class=\"tdTitle\">P\u00e1lya\u00e9p\u00edt\u00e9s. 2018.09. 02.<br><\/span><\/p>\n<\/td>\n<td class=\"tdImg\"><a href=\"http:\/\/rakosliget.hu\/kepgaleriak\/photosvasut\/IMG_20180913_063954_HDR.jpg\"><img loading=\"lazy\" decoding=\"async\" class=\"alignnone\" src=\"http:\/\/rakosliget.hu\/kepgaleriak\/thumbsvasut\/IMG_20180913_063954_HDR.jpg\" alt=\"\" width=\"140\" height=\"105\"><\/a><p><\/p>\n<p align=\"center\"><span class=\"tdTitle\">\u00c1llom\u00e1s . 2018.09. 13.<br><\/span><\/p>\n<\/td>\n<td class=\"tdImg\"><a href=\"http:\/\/rakosliget.hu\/kepgaleriak\/photosvasut\/IMG_20180916_184537_HDR.jpg\"><img loading=\"lazy\" decoding=\"async\" class=\"alignnone\" src=\"http:\/\/rakosliget.hu\/kepgaleriak\/thumbsvasut\/IMG_20180916_184537_HDR.jpg\" alt=\"\" width=\"140\" height=\"93\"><\/a><p><\/p>\n<p align=\"center\"><span class=\"tdTitle\">\u00c1llom\u00e1s 2018. 09.16.<br><\/span><\/p>\n<\/td>\n<td class=\"tdImg\"><a href=\"http:\/\/rakosliget.hu\/kepgaleriak\/photosvasut\/Switelsky Herkules 2_.jpg\"><img loading=\"lazy\" decoding=\"async\" class=\"alignnone\" src=\"http:\/\/rakosliget.hu\/kepgaleriak\/thumbsvasut\/Switelsky Herkules 2_.jpg\" alt=\"\" width=\"140\" height=\"105\"><\/a><p><\/p>\n<p align=\"center\"><span class=\"tdTitle\">A Swietelsky Herkulese R\u00e1kosligeten<\/span><\/p>\n<\/td>\n<\/tr>\n<\/tbody>\n<\/table>\n<p>&nbsp;<\/p>\n<p><em>A f\u00e9nyk\u00e9pek a forr\u00e1s pontos megjel\u00f6l\u00e9s\u00e9vel szabadon felhaszn\u00e1lhat\u00f3k.<\/em><\/p>\n\n\n<p>Filmek a youtube -on<\/p>\n\n\n\n<p><a href=\"https:\/\/www.youtube.com\/watch?v=VBnEk6ZpyBw\">\u00c1llom\u00e1s<\/a><\/p>\n\n\n\n<p><a href=\"https:\/\/www.youtube.com\/watch?v=wRfxEjoQX-E\">2018 janu\u00e1r R\u00e1kos-R\u00e1kosliget r\u00e9gi nyomvonal bej\u00e1r\u00e1sa<\/a><\/p>\n\n\n\n<p><a href=\"http:\/\/rakosliget.hu\/wordpress\/index.php\/vasut-epites-2018-keptar\/\">Vas\u00fat\u00e9p\u00edt\u00e9s 2018 &#8211; 2020<\/a><br><\/p>\n","protected":false},"excerpt":{"rendered":"<p>&nbsp; &nbsp; &nbsp; A f\u00e9nyk\u00e9pek a forr\u00e1s pontos megjel\u00f6l\u00e9s\u00e9vel szabadon felhaszn\u00e1lhat\u00f3k. &nbsp; &nbsp; &nbsp; R\u00e1kosliget vas\u00fat\u00e1llom\u00e1s 2015. szeptember R\u00e1kosligeti fel\u00fclj\u00e1r\u00f3 2010. Az \u00e1llom\u00e1s t\u00e9li k\u00f6dben 2002 Flirt szerelv\u00e9ny az \u00e1llom\u00e1son a Keleti &#8211; p\u00e1lyaudvar fel\u00e9 2015. szeptember R\u00e1kosliget vas\u00fat\u00e1llom\u00e1s Traxx mozdony MMV mozdony az \u00e1llom\u00e1son Kinszki Imre k\u00e9pe 1931 Forr\u00e1s: FSZEK Budapest Gy\u0171jtem\u00e9ny Kinszki Imre &hellip; <a href=\"https:\/\/rakosliget.hu\/wordpress\/index.php\/a-vasutallomas\/\" class=\"more-link\"><span class=\"screen-reader-text\">A VAS\u00daT\u00c1LLOM\u00c1S K\u00c9PEKBEN<\/span> r\u00e9szletei&#8230;<\/a><\/p>\n","protected":false},"author":1,"featured_media":0,"parent":0,"menu_order":0,"comment_status":"closed","ping_status":"closed","template":"","meta":{"footnotes":""},"class_list":["post-515","page","type-page","status-publish","hentry"],"_links":{"self":[{"href":"https:\/\/rakosliget.hu\/wordpress\/index.php\/wp-json\/wp\/v2\/pages\/515","targetHints":{"allow":["GET"]}}],"collection":[{"href":"https:\/\/rakosliget.hu\/wordpress\/index.php\/wp-json\/wp\/v2\/pages"}],"about":[{"href":"https:\/\/rakosliget.hu\/wordpress\/index.php\/wp-json\/wp\/v2\/types\/page"}],"author":[{"embeddable":true,"href":"https:\/\/rakosliget.hu\/wordpress\/index.php\/wp-json\/wp\/v2\/users\/1"}],"replies":[{"embeddable":true,"href":"https:\/\/rakosliget.hu\/wordpress\/index.php\/wp-json\/wp\/v2\/comments?post=515"}],"version-history":[{"count":45,"href":"https:\/\/rakosliget.hu\/wordpress\/index.php\/wp-json\/wp\/v2\/pages\/515\/revisions"}],"predecessor-version":[{"id":5704,"href":"https:\/\/rakosliget.hu\/wordpress\/index.php\/wp-json\/wp\/v2\/pages\/515\/revisions\/5704"}],"wp:attachment":[{"href":"https:\/\/rakosliget.hu\/wordpress\/index.php\/wp-json\/wp\/v2\/media?parent=515"}],"curies":[{"name":"wp","href":"https:\/\/api.w.org\/{rel}","templated":true}]}}