{"id":500,"date":"2018-03-10T06:51:30","date_gmt":"2018-03-10T05:51:30","guid":{"rendered":"http:\/\/rakosliget.hu\/wordpress\/?page_id=500"},"modified":"2018-03-10T06:51:30","modified_gmt":"2018-03-10T05:51:30","slug":"ermek-jelvenyek","status":"publish","type":"page","link":"https:\/\/rakosliget.hu\/wordpress\/index.php\/ermek-jelvenyek\/","title":{"rendered":"\u00c9rmek, jelv\u00e9nyek"},"content":{"rendered":"<table id=\"tblthumbsdokuLayout\" cellspacing=\"5\" cellpadding=\"10\" align=\"center\">\n<tbody>\n<tr>\n<td class=\"tdImg\"><a title=\"MOVE R\u00e1kosligeti TSE 1941.\" href=\"http:\/\/rakosliget.hu\/kepgaleriak\/thumbserem\/move rakosligeti tse 1941_1.jpg\" rel=\"lightbox[id0]\"> <img loading=\"lazy\" decoding=\"async\" class=\"eImage\" title=\"MOVE R\u00e1kosligeti TSE 1941.\" src=\"http:\/\/rakosliget.hu\/kepgaleriak\/thumbserem\/move rakosligeti tse 1941_1.jpg\" alt=\"MOVE R\u00e1kosligeti TSE 1941.\" width=\"91\" height=\"116\" \/><\/a><\/p>\n<p align=\"center\"><span class=\"tdTitle\">MOVE R\u00e1kosligeti TSE 1941.<\/span><\/p>\n<\/td>\n<td class=\"tdImg\"><a title=\"MOVE R\u00e1kosligeti TSE 1941.\" href=\"http:\/\/rakosliget.hu\/kepgaleriak\/photoserem\/move rakosligeti tse 1941_2.jpg\" rel=\"lightbox[id0]\"> <img loading=\"lazy\" decoding=\"async\" class=\"eImage\" title=\"MOVE R\u00e1kosligeti TSE 1941.\" src=\"http:\/\/rakosliget.hu\/kepgaleriak\/thumbserem\/move rakosligeti tse 1941_2.jpg\" alt=\"MOVE R\u00e1kosligeti TSE 1941.\" width=\"89\" height=\"116\" \/><\/a><\/p>\n<p align=\"center\"><span class=\"tdTitle\">MOVE R\u00e1kosligeti TSE 1941.<\/span><\/p>\n<\/td>\n<td class=\"tdImg\"><a title=\"MOVE R\u00e1kosligeti TSE 1940-41\" href=\"http:\/\/rakosliget.hu\/kepgaleriak\/photoserem\/move rakosligeti tse.jpg\" rel=\"lightbox[id0]\"> <img decoding=\"async\" class=\"eImage\" title=\"MOVE R\u00e1kosligeti TSE 1940-41\" src=\"http:\/\/rakosliget.hu\/kepgaleriak\/thumbserem\/move rakosligeti tse.jpg\" alt=\"MOVE R\u00e1kosligeti TSE 1940-41\" \/><\/a><\/p>\n<p align=\"center\"><span class=\"tdTitle\">MOVE R\u00e1kosligeti TSE 1940-41<\/span><\/p>\n<\/td>\n<td class=\"tdImg\"><a title=\"R\u00e1kosligeti Zenek\u00f6r jelv\u00e9nye\" href=\"http:\/\/rakosliget.hu\/kepgaleriak\/photoserem\/rakosligeti dal es zenekor.jpg\" rel=\"lightbox[id0]\"> <img decoding=\"async\" class=\"eImage\" title=\"R\u00e1kosligeti Zenek\u00f6r jelv\u00e9nye\" src=\"http:\/\/rakosliget.hu\/kepgaleriak\/thumbserem\/rakosligeti dal es zenekor.jpg\" alt=\"R\u00e1kosligeti Zenek\u00f6r jelv\u00e9nye\" \/><\/a><\/p>\n<p align=\"center\"><span class=\"tdTitle\">R\u00e1kosligeti Zenek\u00f6r jelv\u00e9nye<\/span><\/p>\n<\/td>\n<\/tr>\n<tr>\n<td class=\"tdImg\"><a title=\"R\u00e1kosligeti Sport-Club \u00e9rme\" href=\"http:\/\/rakosliget.hu\/kepgaleriak\/photoserem\/rakosligeti sport club erme_1.jpg\" rel=\"lightbox[id0]\"> <img decoding=\"async\" class=\"eImage\" title=\"R\u00e1kosligeti Sport-Club \u00e9rme\" src=\"http:\/\/rakosliget.hu\/kepgaleriak\/thumbserem\/rakosligeti sport club erme_1.jpg\" alt=\"R\u00e1kosligeti Sport-Club \u00e9rme\" \/><\/a><\/p>\n<p align=\"center\"><span class=\"tdTitle\">R\u00e1kosligeti Sport-Club \u00e9rme.<\/span><\/p>\n<\/td>\n<td class=\"tdImg\"><a title=\"R\u00e1kosligeti Sport-Club \u00e9rme\" href=\"http:\/\/rakosliget.hu\/kepgaleriak\/photoserem\/rakosligeti sport club erme_2.jpg\" rel=\"lightbox[id0]\"> <img decoding=\"async\" class=\"eImage\" title=\"R\u00e1kosligeti Sport-Club \u00e9rme\" src=\"http:\/\/rakosliget.hu\/kepgaleriak\/thumbserem\/rakosligeti sport club erme_2.jpg\" alt=\"R\u00e1kosligeti Sport-Club \u00e9rme\" \/><\/a><\/p>\n<p align=\"center\"><span class=\"tdTitle\">R\u00e1kosligeti Sport-Club \u00e9rme.<\/span><\/p>\n<\/td>\n<td class=\"tdImg\"><a title=\"MOVE R\u00e1kosligeti TSE\" href=\"http:\/\/rakosliget.hu\/kepgaleriak\/photoserem\/rakosligeti tse_1.jpg\" rel=\"lightbox[id0]\"> <img decoding=\"async\" class=\"eImage\" title=\"MOVE R\u00e1kosligeti TSE\" src=\"http:\/\/rakosliget.hu\/kepgaleriak\/thumbserem\/rakosligeti tse_1.jpg\" alt=\"MOVE R\u00e1kosligeti TSE\" \/><\/a><\/p>\n<p align=\"center\"><span class=\"tdTitle\">MOVE R\u00e1kosligeti TSE <\/span><\/p>\n<\/td>\n<td class=\"tdImg\"><a title=\"MOVE R\u00e1kosligeti TSE\" href=\"http:\/\/rakosliget.hu\/kepgaleriak\/photoserem\/rakosligeti tse_2.jpg\" rel=\"lightbox[id0]\"> <img decoding=\"async\" class=\"eImage\" title=\"T\u00e1ncvigalmi megh\u00edv\u00f3\" src=\"http:\/\/rakosliget.hu\/kepgaleriak\/thumbserem\/rakosligeti tse_2.jpg\" alt=\"T\u00e1ncvigalmi megh\u00edv\u00f3\" \/><\/a><\/p>\n<p align=\"center\"><span class=\"tdTitle\">MOVE R\u00e1kosligeti TSE<\/span><\/p>\n<\/td>\n<\/tr>\n<tr>\n<td class=\"tdImg\"><a title=\"R\u00e1kosligeti \u00dasz\u00f3 Egyes\u00fclet 1911\" href=\"http:\/\/rakosliget.hu\/kepgaleriak\/photoserem\/RUE 1911_1.jpg\" rel=\"lightbox[id0]\"><img loading=\"lazy\" decoding=\"async\" src=\"http:\/\/rakosliget.hu\/kepgaleriak\/thumbserem\/RUE 1911_1.jpg\" width=\"160\" height=\"197\" \/><\/a><\/p>\n<p align=\"center\"><span class=\"tdTitle\">R\u00e1kosligeti \u00dasz\u00f3 Egyes\u00fclet 1911l.<\/span><\/p>\n<\/td>\n<td class=\"tdImg\"><a title=\"R\u00e1kosligeti \u00dasz\u00f3 Egyes\u00fclet 1911\" href=\"http:\/\/rakosliget.hu\/kepgaleriak\/photoserem\/RUE 1911_2.jpg\" rel=\"lightbox[id0]\"><img loading=\"lazy\" decoding=\"async\" src=\"http:\/\/rakosliget.hu\/kepgaleriak\/thumbserem\/RUE 1911_2.jpg\" width=\"160\" height=\"193\" \/><\/a><\/p>\n<p align=\"center\"><span class=\"tdTitle\">R\u00e1kosligeti \u00dasz\u00f3 Egyes\u00fclet 1911.<\/span><\/p>\n<\/td>\n<td class=\"tdImg\">\n<p align=\"center\"><a title=\"R\u00e1kosligeti \u00dasz\u00f3 Egyes\u00fclet 1911\" href=\"http:\/\/rakosliget.hu\/kepgaleriak\/photoserem\/movevdi_1j.jpg\" rel=\"lightbox[id0]\"><img loading=\"lazy\" decoding=\"async\" src=\"http:\/\/rakosliget.hu\/kepgaleriak\/thumbserem\/movevdi_1j.jpg\" alt=\"\" width=\"160\" height=\"175\" \/><\/a><\/p>\n<p align=\"center\"><span class=\"tdTitle\">MOVE \u00e9rem<\/span><\/p>\n<\/td>\n<td class=\"tdImg\">\n<p align=\"center\"><a title=\"R\u00e1kosligeti \u00dasz\u00f3 Egyes\u00fclet 1911\" href=\"http:\/\/rakosliget.hu\/kepgaleriak\/photoserem\/movevdij.jpg\" rel=\"lightbox[id0]\"><img loading=\"lazy\" decoding=\"async\" src=\"http:\/\/rakosliget.hu\/kepgaleriak\/thumbserem\/movevdij.jpg\" alt=\"\" width=\"160\" height=\"171\" \/><\/a><\/p>\n<p align=\"center\"><span class=\"tdTitle\">MOVE \u00e9rem<\/span><\/p>\n<\/td>\n<\/tr>\n<\/tbody>\n<\/table>\n","protected":false},"excerpt":{"rendered":"<p>MOVE R\u00e1kosligeti TSE 1941. MOVE R\u00e1kosligeti TSE 1941. MOVE R\u00e1kosligeti TSE 1940-41 R\u00e1kosligeti Zenek\u00f6r jelv\u00e9nye R\u00e1kosligeti Sport-Club \u00e9rme. R\u00e1kosligeti Sport-Club \u00e9rme. MOVE R\u00e1kosligeti TSE MOVE R\u00e1kosligeti TSE R\u00e1kosligeti \u00dasz\u00f3 Egyes\u00fclet 1911l. R\u00e1kosligeti \u00dasz\u00f3 Egyes\u00fclet 1911. MOVE \u00e9rem MOVE \u00e9rem<\/p>\n","protected":false},"author":1,"featured_media":0,"parent":0,"menu_order":0,"comment_status":"closed","ping_status":"closed","template":"","meta":{"footnotes":""},"class_list":["post-500","page","type-page","status-publish","hentry"],"_links":{"self":[{"href":"https:\/\/rakosliget.hu\/wordpress\/index.php\/wp-json\/wp\/v2\/pages\/500","targetHints":{"allow":["GET"]}}],"collection":[{"href":"https:\/\/rakosliget.hu\/wordpress\/index.php\/wp-json\/wp\/v2\/pages"}],"about":[{"href":"https:\/\/rakosliget.hu\/wordpress\/index.php\/wp-json\/wp\/v2\/types\/page"}],"author":[{"embeddable":true,"href":"https:\/\/rakosliget.hu\/wordpress\/index.php\/wp-json\/wp\/v2\/users\/1"}],"replies":[{"embeddable":true,"href":"https:\/\/rakosliget.hu\/wordpress\/index.php\/wp-json\/wp\/v2\/comments?post=500"}],"version-history":[{"count":1,"href":"https:\/\/rakosliget.hu\/wordpress\/index.php\/wp-json\/wp\/v2\/pages\/500\/revisions"}],"predecessor-version":[{"id":501,"href":"https:\/\/rakosliget.hu\/wordpress\/index.php\/wp-json\/wp\/v2\/pages\/500\/revisions\/501"}],"wp:attachment":[{"href":"https:\/\/rakosliget.hu\/wordpress\/index.php\/wp-json\/wp\/v2\/media?parent=500"}],"curies":[{"name":"wp","href":"https:\/\/api.w.org\/{rel}","templated":true}]}}