{"id":492,"date":"2018-03-10T06:42:52","date_gmt":"2018-03-10T05:42:52","guid":{"rendered":"http:\/\/rakosliget.hu\/wordpress\/?page_id=492"},"modified":"2026-02-26T05:03:12","modified_gmt":"2026-02-26T04:03:12","slug":"fenykepeszek","status":"publish","type":"page","link":"https:\/\/rakosliget.hu\/wordpress\/index.php\/fenykepeszek\/","title":{"rendered":"F\u00c9NYK\u00c9P\u00c9SZEK"},"content":{"rendered":"<h1>&#8222;Op\u00e1l&#8221; F\u00e9nyk\u00e9p\u00e9szeti \u00e9s Fest\u00e9szeti M\u0171terem R\u00e1kosliget, Vecs\u00e9s, Budapest<\/h1>\n<p><em>Friss\u00edtve: 2021. 05. 21.<\/em><\/p>\n<p><strong>&#8222;Op\u00e1l&#8221; m\u0171terem<\/strong> n\u00e9ven t\u00f6bb telep\u00fcl\u00e9sen is m\u0171k\u00f6d\u00f6tt a f\u00e9nyk\u00e9p\u00e9sz \u00fczlet. R\u00e1kosligeten 1903-1915, Vecs\u00e9sen 1915 k\u00f6r\u00fcl.<\/p>\n<p>Az akkori Budapesten a <a title=\"Opal m\u0171terem\" href=\"http:\/\/rakosliget.hu\/html\/opal\/opal muterem_.jpg\" target=\"_self\" rel=\"noopener\">VII. <\/a><a title=\"Opal m\u0171terem\" href=\"http:\/\/rakosliget.hu\/html\/opal\/opal muterem_.jpg\" target=\"_self\" rel=\"noopener\">ker\u00fclet Kerepesi \u00fat 34. sz. alatt<\/a> 1920-1924 k\u00f6z\u00f6tt.<\/p>\n<p>Forr\u00e1s: F\u00e9nyk\u00e9p\u00e9szek \u00e9s f\u00e9nyk\u00e9p\u00e9szm\u0171termek Magyarorsz\u00e1gon (1840-1945), szerz\u0151: Szak\u00e1cs Margit. 1997.<\/p>\n<table border=\"1\" width=\"1154\" cellpadding=\"2\">\n<tbody>\n<tr>\n<th scope=\"col\" width=\"457\"><img loading=\"lazy\" decoding=\"async\" src=\"http:\/\/rakosliget.hu\/opal\/2_1911bol_2.jpg\" width=\"262\" height=\"417\" align=\"absmiddle\" \/><\/th>\n<th scope=\"col\" width=\"410\"><img loading=\"lazy\" decoding=\"async\" src=\"http:\/\/rakosliget.hu\/opal\/1_.jpg\" alt=\"\" width=\"400\" height=\"742\" \/><\/th>\n<th scope=\"col\" width=\"259\">Forr\u00e1s: Vatera.hu<\/th>\n<\/tr>\n<tr>\n<th scope=\"row\"><img loading=\"lazy\" decoding=\"async\" src=\"http:\/\/rakosliget.hu\/opal\/3_.jpg\" width=\"400\" height=\"266\" \/>\n<p>Forr\u00e1s: fortepan.hu Azonos\u00edt\u00f3:<a href=\"http:\/\/www.fortepan.hu\/_photo\/download\/fortepan_20892.jpg\"> 20892.<\/a><\/p>\n<\/th>\n<td><img loading=\"lazy\" decoding=\"async\" src=\"http:\/\/rakosliget.hu\/opal\/opal muterem_.jpg\" width=\"400\" height=\"291\" \/>\n<p>Forr\u00e1s: fortepan.hu Azonos\u00edt\u00f3 : \u00a0\u00a0 \u00a0<a href=\"http:\/\/fortepan.hu\/?view=query&amp;q=Opal+m%C5%B1terem&amp;lang=hu&amp;img=12413\" target=\"_new\" rel=\"noopener\">17946<\/a><\/p>\n<\/td>\n<td><img loading=\"lazy\" decoding=\"async\" src=\"http:\/\/rakosliget.hu\/opal\/2015-11-24_4-41-04.jpg\" width=\"509\" height=\"446\" \/>\n<p>A felv\u00e9tel a VIII. utcai iskol\u00e1ban k\u00e9sz\u00fclt. \u00c9v: ?<\/p>\n<p>Forr\u00e1s: <a href=\"https:\/\/www.flickr.com\/photos\/87208702@N07\/10678544643\">https:\/\/www.flickr.com\/photos\/87208702@N07\/10678544643<\/a><\/p>\n<\/td>\n<\/tr>\n<tr>\n<th scope=\"row\"><img loading=\"lazy\" decoding=\"async\" src=\"http:\/\/rakosliget.hu\/opal\/2_1911bol_.jpg\" width=\"400\" height=\"620\" \/>\n<p>Forr\u00e1s: fortepan.hu<\/p>\n<\/th>\n<td><img loading=\"lazy\" decoding=\"async\" src=\"http:\/\/rakosliget.hu\/opal\/opal4.jpg\" width=\"400\" height=\"585\" \/><\/td>\n<td>Forr\u00e1s:<br \/>ERH digit\u00e1lis gy\u0171jtem\u00e9ny<\/td>\n<\/tr>\n<tr>\n<th scope=\"row\"><img loading=\"lazy\" decoding=\"async\" src=\"http:\/\/rakosliget.hu\/opal\/mark margit1.jpg\" width=\"457\" height=\"665\" \/><\/th>\n<td><img loading=\"lazy\" decoding=\"async\" src=\"http:\/\/rakosliget.hu\/opal\/mark margit2.jpg\" width=\"410\" height=\"625\" \/><\/td>\n<td>Forr\u00e1s: rakocziregiseg.hu\n<p>M\u00e1rk Margit Igazolv\u00e1nyk\u00e9pe 1910 k\u00f6r\u00fcl<\/p>\n<\/td>\n<\/tr>\n<tr>\n<th scope=\"row\"><img loading=\"lazy\" decoding=\"async\" src=\"http:\/\/rakosliget.hu\/opal\/2015-11-23_6-12-14.jpg\" width=\"400\" height=\"277\" \/>\n<p>Forr\u00e1s: <a href=\"http:\/\/www.fotomuveszet.net\/korabbi_szamok\/200334\/a_mosaiquetol_a_tabloig?PHPSESSID=ee0de82930db76270e9bf8936fd1d617\">http:\/\/www.fotomuveszet.net<\/a><\/p>\n<\/th>\n<td>\n<h3><img loading=\"lazy\" decoding=\"async\" src=\"http:\/\/rakosliget.hu\/opal\/2015-11-24_4-48-37.jpg\" width=\"344\" height=\"532\" \/><\/h3>\n<p>Forr\u00e1s: <a href=\"http:\/\/www.fenyiratok.hu\/product\/opal-muterem-ismeretlen-ferfi-es-gyerek\/\">fenyiratok.hu<\/a><\/p>\n<p>1915 k\u00f6r\u00fcl.<\/p>\n<\/td>\n<td><img loading=\"lazy\" decoding=\"async\" src=\"http:\/\/rakosliget.hu\/opal\/2015-11-24_4-49-00.jpg\" width=\"347\" height=\"535\" \/>\n<p>Forr\u00e1s: <a href=\"http:\/\/www.fenyiratok.hu\/product\/opal-muterem-ismeretlen-ferfi-es-gyerek\/\">fenyiratok.hu<\/a><\/p>\n<p>1905 &#8211; 1910 k\u00f6z\u00f6tt.<\/p>\n<\/td>\n<\/tr>\n<\/tbody>\n<\/table>\n<p><a href=\"http:\/\/rakosliget.hu\/wordpress\/wp-content\/uploads\/2021\/05\/eskuvoi-kabinetfoto-opal-rakosliget-fenykepeszet-a55b_1_big.jpg\"><img loading=\"lazy\" decoding=\"async\" class=\"alignnone size-medium wp-image-9344\" src=\"http:\/\/rakosliget.hu\/wordpress\/wp-content\/uploads\/2021\/05\/eskuvoi-kabinetfoto-opal-rakosliget-fenykepeszet-a55b_1_big-161x300.jpg\" alt=\"\" width=\"161\" height=\"300\" srcset=\"https:\/\/rakosliget.hu\/wordpress\/wp-content\/uploads\/2021\/05\/eskuvoi-kabinetfoto-opal-rakosliget-fenykepeszet-a55b_1_big-161x300.jpg 161w, https:\/\/rakosliget.hu\/wordpress\/wp-content\/uploads\/2021\/05\/eskuvoi-kabinetfoto-opal-rakosliget-fenykepeszet-a55b_1_big.jpg 383w\" sizes=\"auto, (max-width: 161px) 100vw, 161px\" \/>Forr\u00e1s: vatera.hu<\/a><\/p>\n<h1>Vajna f\u00e9nyk\u00e9p\u00e9sz<\/h1>\n<p>R\u00e1kosligeten a mai III. utca 6. sz\u00e1m alatt m\u0171k\u00f6d\u00f6tt.<\/p>\n<p>\u00c1ltala k\u00e9sz\u00edtett m\u0171termi fot\u00f3k:<\/p>\n<table border=\"1\" width=\"1154\" cellpadding=\"2\">\n<tbody>\n<tr>\n<th scope=\"col\" width=\"457\"><img loading=\"lazy\" decoding=\"async\" src=\"http:\/\/rakosliget.hu\/vajnafoto\/102.jpg\" width=\"226\" height=\"307\" \/><\/th>\n<th scope=\"col\" width=\"410\"><img loading=\"lazy\" decoding=\"async\" src=\"http:\/\/rakosliget.hu\/vajnafoto\/148.jpg\" width=\"184\" height=\"299\" \/><\/th>\n<th scope=\"col\" width=\"259\">\n<h3><img loading=\"lazy\" decoding=\"async\" src=\"http:\/\/rakosliget.hu\/vajnafoto\/1968.jpg\" width=\"155\" height=\"200\" \/><\/h3>\n<p>Forr\u00e1s: http:\/\/evekesemlekek.blogspot.hu\/search\/label\/1920-as%20%C3%A9vek<\/p>\n<\/th>\n<\/tr>\n<\/tbody>\n<\/table>\n<h1>Matanovics f\u00e9nyk\u00e9p\u00e9sz<\/h1>\n<p>A f\u00e9nyk\u00e9p\u00e9sz a Ferihegyi \u00fat 14. sz\u00e1m alatt m\u0171k\u00f6d\u00f6tt m\u00e9g az 1960-as \u00e9vekben is.<\/p>\n<p><img loading=\"lazy\" decoding=\"async\" src=\"http:\/\/rakosliget.hu\/doku\/matanovics.jpg\" width=\"607\" height=\"368\" \/><\/p>\n<p>Forr\u00e1s: Google streetview<\/p>\n\n<div class=\"wp-block-image\">\n<figure class=\"aligncenter size-full\"><img loading=\"lazy\" decoding=\"async\" width=\"348\" height=\"152\" src=\"https:\/\/rakosliget.hu\/wordpress\/wp-content\/uploads\/2026\/01\/Mattanovich-foto.jpg\" alt=\"\" class=\"wp-image-20987\" srcset=\"https:\/\/rakosliget.hu\/wordpress\/wp-content\/uploads\/2026\/01\/Mattanovich-foto.jpg 348w, https:\/\/rakosliget.hu\/wordpress\/wp-content\/uploads\/2026\/01\/Mattanovich-foto-300x131.jpg 300w\" sizes=\"auto, (max-width: 348px) 100vw, 348px\" \/><figcaption class=\"wp-element-caption\">H\u00edrlap 1948-01-25<\/figcaption><\/figure>\n<\/div>","protected":false},"excerpt":{"rendered":"<p>&#8222;Op\u00e1l&#8221; F\u00e9nyk\u00e9p\u00e9szeti \u00e9s Fest\u00e9szeti M\u0171terem R\u00e1kosliget, Vecs\u00e9s, Budapest Friss\u00edtve: 2021. 05. 21. &#8222;Op\u00e1l&#8221; m\u0171terem n\u00e9ven t\u00f6bb telep\u00fcl\u00e9sen is m\u0171k\u00f6d\u00f6tt a f\u00e9nyk\u00e9p\u00e9sz \u00fczlet. R\u00e1kosligeten 1903-1915, Vecs\u00e9sen 1915 k\u00f6r\u00fcl. Az akkori Budapesten a VII. ker\u00fclet Kerepesi \u00fat 34. sz. alatt 1920-1924 k\u00f6z\u00f6tt. Forr\u00e1s: F\u00e9nyk\u00e9p\u00e9szek \u00e9s f\u00e9nyk\u00e9p\u00e9szm\u0171termek Magyarorsz\u00e1gon (1840-1945), szerz\u0151: Szak\u00e1cs Margit. 1997. Forr\u00e1s: Vatera.hu Forr\u00e1s: fortepan.hu Azonos\u00edt\u00f3: &hellip; <a href=\"https:\/\/rakosliget.hu\/wordpress\/index.php\/fenykepeszek\/\" class=\"more-link\"><span class=\"screen-reader-text\">F\u00c9NYK\u00c9P\u00c9SZEK<\/span> r\u00e9szletei&#8230;<\/a><\/p>\n","protected":false},"author":1,"featured_media":0,"parent":0,"menu_order":0,"comment_status":"closed","ping_status":"closed","template":"","meta":{"footnotes":""},"class_list":["post-492","page","type-page","status-publish","hentry"],"_links":{"self":[{"href":"https:\/\/rakosliget.hu\/wordpress\/index.php\/wp-json\/wp\/v2\/pages\/492","targetHints":{"allow":["GET"]}}],"collection":[{"href":"https:\/\/rakosliget.hu\/wordpress\/index.php\/wp-json\/wp\/v2\/pages"}],"about":[{"href":"https:\/\/rakosliget.hu\/wordpress\/index.php\/wp-json\/wp\/v2\/types\/page"}],"author":[{"embeddable":true,"href":"https:\/\/rakosliget.hu\/wordpress\/index.php\/wp-json\/wp\/v2\/users\/1"}],"replies":[{"embeddable":true,"href":"https:\/\/rakosliget.hu\/wordpress\/index.php\/wp-json\/wp\/v2\/comments?post=492"}],"version-history":[{"count":9,"href":"https:\/\/rakosliget.hu\/wordpress\/index.php\/wp-json\/wp\/v2\/pages\/492\/revisions"}],"predecessor-version":[{"id":23459,"href":"https:\/\/rakosliget.hu\/wordpress\/index.php\/wp-json\/wp\/v2\/pages\/492\/revisions\/23459"}],"wp:attachment":[{"href":"https:\/\/rakosliget.hu\/wordpress\/index.php\/wp-json\/wp\/v2\/media?parent=492"}],"curies":[{"name":"wp","href":"https:\/\/api.w.org\/{rel}","templated":true}]}}