{"id":481,"date":"2018-03-10T06:00:43","date_gmt":"2018-03-10T05:00:43","guid":{"rendered":"http:\/\/rakosliget.hu\/wordpress\/?page_id=481"},"modified":"2021-07-11T18:04:18","modified_gmt":"2021-07-11T17:04:18","slug":"terkepek","status":"publish","type":"page","link":"https:\/\/rakosliget.hu\/wordpress\/index.php\/terkepek\/","title":{"rendered":"T\u00c9RK\u00c9PEK"},"content":{"rendered":"\n<p><em>Friss\u00edtve: 2021.01.04.<\/em><\/p>\n\n\n<h4><a href=\"http:\/\/rakosliget.hu\/html\/rliget.html\"><img loading=\"lazy\" decoding=\"async\" class=\"alignnone wp-image-348 size-medium\" src=\"http:\/\/rakosliget.hu\/wordpress\/wp-content\/uploads\/2018\/03\/liget1907-1-1-300x94.png\" sizes=\"auto, (max-width: 300px) 100vw, 300px\" srcset=\"http:\/\/rakosliget.hu\/wordpress\/wp-content\/uploads\/2018\/03\/liget1907-1-1-300x94.png 300w, http:\/\/rakosliget.hu\/wordpress\/wp-content\/uploads\/2018\/03\/liget1907-1-1-768x240.png 768w, http:\/\/rakosliget.hu\/wordpress\/wp-content\/uploads\/2018\/03\/liget1907-1-1-1024x320.png 1024w, http:\/\/rakosliget.hu\/wordpress\/wp-content\/uploads\/2018\/03\/liget1907-1-1.png 1280w\" alt=\"\" width=\"300\" height=\"94\" \/><\/a><\/h4>\n<ul>\n<li><a href=\"https:\/\/maps.hungaricana.hu\/hu\/BFLTerkeptar\/4581\/\">T\u00e9rk\u00e9pek az Arcanum oldal\u00e1n<\/a><\/li>\n<li>\u00a0<\/li>\n<li>\t<!-- Gallery Engine Assets -->\r\n\t<style>\r\n\t\t#image_gallery_wrap_9389 {\r\n            --ig-gutter: 8px;\r\n            --ig-cols-lg: 2;\r\n            --ig-cols-md: 2;\r\n            --ig-cols-sm: 2;\r\n            --ig-cols-xs: 2;\r\n            \r\n            \/* Dynamic Border Variables *\/\r\n                        --ig-radius: 8px;\r\n            --ig-card-radius: 8px;\r\n            --ig-card-padding: 8px;\r\n\r\n\r\n        }\r\n\t<\/style>\r\n        <div id=\"image_gallery_wrap_9389\" \r\n        class=\"ig-gallery-outer-wrap ig-layout-masonry\" \r\n        data-layout=\"masonry\" \r\n        data-lb-loop=\"1\" \r\n        data-lb-label=\"Image %1 of %2\"\r\n        data-version=\"2.0.1\">\r\n\r\n    <div id=\"image_gallery_9389\" \n         class=\"ig-row igp-gallery all-images_9389\">\n        <div class=\"grid-sizer\"><\/div>\n                        <div class=\"ig-col single-image igp-item ig-col-lg-6 ig-col-md-6 ig-col-sm-6 ig-col-xs-6\" data-index=\"8\">\n            <div class=\"ig-image-card igp-card ig-has-card-border hvr-glow\">\n                                    <a class=\"ig-lightbox-item\" href=\"https:\/\/rakosliget.hu\/wordpress\/wp-content\/uploads\/2021\/07\/rliget1947.jpg\" data-lightbox=\"ig-gallery-9389\" data-title=\"rliget1947\" data-width=\"900\" data-height=\"565\">\n                                    \n\n\n                    <div class=\"ig-image-container\">\n                        <img loading=\"lazy\" decoding=\"async\" width=\"150\" height=\"150\" src=\"https:\/\/rakosliget.hu\/wordpress\/wp-content\/uploads\/2021\/07\/rliget1947-150x150.jpg\" class=\"ig-thumbnail loading\" alt=\"rliget1947\" \/>                        \n                                                    <div class=\"ig-overlay ig-overlay-bottom\">\n                                <span class=\"ig-item-title\">rliget1947<\/span>\n                            <\/div>\n                                            <\/div>\n\n\n\n                                    <\/a>\n                            <\/div>\n\n        <\/div>\n                        <div class=\"ig-col single-image igp-item ig-col-lg-6 ig-col-md-6 ig-col-sm-6 ig-col-xs-6\" data-index=\"7\">\n            <div class=\"ig-image-card igp-card ig-has-card-border hvr-glow\">\n                                    <a class=\"ig-lightbox-item\" href=\"https:\/\/rakosliget.hu\/wordpress\/wp-content\/uploads\/2021\/07\/rligetny.jpg\" data-lightbox=\"ig-gallery-9389\" data-title=\"rligetny\" data-width=\"700\" data-height=\"697\">\n                                    \n\n\n                    <div class=\"ig-image-container\">\n                        <img loading=\"lazy\" decoding=\"async\" width=\"150\" height=\"150\" src=\"https:\/\/rakosliget.hu\/wordpress\/wp-content\/uploads\/2021\/07\/rligetny-150x150.jpg\" class=\"ig-thumbnail loading\" alt=\"rligetny\" \/>                        \n                                                    <div class=\"ig-overlay ig-overlay-bottom\">\n                                <span class=\"ig-item-title\">rligetny<\/span>\n                            <\/div>\n                                            <\/div>\n\n\n\n                                    <\/a>\n                            <\/div>\n\n        <\/div>\n                        <div class=\"ig-col single-image igp-item ig-col-lg-6 ig-col-md-6 ig-col-sm-6 ig-col-xs-6\" data-index=\"6\">\n            <div class=\"ig-image-card igp-card ig-has-card-border hvr-glow\">\n                                    <a class=\"ig-lightbox-item\" href=\"https:\/\/rakosliget.hu\/wordpress\/wp-content\/uploads\/2021\/07\/rligetIvh.jpg\" data-lightbox=\"ig-gallery-9389\" data-title=\"rligetIvh\" data-width=\"1000\" data-height=\"330\">\n                                    \n\n\n                    <div class=\"ig-image-container\">\n                        <img loading=\"lazy\" decoding=\"async\" width=\"150\" height=\"150\" src=\"https:\/\/rakosliget.hu\/wordpress\/wp-content\/uploads\/2021\/07\/rligetIvh-150x150.jpg\" class=\"ig-thumbnail loading\" alt=\"rligetIvh\" \/>                        \n                                                    <div class=\"ig-overlay ig-overlay-bottom\">\n                                <span class=\"ig-item-title\">rligetIvh<\/span>\n                            <\/div>\n                                            <\/div>\n\n\n\n                                    <\/a>\n                            <\/div>\n\n        <\/div>\n                        <div class=\"ig-col single-image igp-item ig-col-lg-6 ig-col-md-6 ig-col-sm-6 ig-col-xs-6\" data-index=\"5\">\n            <div class=\"ig-image-card igp-card ig-has-card-border hvr-glow\">\n                                    <a class=\"ig-lightbox-item\" href=\"https:\/\/rakosliget.hu\/wordpress\/wp-content\/uploads\/2021\/07\/MTA.jpg\" data-lightbox=\"ig-gallery-9389\" data-title=\"MTA\" data-width=\"700\" data-height=\"816\">\n                                    \n\n\n                    <div class=\"ig-image-container\">\n                        <img loading=\"lazy\" decoding=\"async\" width=\"150\" height=\"150\" src=\"https:\/\/rakosliget.hu\/wordpress\/wp-content\/uploads\/2021\/07\/MTA-150x150.jpg\" class=\"ig-thumbnail loading\" alt=\"MTA\" \/>                        \n                                                    <div class=\"ig-overlay ig-overlay-bottom\">\n                                <span class=\"ig-item-title\">MTA<\/span>\n                            <\/div>\n                                            <\/div>\n\n\n\n                                    <\/a>\n                            <\/div>\n\n        <\/div>\n                        <div class=\"ig-col single-image igp-item ig-col-lg-6 ig-col-md-6 ig-col-sm-6 ig-col-xs-6\" data-index=\"4\">\n            <div class=\"ig-image-card igp-card ig-has-card-border hvr-glow\">\n                                    <a class=\"ig-lightbox-item\" href=\"https:\/\/rakosliget.hu\/wordpress\/wp-content\/uploads\/2021\/07\/rakosliget.jpg\" data-lightbox=\"ig-gallery-9389\" data-title=\"rakosliget\" data-width=\"557\" data-height=\"500\">\n                                    \n\n\n                    <div class=\"ig-image-container\">\n                        <img loading=\"lazy\" decoding=\"async\" width=\"150\" height=\"150\" src=\"https:\/\/rakosliget.hu\/wordpress\/wp-content\/uploads\/2021\/07\/rakosliget-150x150.jpg\" class=\"ig-thumbnail loading\" alt=\"rakosliget\" \/>                        \n                                                    <div class=\"ig-overlay ig-overlay-bottom\">\n                                <span class=\"ig-item-title\">rakosliget<\/span>\n                            <\/div>\n                                            <\/div>\n\n\n\n                                    <\/a>\n                            <\/div>\n\n        <\/div>\n                        <div class=\"ig-col single-image igp-item ig-col-lg-6 ig-col-md-6 ig-col-sm-6 ig-col-xs-6\" data-index=\"3\">\n            <div class=\"ig-image-card igp-card ig-has-card-border hvr-glow\">\n                                    <a class=\"ig-lightbox-item\" href=\"https:\/\/rakosliget.hu\/wordpress\/wp-content\/uploads\/2021\/07\/rliget1947.jpg\" data-lightbox=\"ig-gallery-9389\" data-title=\"rliget1947\" data-width=\"900\" data-height=\"565\">\n                                    \n\n\n                    <div class=\"ig-image-container\">\n                        <img loading=\"lazy\" decoding=\"async\" width=\"150\" height=\"150\" src=\"https:\/\/rakosliget.hu\/wordpress\/wp-content\/uploads\/2021\/07\/rliget1947-150x150.jpg\" class=\"ig-thumbnail loading\" alt=\"rliget1947\" \/>                        \n                                                    <div class=\"ig-overlay ig-overlay-bottom\">\n                                <span class=\"ig-item-title\">rliget1947<\/span>\n                            <\/div>\n                                            <\/div>\n\n\n\n                                    <\/a>\n                            <\/div>\n\n        <\/div>\n                        <div class=\"ig-col single-image igp-item ig-col-lg-6 ig-col-md-6 ig-col-sm-6 ig-col-xs-6\" data-index=\"2\">\n            <div class=\"ig-image-card igp-card ig-has-card-border hvr-glow\">\n                                    <a class=\"ig-lightbox-item\" href=\"https:\/\/rakosliget.hu\/wordpress\/wp-content\/uploads\/2021\/07\/rakosliget-1938r.jpg\" data-lightbox=\"ig-gallery-9389\" data-title=\"rakosliget 1938r\" data-width=\"1000\" data-height=\"862\">\n                                    \n\n\n                    <div class=\"ig-image-container\">\n                        <img loading=\"lazy\" decoding=\"async\" width=\"150\" height=\"150\" src=\"https:\/\/rakosliget.hu\/wordpress\/wp-content\/uploads\/2021\/07\/rakosliget-1938r-150x150.jpg\" class=\"ig-thumbnail loading\" alt=\"rakosliget 1938r\" \/>                        \n                                                    <div class=\"ig-overlay ig-overlay-bottom\">\n                                <span class=\"ig-item-title\">rakosliget 1938r<\/span>\n                            <\/div>\n                                            <\/div>\n\n\n\n                                    <\/a>\n                            <\/div>\n\n        <\/div>\n                        <div class=\"ig-col single-image igp-item ig-col-lg-6 ig-col-md-6 ig-col-sm-6 ig-col-xs-6\" data-index=\"1\">\n            <div class=\"ig-image-card igp-card ig-has-card-border hvr-glow\">\n                                    <a class=\"ig-lightbox-item\" href=\"https:\/\/rakosliget.hu\/wordpress\/wp-content\/uploads\/2021\/07\/rakosliget-r.jpg\" data-lightbox=\"ig-gallery-9389\" data-title=\"rakosliget r\" data-width=\"750\" data-height=\"239\">\n                                    \n\n\n                    <div class=\"ig-image-container\">\n                        <img loading=\"lazy\" decoding=\"async\" width=\"150\" height=\"150\" src=\"https:\/\/rakosliget.hu\/wordpress\/wp-content\/uploads\/2021\/07\/rakosliget-r-150x150.jpg\" class=\"ig-thumbnail loading\" alt=\"rakosliget r\" \/>                        \n                                                    <div class=\"ig-overlay ig-overlay-bottom\">\n                                <span class=\"ig-item-title\">rakosliget r<\/span>\n                            <\/div>\n                                            <\/div>\n\n\n\n                                    <\/a>\n                            <\/div>\n\n        <\/div>\n                        <div class=\"ig-col single-image igp-item ig-col-lg-6 ig-col-md-6 ig-col-sm-6 ig-col-xs-6\" data-index=\"0\">\n            <div class=\"ig-image-card igp-card ig-has-card-border hvr-glow\">\n                                    <a class=\"ig-lightbox-item\" href=\"https:\/\/rakosliget.hu\/wordpress\/wp-content\/uploads\/2021\/07\/liget1907.jpg\" data-lightbox=\"ig-gallery-9389\" data-title=\"liget1907\" data-width=\"1280\" data-height=\"1071\">\n                                    \n\n\n                    <div class=\"ig-image-container\">\n                        <img loading=\"lazy\" decoding=\"async\" width=\"150\" height=\"150\" src=\"https:\/\/rakosliget.hu\/wordpress\/wp-content\/uploads\/2021\/07\/liget1907-150x150.jpg\" class=\"ig-thumbnail loading\" alt=\"liget1907\" \/>                        \n                                                    <div class=\"ig-overlay ig-overlay-bottom\">\n                                <span class=\"ig-item-title\">liget1907<\/span>\n                            <\/div>\n                                            <\/div>\n\n\n\n                                    <\/a>\n                            <\/div>\n\n        <\/div>\n            <\/div>\n\n\n\n        <\/div><\/li>\n<li><a href=\"http:\/\/rakosliget.hu\/html\/onmouse_.html\">F\u00f6ldtani t\u00e9rk\u00e9p<\/a><\/li>\n<li><a href=\"http:\/\/rakosliget.hu\/wordpress\/wp-content\/uploads\/2020\/12\/kavicsbanyak.jpg\">R\u00e1kosliget kavicsb\u00e1ny\u00e1i<\/a><\/li>\n<li><a href=\"http:\/\/rakosliget.hu\/html\/rliget.html\">R\u00e1kosligeten \u00e9ltek t\u00e9rk\u00e9pen<\/a><\/li>\n<li><a href=\"http:\/\/rakosliget.hu\/wordpress\/wp-content\/uploads\/2020\/11\/metro-atadas-utani-tomegkozlekedesi-halozat-terkepjpg_reduce-scaled.jpg\">T\u00f6megk\u00f6zleked\u00e9si h\u00e1l\u00f3zat 1972<\/a><\/li>\n<li><a href=\"http:\/\/rakosliget.hu\/wordpress\/index.php\/az-attila-vonal\/\">A II. vil\u00e1gh\u00e1bor\u00fa R\u00e1kosment\u00e9n<\/a><\/li>\n<li><a href=\"https:\/\/www.google.com\/maps\/d\/embed?mid=1oxQnpX5jBRExJ6Izlm3Urqk2eLycQ4bR\" target=\"_blank\" rel=\"noreferrer noopener\">Eml\u00e9kt\u00e1bl\u00e1k t\u00e9rk\u00e9pen<\/a><\/li>\n<li><a href=\"http:\/\/rakosliget.hu\/terkep\/XVII ker\u00fclet 1950-ben_ korrig\u00e1lt_reduce.pdf\" data-wplink-url-error=\"true\">A XVII. ker\u00fclet t\u00e9rk\u00e9pe 1950 <\/a>Nagy m\u00e9ret\u0171 k\u00e9p!<\/li>\n<li><a href=\"http:\/\/rakosliget.hu\/wordpress\/wp-content\/uploads\/2021\/07\/rajosliget-1810-korul-scaled.jpg\">R\u00e1kosliget 1810 k\u00f6r\u00fcl<\/a><\/li>\n<\/ul>","protected":false},"excerpt":{"rendered":"<p>Friss\u00edtve: 2021.01.04. T\u00e9rk\u00e9pek az Arcanum oldal\u00e1n \u00a0 F\u00f6ldtani t\u00e9rk\u00e9p R\u00e1kosliget kavicsb\u00e1ny\u00e1i R\u00e1kosligeten \u00e9ltek t\u00e9rk\u00e9pen T\u00f6megk\u00f6zleked\u00e9si h\u00e1l\u00f3zat 1972 A II. vil\u00e1gh\u00e1bor\u00fa R\u00e1kosment\u00e9n Eml\u00e9kt\u00e1bl\u00e1k t\u00e9rk\u00e9pen A XVII. ker\u00fclet t\u00e9rk\u00e9pe 1950 Nagy m\u00e9ret\u0171 k\u00e9p! R\u00e1kosliget 1810 k\u00f6r\u00fcl<\/p>\n","protected":false},"author":1,"featured_media":0,"parent":0,"menu_order":0,"comment_status":"closed","ping_status":"closed","template":"","meta":{"footnotes":""},"class_list":["post-481","page","type-page","status-publish","hentry"],"_links":{"self":[{"href":"https:\/\/rakosliget.hu\/wordpress\/index.php\/wp-json\/wp\/v2\/pages\/481","targetHints":{"allow":["GET"]}}],"collection":[{"href":"https:\/\/rakosliget.hu\/wordpress\/index.php\/wp-json\/wp\/v2\/pages"}],"about":[{"href":"https:\/\/rakosliget.hu\/wordpress\/index.php\/wp-json\/wp\/v2\/types\/page"}],"author":[{"embeddable":true,"href":"https:\/\/rakosliget.hu\/wordpress\/index.php\/wp-json\/wp\/v2\/users\/1"}],"replies":[{"embeddable":true,"href":"https:\/\/rakosliget.hu\/wordpress\/index.php\/wp-json\/wp\/v2\/comments?post=481"}],"version-history":[{"count":19,"href":"https:\/\/rakosliget.hu\/wordpress\/index.php\/wp-json\/wp\/v2\/pages\/481\/revisions"}],"predecessor-version":[{"id":9405,"href":"https:\/\/rakosliget.hu\/wordpress\/index.php\/wp-json\/wp\/v2\/pages\/481\/revisions\/9405"}],"wp:attachment":[{"href":"https:\/\/rakosliget.hu\/wordpress\/index.php\/wp-json\/wp\/v2\/media?parent=481"}],"curies":[{"name":"wp","href":"https:\/\/api.w.org\/{rel}","templated":true}]}}