{"id":4181,"date":"2020-01-15T14:16:35","date_gmt":"2020-01-15T13:16:35","guid":{"rendered":"http:\/\/rakosliget.hu\/wordpress\/?page_id=4181"},"modified":"2020-12-18T02:54:10","modified_gmt":"2020-12-18T01:54:10","slug":"ii-vilaghaborus-emlekmu","status":"publish","type":"page","link":"https:\/\/rakosliget.hu\/wordpress\/index.php\/ii-vilaghaborus-emlekmu\/","title":{"rendered":"II. vil\u00e1gh\u00e1bor\u00fas eml\u00e9km\u0171"},"content":{"rendered":"\n<h2 class=\"wp-block-heading\">2007<\/h2>\n\n\n\n<p>M\u00e1t\u00e9fy Anna a XVII. ker\u00fclet\u00e9rt Egyes\u00fclet eln\u00f6ke kezdem\u00e9nyezte az eml\u00e9km\u0171 fel\u00e1ll\u00edt\u00e1s\u00e1t 2007-ben.<\/p>\n\n\n\n<p>Sz\u0171cs L\u00e1szl\u00f3 r\u00e1kosligeti \u00e9p\u00edt\u00e9sz tervei alapj\u00e1n k\u00e9sz\u00fclt el.<\/p>\n\n\n\n<div class=\"wp-block-image\"><figure class=\"aligncenter size-large\"><img loading=\"lazy\" decoding=\"async\" width=\"959\" height=\"1024\" src=\"http:\/\/rakosliget.hu\/wordpress\/wp-content\/uploads\/2020\/01\/terv2-959x1024.jpg\" alt=\"\" class=\"wp-image-4185\" srcset=\"https:\/\/rakosliget.hu\/wordpress\/wp-content\/uploads\/2020\/01\/terv2-959x1024.jpg 959w, https:\/\/rakosliget.hu\/wordpress\/wp-content\/uploads\/2020\/01\/terv2-281x300.jpg 281w, https:\/\/rakosliget.hu\/wordpress\/wp-content\/uploads\/2020\/01\/terv2-768x820.jpg 768w, https:\/\/rakosliget.hu\/wordpress\/wp-content\/uploads\/2020\/01\/terv2-1438x1536.jpg 1438w, https:\/\/rakosliget.hu\/wordpress\/wp-content\/uploads\/2020\/01\/terv2-1918x2048.jpg 1918w\" sizes=\"auto, (max-width: 959px) 100vw, 959px\" \/><figcaption>Tervezet<\/figcaption><\/figure><\/div>\n\n\n\n<figure class=\"wp-block-image size-large\"><img loading=\"lazy\" decoding=\"async\" width=\"768\" height=\"1024\" src=\"http:\/\/rakosliget.hu\/wordpress\/wp-content\/uploads\/2018\/10\/osz11-768x1024.jpg\" alt=\"\" class=\"wp-image-1923\" srcset=\"https:\/\/rakosliget.hu\/wordpress\/wp-content\/uploads\/2018\/10\/osz11-768x1024.jpg 768w, https:\/\/rakosliget.hu\/wordpress\/wp-content\/uploads\/2018\/10\/osz11-225x300.jpg 225w, https:\/\/rakosliget.hu\/wordpress\/wp-content\/uploads\/2018\/10\/osz11.jpg 900w\" sizes=\"auto, (max-width: 768px) 100vw, 768px\" \/><figcaption>A megval\u00f3sult eml\u00e9km\u0171<\/figcaption><\/figure>\n\n\n\n<figure class=\"wp-block-image size-large\"><img loading=\"lazy\" decoding=\"async\" width=\"1024\" height=\"485\" src=\"http:\/\/rakosliget.hu\/wordpress\/wp-content\/uploads\/2020\/12\/IMG_20201202_104052_1-1024x485.jpg\" alt=\"\" class=\"wp-image-8800\" srcset=\"https:\/\/rakosliget.hu\/wordpress\/wp-content\/uploads\/2020\/12\/IMG_20201202_104052_1-1024x485.jpg 1024w, https:\/\/rakosliget.hu\/wordpress\/wp-content\/uploads\/2020\/12\/IMG_20201202_104052_1-300x142.jpg 300w, https:\/\/rakosliget.hu\/wordpress\/wp-content\/uploads\/2020\/12\/IMG_20201202_104052_1-768x363.jpg 768w, https:\/\/rakosliget.hu\/wordpress\/wp-content\/uploads\/2020\/12\/IMG_20201202_104052_1-1536x727.jpg 1536w, https:\/\/rakosliget.hu\/wordpress\/wp-content\/uploads\/2020\/12\/IMG_20201202_104052_1-2048x969.jpg 2048w\" sizes=\"auto, (max-width: 1024px) 100vw, 1024px\" \/><\/figure>\n\n\n\n<figure class=\"wp-block-image size-large\"><img loading=\"lazy\" decoding=\"async\" width=\"485\" height=\"1024\" src=\"http:\/\/rakosliget.hu\/wordpress\/wp-content\/uploads\/2020\/12\/IMG_20201202_104144_BURST3-485x1024.jpg\" alt=\"\" class=\"wp-image-8802\" srcset=\"https:\/\/rakosliget.hu\/wordpress\/wp-content\/uploads\/2020\/12\/IMG_20201202_104144_BURST3-485x1024.jpg 485w, https:\/\/rakosliget.hu\/wordpress\/wp-content\/uploads\/2020\/12\/IMG_20201202_104144_BURST3-142x300.jpg 142w, https:\/\/rakosliget.hu\/wordpress\/wp-content\/uploads\/2020\/12\/IMG_20201202_104144_BURST3-768x1623.jpg 768w, https:\/\/rakosliget.hu\/wordpress\/wp-content\/uploads\/2020\/12\/IMG_20201202_104144_BURST3-727x1536.jpg 727w, https:\/\/rakosliget.hu\/wordpress\/wp-content\/uploads\/2020\/12\/IMG_20201202_104144_BURST3-969x2048.jpg 969w, https:\/\/rakosliget.hu\/wordpress\/wp-content\/uploads\/2020\/12\/IMG_20201202_104144_BURST3-scaled.jpg 1211w\" sizes=\"auto, (max-width: 485px) 100vw, 485px\" \/><\/figure>\n","protected":false},"excerpt":{"rendered":"<p>2007 M\u00e1t\u00e9fy Anna a XVII. ker\u00fclet\u00e9rt Egyes\u00fclet eln\u00f6ke kezdem\u00e9nyezte az eml\u00e9km\u0171 fel\u00e1ll\u00edt\u00e1s\u00e1t 2007-ben. Sz\u0171cs L\u00e1szl\u00f3 r\u00e1kosligeti \u00e9p\u00edt\u00e9sz tervei alapj\u00e1n k\u00e9sz\u00fclt el.<\/p>\n","protected":false},"author":1,"featured_media":0,"parent":0,"menu_order":0,"comment_status":"closed","ping_status":"closed","template":"","meta":{"footnotes":""},"class_list":["post-4181","page","type-page","status-publish","hentry"],"_links":{"self":[{"href":"https:\/\/rakosliget.hu\/wordpress\/index.php\/wp-json\/wp\/v2\/pages\/4181","targetHints":{"allow":["GET"]}}],"collection":[{"href":"https:\/\/rakosliget.hu\/wordpress\/index.php\/wp-json\/wp\/v2\/pages"}],"about":[{"href":"https:\/\/rakosliget.hu\/wordpress\/index.php\/wp-json\/wp\/v2\/types\/page"}],"author":[{"embeddable":true,"href":"https:\/\/rakosliget.hu\/wordpress\/index.php\/wp-json\/wp\/v2\/users\/1"}],"replies":[{"embeddable":true,"href":"https:\/\/rakosliget.hu\/wordpress\/index.php\/wp-json\/wp\/v2\/comments?post=4181"}],"version-history":[{"count":5,"href":"https:\/\/rakosliget.hu\/wordpress\/index.php\/wp-json\/wp\/v2\/pages\/4181\/revisions"}],"predecessor-version":[{"id":8803,"href":"https:\/\/rakosliget.hu\/wordpress\/index.php\/wp-json\/wp\/v2\/pages\/4181\/revisions\/8803"}],"wp:attachment":[{"href":"https:\/\/rakosliget.hu\/wordpress\/index.php\/wp-json\/wp\/v2\/media?parent=4181"}],"curies":[{"name":"wp","href":"https:\/\/api.w.org\/{rel}","templated":true}]}}