{"id":4008,"date":"2020-01-10T16:57:44","date_gmt":"2020-01-10T15:57:44","guid":{"rendered":"http:\/\/rakosliget.hu\/wordpress\/?page_id=4008"},"modified":"2025-10-31T19:28:50","modified_gmt":"2025-10-31T18:28:50","slug":"atlatika-rakosligeti-move","status":"publish","type":"page","link":"https:\/\/rakosliget.hu\/wordpress\/index.php\/atlatika-rakosligeti-move\/","title":{"rendered":"ATL\u00c9TIKA &#8211; R\u00c1KOSLIGETI ATL\u00c9TIKAI CLUB -R\u00c1KOSLIGETI MOVE (1934) &#8211; R\u00c1KOSLIGETI UE &#8211;"},"content":{"rendered":"\n<p><em>Friss\u00edtve: 2025. 02. 16.<\/em><\/p>\n\n\n\n<p class=\"has-text-align-center\">\t<!-- CSS Part Start From Here-->\n\t<style>\n\t\t.all-images {\n\t\t\tpadding-top: 10px !important;\n\t\t\tpadding-bottom: 15px !important;\n\t\t}\n\n\t\t#image_gallery_4014 .thumbnail {\n\t\t\twidth: 100% !important;\n\t\t\theight: auto !important;\n\t\t\tborder-radius: 0px;\n\t\t\t\/*background: transparent url('https:\/\/rakosliget.hu\/wordpress\/wp-content\/plugins\/new-image-gallery\/include\/assets\/img\/loading.gif') center no-repeat !important;*\/\n\t\t\tmargin-bottom: 20px !important;\n\t\t}\n\n\t\t\t\t.item-title {\n\t\t\tbackground-color: rgba(0, 0, 0, 0.5);\n\t\t\tbottom: 45px;\n\t\t\tcolor: #FFFFFF;\n\t\t\tdisplay: block;\n\t\t\tfont-weight: 300;\n\t\t\tleft: 2rem;\n\t\t\tpadding: 8px;\n\t\t\tposition: absolute;\n\t\t\tright: 2rem;\n\t\t\ttext-align: center;\n\t\t\ttext-transform: capitalize;\n\t\t}\n\n\t\t\t<\/style>\n\t<div id=\"image_gallery_4014\" class=\"row all-images-4014\">\n\t\t\t\t\t\t<div class=\"single-image-4014 col-lg-2 col-md-3 col-sm-4 col-xs-6\">\n\t\t\t\t\t<a href=\"https:\/\/rakosliget.hu\/wordpress\/wp-content\/uploads\/2018\/12\/1.png\" data-lightbox=\"lightbox-4014\" data-gallery=\"gallery-4014\" data-title=\"RAC megh\u00edv\u00f3 1937. 1. oldal\">\n\t\t\t\t\t\t<img decoding=\"async\" class=\"thumbnail hvr-glow\" src=\"https:\/\/rakosliget.hu\/wordpress\/wp-content\/uploads\/2018\/12\/1-150x150.png\" alt=\"RAC megh\u00edv\u00f3 1937. 1. oldal\">\n\t\t\t\t\t\t\t\t\t\t\t<\/a>\n\t\t\t\t<\/div>\n\t\t\t\t\t\t<div class=\"single-image-4014 col-lg-2 col-md-3 col-sm-4 col-xs-6\">\n\t\t\t\t\t<a href=\"https:\/\/rakosliget.hu\/wordpress\/wp-content\/uploads\/2018\/12\/2.png\" data-lightbox=\"lightbox-4014\" data-gallery=\"gallery-4014\" data-title=\"RAC megh\u00edv\u00f3 1937. 2. oldal\">\n\t\t\t\t\t\t<img decoding=\"async\" class=\"thumbnail hvr-glow\" src=\"https:\/\/rakosliget.hu\/wordpress\/wp-content\/uploads\/2018\/12\/2-150x150.png\" alt=\"RAC megh\u00edv\u00f3 1937. 2. oldal\">\n\t\t\t\t\t\t\t\t\t\t\t<\/a>\n\t\t\t\t<\/div>\n\t\t\t\t\t\t<div class=\"single-image-4014 col-lg-2 col-md-3 col-sm-4 col-xs-6\">\n\t\t\t\t\t<a href=\"https:\/\/rakosliget.hu\/wordpress\/wp-content\/uploads\/2018\/10\/movevdij.jpg\" data-lightbox=\"lightbox-4014\" data-gallery=\"gallery-4014\" data-title=\"MOVE V.d\u00edj\">\n\t\t\t\t\t\t<img decoding=\"async\" class=\"thumbnail hvr-glow\" src=\"https:\/\/rakosliget.hu\/wordpress\/wp-content\/uploads\/2018\/10\/movevdij-150x150.jpg\" alt=\"MOVE V.d\u00edj\">\n\t\t\t\t\t\t\t\t\t\t\t<\/a>\n\t\t\t\t<\/div>\n\t\t\t\t\t\t<div class=\"single-image-4014 col-lg-2 col-md-3 col-sm-4 col-xs-6\">\n\t\t\t\t\t<a href=\"https:\/\/rakosliget.hu\/wordpress\/wp-content\/uploads\/2018\/10\/movevdi_1j.jpg\" data-lightbox=\"lightbox-4014\" data-gallery=\"gallery-4014\" data-title=\"MOVE V.d\u00edj\">\n\t\t\t\t\t\t<img decoding=\"async\" class=\"thumbnail hvr-glow\" src=\"https:\/\/rakosliget.hu\/wordpress\/wp-content\/uploads\/2018\/10\/movevdi_1j-150x150.jpg\" alt=\"MOVE V.d\u00edj\">\n\t\t\t\t\t\t\t\t\t\t\t<\/a>\n\t\t\t\t<\/div>\n\t\t\t\t\t\t<div class=\"single-image-4014 col-lg-2 col-md-3 col-sm-4 col-xs-6\">\n\t\t\t\t\t<a href=\"https:\/\/rakosliget.hu\/wordpress\/wp-content\/uploads\/2018\/10\/rakosligeti-sport-club-erme_1.jpg\" data-lightbox=\"lightbox-4014\" data-gallery=\"gallery-4014\" data-title=\"R\u00e1kosligeti Sport Club \u00e9rem\">\n\t\t\t\t\t\t<img decoding=\"async\" class=\"thumbnail hvr-glow\" src=\"https:\/\/rakosliget.hu\/wordpress\/wp-content\/uploads\/2018\/10\/rakosligeti-sport-club-erme_1-150x150.jpg\" alt=\"R\u00e1kosligeti Sport Club \u00e9rem\">\n\t\t\t\t\t\t\t\t\t\t\t<\/a>\n\t\t\t\t<\/div>\n\t\t\t\t\t\t<div class=\"single-image-4014 col-lg-2 col-md-3 col-sm-4 col-xs-6\">\n\t\t\t\t\t<a href=\"https:\/\/rakosliget.hu\/wordpress\/wp-content\/uploads\/2018\/10\/rakosligeti-sport-club-erme_2.jpg\" data-lightbox=\"lightbox-4014\" data-gallery=\"gallery-4014\" data-title=\"rakosligeti sport club erme_2\">\n\t\t\t\t\t\t<img decoding=\"async\" class=\"thumbnail hvr-glow\" src=\"https:\/\/rakosliget.hu\/wordpress\/wp-content\/uploads\/2018\/10\/rakosligeti-sport-club-erme_2-150x150.jpg\" alt=\"rakosligeti sport club erme_2\">\n\t\t\t\t\t\t\t\t\t\t\t<\/a>\n\t\t\t\t<\/div>\n\t\t\t\t\t\t<div class=\"single-image-4014 col-lg-2 col-md-3 col-sm-4 col-xs-6\">\n\t\t\t\t\t<a href=\"https:\/\/rakosliget.hu\/wordpress\/wp-content\/uploads\/2018\/10\/rakosligeti-tse_1.jpg\" data-lightbox=\"lightbox-4014\" data-gallery=\"gallery-4014\" data-title=\"rakosligeti tse_1\">\n\t\t\t\t\t\t<img decoding=\"async\" class=\"thumbnail hvr-glow\" src=\"https:\/\/rakosliget.hu\/wordpress\/wp-content\/uploads\/2018\/10\/rakosligeti-tse_1-150x150.jpg\" alt=\"rakosligeti tse_1\">\n\t\t\t\t\t\t\t\t\t\t\t<\/a>\n\t\t\t\t<\/div>\n\t\t\t\t\t\t<div class=\"single-image-4014 col-lg-2 col-md-3 col-sm-4 col-xs-6\">\n\t\t\t\t\t<a href=\"https:\/\/rakosliget.hu\/wordpress\/wp-content\/uploads\/2018\/10\/rakosligeti-tse_2.jpg\" data-lightbox=\"lightbox-4014\" data-gallery=\"gallery-4014\" data-title=\"rakosligeti tse_2\">\n\t\t\t\t\t\t<img decoding=\"async\" class=\"thumbnail hvr-glow\" src=\"https:\/\/rakosliget.hu\/wordpress\/wp-content\/uploads\/2018\/10\/rakosligeti-tse_2-150x150.jpg\" alt=\"rakosligeti tse_2\">\n\t\t\t\t\t\t\t\t\t\t\t<\/a>\n\t\t\t\t<\/div>\n\t\t\t\t\t\t<div class=\"single-image-4014 col-lg-2 col-md-3 col-sm-4 col-xs-6\">\n\t\t\t\t\t<a href=\"https:\/\/rakosliget.hu\/wordpress\/wp-content\/uploads\/2018\/10\/RAC-meghivo.jpg\" data-lightbox=\"lightbox-4014\" data-gallery=\"gallery-4014\" data-title=\"RAC meghiv\u00f3 1938\">\n\t\t\t\t\t\t<img decoding=\"async\" class=\"thumbnail hvr-glow\" src=\"https:\/\/rakosliget.hu\/wordpress\/wp-content\/uploads\/2018\/10\/RAC-meghivo-150x150.jpg\" alt=\"RAC meghiv\u00f3 1938\">\n\t\t\t\t\t\t\t\t\t\t\t<\/a>\n\t\t\t\t<\/div>\n\t\t\t\t\t\t<div class=\"single-image-4014 col-lg-2 col-md-3 col-sm-4 col-xs-6\">\n\t\t\t\t\t<a href=\"https:\/\/rakosliget.hu\/wordpress\/wp-content\/uploads\/2018\/10\/RAC-torna.jpg\" data-lightbox=\"lightbox-4014\" data-gallery=\"gallery-4014\" data-title=\"RAC torna\">\n\t\t\t\t\t\t<img decoding=\"async\" class=\"thumbnail hvr-glow\" src=\"https:\/\/rakosliget.hu\/wordpress\/wp-content\/uploads\/2018\/10\/RAC-torna-150x150.jpg\" alt=\"RAC torna\">\n\t\t\t\t\t\t\t\t\t\t\t<\/a>\n\t\t\t\t<\/div>\n\t\t\t\t\t\t<div class=\"single-image-4014 col-lg-2 col-md-3 col-sm-4 col-xs-6\">\n\t\t\t\t\t<a href=\"https:\/\/rakosliget.hu\/wordpress\/wp-content\/uploads\/2018\/10\/RUEtagig.jpg\" data-lightbox=\"lightbox-4014\" data-gallery=\"gallery-4014\" data-title=\"RUE tags\u00e1gi igazolv\u00e1ny\">\n\t\t\t\t\t\t<img decoding=\"async\" class=\"thumbnail hvr-glow\" src=\"https:\/\/rakosliget.hu\/wordpress\/wp-content\/uploads\/2018\/10\/RUEtagig-150x150.jpg\" alt=\"RUE tags\u00e1gi igazolv\u00e1ny\">\n\t\t\t\t\t\t\t\t\t\t\t<\/a>\n\t\t\t\t<\/div>\n\t\t\t\t\t\t<div class=\"single-image-4014 col-lg-2 col-md-3 col-sm-4 col-xs-6\">\n\t\t\t\t\t<a href=\"https:\/\/rakosliget.hu\/wordpress\/wp-content\/uploads\/2018\/10\/move-rakosligeti-tse.jpg\" data-lightbox=\"lightbox-4014\" data-gallery=\"gallery-4014\" data-title=\"move rakosligeti tse\">\n\t\t\t\t\t\t<img decoding=\"async\" class=\"thumbnail hvr-glow\" src=\"https:\/\/rakosliget.hu\/wordpress\/wp-content\/uploads\/2018\/10\/move-rakosligeti-tse-150x150.jpg\" alt=\"move rakosligeti tse\">\n\t\t\t\t\t\t\t\t\t\t\t<\/a>\n\t\t\t\t<\/div>\n\t\t\t\t\t\t<div class=\"single-image-4014 col-lg-2 col-md-3 col-sm-4 col-xs-6\">\n\t\t\t\t\t<a href=\"https:\/\/rakosliget.hu\/wordpress\/wp-content\/uploads\/2018\/03\/logo-512_512.png\" data-lightbox=\"lightbox-4014\" data-gallery=\"gallery-4014\" data-title=\"logo 512_512\">\n\t\t\t\t\t\t<img decoding=\"async\" class=\"thumbnail hvr-glow\" src=\"https:\/\/rakosliget.hu\/wordpress\/wp-content\/uploads\/2018\/03\/logo-512_512-150x150.png\" alt=\"logo 512_512\">\n\t\t\t\t\t\t\t\t\t\t\t<\/a>\n\t\t\t\t<\/div>\n\t\t\t\t\t\t<div class=\"single-image-4014 col-lg-2 col-md-3 col-sm-4 col-xs-6\">\n\t\t\t\t\t<a href=\"https:\/\/rakosliget.hu\/wordpress\/wp-content\/uploads\/2018\/10\/spor-club12.jpg\" data-lightbox=\"lightbox-4014\" data-gallery=\"gallery-4014\" data-title=\"Sportclub \u00e9p\u00fclete\">\n\t\t\t\t\t\t<img decoding=\"async\" class=\"thumbnail hvr-glow\" src=\"https:\/\/rakosliget.hu\/wordpress\/wp-content\/uploads\/2018\/10\/spor-club12-150x150.jpg\" alt=\"Sportclub \u00e9p\u00fclete\">\n\t\t\t\t\t\t\t\t\t\t\t<\/a>\n\t\t\t\t<\/div>\n\t\t\t<\/div>\n<script>\n\tjQuery(document).ready(function() {\n\t\t\/\/ Method 1 - Initialize Isotope, then trigger layout after each image loads.\n\t\tvar $grid = jQuery('.all-images-4014').isotope({\n\t\t\t\/\/ options...\n\t\t\titemSelector: '.single-image-4014',\n\t\t});\n\t\t\/\/ layout Isotope after each image loads\n\t\t$grid.imagesLoaded().progress(function() {\n\t\t\t$grid.isotope('layout');\n\t\t});\n\n\n\t\tlightbox.option({\n\t\t\t'wrapAround': false,\n\t\t})\n\n\t\tjQuery(document).on('click', '[data-toggle=\"lightbox-4014\"]', function(event) {\n\t\t\tevent.preventDefault();\n\t\t\tjQuery(this).ekkoLightbox();\n\t\t});\n\t});\n<\/script><\/p>\n\n\n\n<h2 class=\"wp-block-heading\">A Magyar Atl\u00e9tikai Sz\u00f6vets\u00e9ghez (MASZ) tartoz\u00f3 r\u00e1kosligeti szervezetek:<\/h2>\n\n\n\n<p>(R\u00f6vid n\u00e9v; N\u00e9v; MASZ-hoz csatlakoz\u00e1s &#8211; megsz\u0171n\u00e9s \u00e9ve; Tagl\u00e9tsz\u00e1m )<\/p>\n\n\n\n<ul class=\"wp-block-list\">\n<li>RAC                       R\u00e1kosligeti Athletikai Club                   (1929- 1938)                             50.<\/li>\n\n\n\n<li>R\u00e1kosliget         MRTSE MOVE    R\u00e1kosligeti T\u00e1rsadalmi Sport Egylet   (1935)                      50.<\/li>\n\n\n\n<li>RUE                      R\u00e1kosligeti \u00dasz\u00f3 Egylet                          (1913 &#8211; 1938)                      50. 1914-ben  a titk\u00e1r: R\u00e9vay Gyula.<\/li>\n<\/ul>\n\n\n\n<p>Paulinyi Jen\u0151 (MOVE RTSE) a Magyar Atl\u00e9tikai Sz\u00f6vets\u00e9g p\u00f3ttan\u00e1cstagja 1936 &#8211; 1938<\/p>\n\n\n\n<p>1939-ben m\u00e1r csak az MRTSE MOVE tagja a MASZ-nak.<\/p>\n\n\n\n<h2 class=\"wp-block-heading\" id=\"Eleje\"><a href=\"#1906\">1906<\/a>  <a href=\"#1908\">1908<\/a>  <a href=\"#1909\">1909<\/a>  <a href=\"#19012\">1912<\/a>  <a href=\"#1920\">1920<\/a>  <\/h2>\n\n\n\n<h2 class=\"wp-block-heading\" id=\"1906\"><a href=\"https:\/\/rakosliget.hu\/wordpress\/index.php\/atletika-1906\/\">1906<\/a><\/h2>\n\n\n\n<p><a href=\"#Eleje\">Vissza 1906 &#8211; 1920<\/a><\/p>\n\n\n\n<h2 class=\"wp-block-heading\" id=\"1908\">1908<\/h2>\n\n\n\n<figure class=\"wp-block-image size-large\"><img loading=\"lazy\" decoding=\"async\" width=\"1024\" height=\"202\" src=\"https:\/\/rakosliget.hu\/wordpress\/wp-content\/uploads\/2024\/12\/1908_06_13_-20-oldal-torna-1024x202.jpg\" alt=\"\" class=\"wp-image-13885\" srcset=\"https:\/\/rakosliget.hu\/wordpress\/wp-content\/uploads\/2024\/12\/1908_06_13_-20-oldal-torna-1024x202.jpg 1024w, https:\/\/rakosliget.hu\/wordpress\/wp-content\/uploads\/2024\/12\/1908_06_13_-20-oldal-torna-300x59.jpg 300w, https:\/\/rakosliget.hu\/wordpress\/wp-content\/uploads\/2024\/12\/1908_06_13_-20-oldal-torna-768x151.jpg 768w, https:\/\/rakosliget.hu\/wordpress\/wp-content\/uploads\/2024\/12\/1908_06_13_-20-oldal-torna.jpg 1111w\" sizes=\"auto, (max-width: 1024px) 100vw, 1024px\" \/><\/figure>\n\n\n\n<p class=\"has-text-align-center\">Nemzeti Sport1908. 06. 13. 20. oldal <\/p>\n\n\n\n<p><a href=\"#Eleje\">Vissza 1906 &#8211; 1920<\/a><\/p>\n\n\n\n<h2 class=\"wp-block-heading\" id=\"1909\"><a href=\"https:\/\/rakosliget.hu\/wordpress\/index.php\/atletika-1909\/\">1909<\/a><\/h2>\n\n\n\n<p><a href=\"#Eleje\">Vissza 1906 &#8211; 1920<\/a><\/p>\n\n\n\n<h2 class=\"wp-block-heading\" id=\"1912\">1912<\/h2>\n\n\n<div class=\"wp-block-image\">\n<figure class=\"aligncenter size-large\"><a href=\"http:\/\/rakosliget.hu\/wordpress\/wp-content\/uploads\/2020\/11\/1912-oktober-24-alapszabaly-Atletikai-klub.jpg\"><img loading=\"lazy\" decoding=\"async\" width=\"594\" height=\"82\" src=\"http:\/\/rakosliget.hu\/wordpress\/wp-content\/uploads\/2020\/11\/1912-oktober-24-alapszabaly-Atletikai-klub.jpg\" alt=\"\" class=\"wp-image-5928\" srcset=\"https:\/\/rakosliget.hu\/wordpress\/wp-content\/uploads\/2020\/11\/1912-oktober-24-alapszabaly-Atletikai-klub.jpg 594w, https:\/\/rakosliget.hu\/wordpress\/wp-content\/uploads\/2020\/11\/1912-oktober-24-alapszabaly-Atletikai-klub-300x41.jpg 300w\" sizes=\"auto, (max-width: 594px) 100vw, 594px\" \/><\/a><figcaption class=\"wp-element-caption\">Alapszab\u00e1ly elfogad\u00e1sa.1912. okt\u00f3ber 24. Az Ujs\u00e1g<\/figcaption><\/figure>\n<\/div>\n\n\n<figure class=\"wp-block-image size-large\"><img loading=\"lazy\" decoding=\"async\" width=\"2048\" height=\"3064\" src=\"https:\/\/rakosliget.hu\/wordpress\/wp-content\/uploads\/2025\/10\/uszas-1-2048x3064.jpg\" alt=\"\" class=\"wp-image-18616\" srcset=\"https:\/\/rakosliget.hu\/wordpress\/wp-content\/uploads\/2025\/10\/uszas-1-2048x3064.jpg 2048w, https:\/\/rakosliget.hu\/wordpress\/wp-content\/uploads\/2025\/10\/uszas-1-201x300.jpg 201w, https:\/\/rakosliget.hu\/wordpress\/wp-content\/uploads\/2025\/10\/uszas-1-768x1149.jpg 768w, https:\/\/rakosliget.hu\/wordpress\/wp-content\/uploads\/2025\/10\/uszas-1-1027x1536.jpg 1027w, https:\/\/rakosliget.hu\/wordpress\/wp-content\/uploads\/2025\/10\/uszas-1-1369x2048.jpg 1369w, https:\/\/rakosliget.hu\/wordpress\/wp-content\/uploads\/2025\/10\/uszas-1-scaled.jpg 1711w\" sizes=\"auto, (max-width: 2048px) 100vw, 2048px\" \/><figcaption class=\"wp-element-caption\">Forr\u00e1s: Miskolczi Napl\u00f3, 1913. j\u00falius 25.<\/figcaption><\/figure>\n\n\n\n<p><a href=\"#Eleje\">Vissza 1906 &#8211; 1920<\/a><\/p>\n\n\n\n<h2 class=\"wp-block-heading\" id=\"1920\">1920<\/h2>\n\n\n\n<figure class=\"wp-block-image size-large\"><img loading=\"lazy\" decoding=\"async\" width=\"1024\" height=\"822\" src=\"https:\/\/rakosliget.hu\/wordpress\/wp-content\/uploads\/2024\/12\/1920_05_11_6-oldal-atletika-1024x822.jpg\" alt=\"\" class=\"wp-image-13937\" srcset=\"https:\/\/rakosliget.hu\/wordpress\/wp-content\/uploads\/2024\/12\/1920_05_11_6-oldal-atletika-1024x822.jpg 1024w, https:\/\/rakosliget.hu\/wordpress\/wp-content\/uploads\/2024\/12\/1920_05_11_6-oldal-atletika-300x241.jpg 300w, https:\/\/rakosliget.hu\/wordpress\/wp-content\/uploads\/2024\/12\/1920_05_11_6-oldal-atletika-768x616.jpg 768w, https:\/\/rakosliget.hu\/wordpress\/wp-content\/uploads\/2024\/12\/1920_05_11_6-oldal-atletika.jpg 1125w\" sizes=\"auto, (max-width: 1024px) 100vw, 1024px\" \/><figcaption class=\"wp-element-caption\">Nemzeti Sport 1920. m\u00e1jus 11. 6. oldal<\/figcaption><\/figure>\n\n\n\n<p><a href=\"#Eleje\">Vissza 1906 &#8211; 1920<\/a><\/p>\n\n\n\n<h2 class=\"wp-block-heading\"><a href=\"https:\/\/rakosliget.hu\/wordpress\/index.php\/atletika-1921\/\">1921<\/a> <a href=\"https:\/\/rakosliget.hu\/wordpress\/index.php\/atletika-1922\/\">1922<\/a> <a href=\"https:\/\/rakosliget.hu\/wordpress\/index.php\/atletika-1923\/\">1923<\/a> <a href=\"https:\/\/rakosliget.hu\/wordpress\/index.php\/atletika-1924\/\">1924<\/a> <a href=\"https:\/\/rakosliget.hu\/wordpress\/index.php\/atletika-1925\/\">1925<\/a> <a href=\"https:\/\/rakosliget.hu\/wordpress\/index.php\/atletika-1926\/\">1926<\/a> <a href=\"https:\/\/rakosliget.hu\/wordpress\/index.php\/atletika-1927\/\">1927<\/a> <a href=\"https:\/\/rakosliget.hu\/wordpress\/index.php\/atletika-1928\/\">1928<\/a>  <a href=\"https:\/\/rakosliget.hu\/wordpress\/index.php\/atletika-loveszet-1929\/\">1929<\/a><\/h2>\n\n\n\n<h2 class=\"wp-block-heading\"><a href=\"https:\/\/rakosliget.hu\/wordpress\/index.php\/atletika-1930\/\">1930<\/a> <a href=\"https:\/\/rakosliget.hu\/wordpress\/index.php\/atletika-1931\/\">1931<\/a> <a href=\"https:\/\/rakosliget.hu\/wordpress\/index.php\/atletika-1932\/\">1932<\/a> <a href=\"https:\/\/rakosliget.hu\/wordpress\/index.php\/atletika-1933\/\">1933<\/a> <a href=\"https:\/\/rakosliget.hu\/wordpress\/index.php\/atletika-1934\/\">1934<\/a> <a href=\"https:\/\/rakosliget.hu\/wordpress\/index.php\/atletika-1935\/\">1935<\/a> <a href=\"https:\/\/rakosliget.hu\/wordpress\/index.php\/atletika-1936\/\">1936<\/a> <a href=\"https:\/\/rakosliget.hu\/wordpress\/index.php\/atletika-1937\/\">1937<\/a> <a href=\"https:\/\/rakosliget.hu\/wordpress\/index.php\/atletika-1938\/\">1938<\/a> <a href=\"https:\/\/rakosliget.hu\/wordpress\/index.php\/atletika-1939\/\">1939<\/a> <a href=\"https:\/\/rakosliget.hu\/wordpress\/index.php\/atletika-1940\/\">1940<\/a> <a href=\"https:\/\/rakosliget.hu\/wordpress\/index.php\/atletika-1941\/\">1941<\/a>  <a href=\"#1942\">1942<\/a>  <a href=\"#1943\">1943<\/a>  <a href=\"#1944\">1944<\/a>  <a href=\"#1946\">1946<\/a>  <a href=\"#1948\">1948<\/a><\/h2>\n\n\n\n<h2 class=\"wp-block-heading\" id=\"1942\">1942<\/h2>\n\n\n<div class=\"wp-block-image\">\n<figure class=\"aligncenter size-large\"><img loading=\"lazy\" decoding=\"async\" width=\"346\" height=\"1024\" src=\"https:\/\/rakosliget.hu\/wordpress\/wp-content\/uploads\/2025\/02\/1942_01_30_-6-oldal-atletika-346x1024.jpg\" alt=\"\" class=\"wp-image-15984\" srcset=\"https:\/\/rakosliget.hu\/wordpress\/wp-content\/uploads\/2025\/02\/1942_01_30_-6-oldal-atletika-346x1024.jpg 346w, https:\/\/rakosliget.hu\/wordpress\/wp-content\/uploads\/2025\/02\/1942_01_30_-6-oldal-atletika.jpg 672w\" sizes=\"auto, (max-width: 346px) 100vw, 346px\" \/><figcaption class=\"wp-element-caption\">Nemzeti Sport 1942. 01. 30. 6. oldal <\/figcaption><\/figure>\n<\/div>\n\n<div class=\"wp-block-image\">\n<figure class=\"aligncenter size-large\"><img loading=\"lazy\" decoding=\"async\" width=\"314\" height=\"1024\" src=\"https:\/\/rakosliget.hu\/wordpress\/wp-content\/uploads\/2025\/02\/1942_05_04_8-oldal-atletika-314x1024.jpg\" alt=\"\" class=\"wp-image-15986\" srcset=\"https:\/\/rakosliget.hu\/wordpress\/wp-content\/uploads\/2025\/02\/1942_05_04_8-oldal-atletika-314x1024.jpg 314w, https:\/\/rakosliget.hu\/wordpress\/wp-content\/uploads\/2025\/02\/1942_05_04_8-oldal-atletika-92x300.jpg 92w, https:\/\/rakosliget.hu\/wordpress\/wp-content\/uploads\/2025\/02\/1942_05_04_8-oldal-atletika-471x1536.jpg 471w, https:\/\/rakosliget.hu\/wordpress\/wp-content\/uploads\/2025\/02\/1942_05_04_8-oldal-atletika.jpg 703w\" sizes=\"auto, (max-width: 314px) 100vw, 314px\" \/><figcaption class=\"wp-element-caption\">Nemzeti Sport 1942. 05. 04. 8. oldal <\/figcaption><\/figure>\n<\/div>\n\n\n<p>A Magyar Atl\u00e9tikai Sz\u00f6vets\u00e9g tagegyes\u00fcletei:<\/p>\n\n\n\n<p>MOVE R\u00e1kosligeti T\u00e1rsadalmi \u00e9s Sport<br>Egylet, Budapest, IV . V\u00e1ci-u. 82.<\/p>\n\n\n\n<p>R\u00e1kosligeti MOVE T\u00e1rsadalmi \u00e9s<br>Sport Egyes\u00fclet, Jirka Ferenc level\u00e9vel, R\u00c1KOSLIGET. IV.-u. 10. sz.<\/p>\n\n\n\n<p><a href=\"http:\/\/B\"><a href=\"#Eleje\">Vissza 1906 &#8211; 1920<\/a><\/a><\/p>\n\n\n\n<h2 class=\"wp-block-heading\" id=\"-1943\"><a href=\"https:\/\/rakosliget.hu\/wordpress\/index.php\/atletika-1943\/\">1943<\/a> <\/h2>\n\n\n\n<p><a href=\"http:\/\/@Eleje2\"><a href=\"#Eleje\">Vissza 1906 &#8211; 1920<\/a><\/a><\/p>\n\n\n\n<h2 class=\"wp-block-heading\" id=\"-1944\"><a href=\"https:\/\/rakosliget.hu\/wordpress\/index.php\/atletika-1944\/\">1944<\/a><\/h2>\n\n\n\n<p><a href=\"http:\/\/@eleje2\"><a href=\"#Eleje\">Vissza 1906 &#8211; 1920<\/a><\/a><\/p>\n\n\n\n<h2 class=\"wp-block-heading\" id=\"-1946\">1946<\/h2>\n\n\n<div class=\"wp-block-image\">\n<figure class=\"aligncenter size-large\"><img loading=\"lazy\" decoding=\"async\" width=\"435\" height=\"1024\" src=\"https:\/\/rakosliget.hu\/wordpress\/wp-content\/uploads\/2025\/02\/1946_08_02_-5-oldal-atletika-NEPSPORT-435x1024.jpg\" alt=\"\" class=\"wp-image-16182\" srcset=\"https:\/\/rakosliget.hu\/wordpress\/wp-content\/uploads\/2025\/02\/1946_08_02_-5-oldal-atletika-NEPSPORT-435x1024.jpg 435w, https:\/\/rakosliget.hu\/wordpress\/wp-content\/uploads\/2025\/02\/1946_08_02_-5-oldal-atletika-NEPSPORT-127x300.jpg 127w, https:\/\/rakosliget.hu\/wordpress\/wp-content\/uploads\/2025\/02\/1946_08_02_-5-oldal-atletika-NEPSPORT-768x1809.jpg 768w, https:\/\/rakosliget.hu\/wordpress\/wp-content\/uploads\/2025\/02\/1946_08_02_-5-oldal-atletika-NEPSPORT-652x1536.jpg 652w, https:\/\/rakosliget.hu\/wordpress\/wp-content\/uploads\/2025\/02\/1946_08_02_-5-oldal-atletika-NEPSPORT-869x2048.jpg 869w, https:\/\/rakosliget.hu\/wordpress\/wp-content\/uploads\/2025\/02\/1946_08_02_-5-oldal-atletika-NEPSPORT-scaled.jpg 1087w\" sizes=\"auto, (max-width: 435px) 100vw, 435px\" \/><figcaption class=\"wp-element-caption\">N\u00c9PSPORT 1946.08. 02. 5.oldal<\/figcaption><\/figure>\n<\/div>\n\n\n<p><a href=\"http:\/\/@eleje2\"><a href=\"#Eleje\">Vissza 1906 &#8211; 1920<\/a><\/a><\/p>\n\n\n\n<h2 class=\"wp-block-heading\" id=\"1948\">1948<\/h2>\n\n\n<div class=\"wp-block-image\">\n<figure class=\"aligncenter size-large\"><img loading=\"lazy\" decoding=\"async\" width=\"542\" height=\"1024\" src=\"https:\/\/rakosliget.hu\/wordpress\/wp-content\/uploads\/2025\/02\/1948_05_03_-5-oldal-atletika-542x1024.jpg\" alt=\"\" class=\"wp-image-16212\" srcset=\"https:\/\/rakosliget.hu\/wordpress\/wp-content\/uploads\/2025\/02\/1948_05_03_-5-oldal-atletika-542x1024.jpg 542w, https:\/\/rakosliget.hu\/wordpress\/wp-content\/uploads\/2025\/02\/1948_05_03_-5-oldal-atletika-159x300.jpg 159w, https:\/\/rakosliget.hu\/wordpress\/wp-content\/uploads\/2025\/02\/1948_05_03_-5-oldal-atletika.jpg 665w\" sizes=\"auto, (max-width: 542px) 100vw, 542px\" \/><figcaption class=\"wp-element-caption\">N\u00e9psport 1948. 05. 03. 5. oldal <\/figcaption><\/figure>\n<\/div>\n\n\n<p><a href=\"http:\/\/@eleje2\"><a href=\"#Eleje\">Vissza 1906 &#8211; 1920<\/a><\/a><\/p>\n\n\n\n<p><\/p>\n","protected":false},"excerpt":{"rendered":"<p>Friss\u00edtve: 2025. 02. 16. A Magyar Atl\u00e9tikai Sz\u00f6vets\u00e9ghez (MASZ) tartoz\u00f3 r\u00e1kosligeti szervezetek: (R\u00f6vid n\u00e9v; N\u00e9v; MASZ-hoz csatlakoz\u00e1s &#8211; megsz\u0171n\u00e9s \u00e9ve; Tagl\u00e9tsz\u00e1m ) Paulinyi Jen\u0151 (MOVE RTSE) a Magyar Atl\u00e9tikai Sz\u00f6vets\u00e9g p\u00f3ttan\u00e1cstagja 1936 &#8211; 1938 1939-ben m\u00e1r csak az MRTSE MOVE tagja a MASZ-nak. 1906 1908 1909 1912 1920 1906 Vissza 1906 &#8211; 1920 1908 Nemzeti &hellip; <a href=\"https:\/\/rakosliget.hu\/wordpress\/index.php\/image_gallery\/atletika-ermek\/\" class=\"more-link\"><span class=\"screen-reader-text\">ATL\u00c9TIKA \u00c9RMEK<\/span> r\u00e9szletei&#8230;<\/a><\/p>\n","protected":false},"author":1,"featured_media":1842,"parent":0,"menu_order":0,"comment_status":"closed","ping_status":"closed","template":"","meta":{"footnotes":""},"class_list":["post-4008","page","type-page","status-publish","has-post-thumbnail","hentry"],"_links":{"self":[{"href":"https:\/\/rakosliget.hu\/wordpress\/index.php\/wp-json\/wp\/v2\/pages\/4008","targetHints":{"allow":["GET"]}}],"collection":[{"href":"https:\/\/rakosliget.hu\/wordpress\/index.php\/wp-json\/wp\/v2\/pages"}],"about":[{"href":"https:\/\/rakosliget.hu\/wordpress\/index.php\/wp-json\/wp\/v2\/types\/page"}],"author":[{"embeddable":true,"href":"https:\/\/rakosliget.hu\/wordpress\/index.php\/wp-json\/wp\/v2\/users\/1"}],"replies":[{"embeddable":true,"href":"https:\/\/rakosliget.hu\/wordpress\/index.php\/wp-json\/wp\/v2\/comments?post=4008"}],"version-history":[{"count":140,"href":"https:\/\/rakosliget.hu\/wordpress\/index.php\/wp-json\/wp\/v2\/pages\/4008\/revisions"}],"predecessor-version":[{"id":22777,"href":"https:\/\/rakosliget.hu\/wordpress\/index.php\/wp-json\/wp\/v2\/pages\/4008\/revisions\/22777"}],"wp:featuredmedia":[{"embeddable":true,"href":"https:\/\/rakosliget.hu\/wordpress\/index.php\/wp-json\/wp\/v2\/media\/1842"}],"wp:attachment":[{"href":"https:\/\/rakosliget.hu\/wordpress\/index.php\/wp-json\/wp\/v2\/media?parent=4008"}],"curies":[{"name":"wp","href":"https:\/\/api.w.org\/{rel}","templated":true}]}}