{"id":3868,"date":"2019-12-31T16:37:21","date_gmt":"2019-12-31T15:37:21","guid":{"rendered":"http:\/\/rakosliget.hu\/wordpress\/?page_id=3868"},"modified":"2025-03-07T13:02:49","modified_gmt":"2025-03-07T12:02:49","slug":"fovarosi-lapok","status":"publish","type":"page","link":"https:\/\/rakosliget.hu\/wordpress\/index.php\/fovarosi-lapok\/","title":{"rendered":"F\u0150V\u00c1ROSI LAPOK*"},"content":{"rendered":"\n<p><a href=\"https:\/\/rakosliget.hu\/wordpress\/index.php\/rakosliget-a-korabeli-hirekben\/\">Vissza a SAJT\u00d3H\u00cdREK lapra<\/a><\/p>\n\n\n\n<p><a href=\"http:\/\/rakosliget.hu\/pdf\/FovarosiLapok_1895_04__pages345-346.pdf\">XXXII. \u00e9vfolyam. 118. sz\u00e1m. Kedd, 1895. \u00e1prilis 30.<\/a> A munk\u00e1s &#8211; otthon. pdf. megnyit\u00e1s<\/p>\n\n\n<div class=\"wp-block-image\">\n<figure class=\"aligncenter size-large\"><img loading=\"lazy\" decoding=\"async\" width=\"677\" height=\"910\" src=\"http:\/\/rakosliget.hu\/wordpress\/wp-content\/uploads\/2019\/12\/munkasotthon.jpg\" alt=\"\" class=\"wp-image-3876\" srcset=\"https:\/\/rakosliget.hu\/wordpress\/wp-content\/uploads\/2019\/12\/munkasotthon.jpg 677w, https:\/\/rakosliget.hu\/wordpress\/wp-content\/uploads\/2019\/12\/munkasotthon-223x300.jpg 223w\" sizes=\"auto, (max-width: 677px) 100vw, 677px\" \/><figcaption class=\"wp-element-caption\">F\u0151v\u00e1rosi Lapok 1896.12. \u00e9vf. pages183-183<\/figcaption><\/figure>\n<\/div>\n\n\n<h2 class=\"wp-block-heading\">1896<\/h2>\n\n\n<div class=\"wp-block-image\">\n<figure class=\"aligncenter size-large\"><img loading=\"lazy\" decoding=\"async\" width=\"1024\" height=\"191\" src=\"http:\/\/rakosliget.hu\/wordpress\/wp-content\/uploads\/2019\/12\/fackh-alapitas-1024x191.jpg\" alt=\"\" class=\"wp-image-3878\" srcset=\"https:\/\/rakosliget.hu\/wordpress\/wp-content\/uploads\/2019\/12\/fackh-alapitas-1024x191.jpg 1024w, https:\/\/rakosliget.hu\/wordpress\/wp-content\/uploads\/2019\/12\/fackh-alapitas-300x56.jpg 300w, https:\/\/rakosliget.hu\/wordpress\/wp-content\/uploads\/2019\/12\/fackh-alapitas-768x143.jpg 768w, https:\/\/rakosliget.hu\/wordpress\/wp-content\/uploads\/2019\/12\/fackh-alapitas.jpg 1318w\" sizes=\"auto, (max-width: 1024px) 100vw, 1024px\" \/><figcaption class=\"wp-element-caption\">F\u0151v\u00e1rosi Lapok 1896. december.28. 6. oldal<br>(Szerkesztett k\u00e9p)<\/figcaption><\/figure>\n<\/div>\n\n\n<p>* A F\u0151v\u00e1rosi Lapok a 19. sz\u00e1zad utols\u00f3 harmad\u00e1ban megjelen\u0151 sz\u00e9pirodalmi napilap volt, 1864-t\u0151l 1903-ig jelent meg Pesten.A lapot 1864. janu\u00e1r 1-j\u00e9n T\u00f3th K\u00e1lm\u00e1n ind\u00edtotta meg Emich Guszt\u00e1v kiad\u00e1s\u00e1ban. Tulajdonosa \u00e9s felel\u0151s szerkeszt\u0151je is T\u00f3th K\u00e1lm\u00e1n volt. F\u0151munkat\u00e1rsa az els\u0151 h\u00f3napokban Zilahy K\u00e1roly volt, de \u0151 a lapt\u00f3l hamarosan megv\u00e1lt, hely\u00e9t m\u00e9g abban az \u00e9vben Vadnai K\u00e1roly vette \u00e1t, aki T\u00f3th K\u00e1lm\u00e1n helyett gyakorlatilag szerkeszt\u0151 is volt.Mindj\u00e1rt megindul\u00e1sakor k\u00e9tezer el\u0151fizet\u0151j\u00fck volt. M\u00e1r kezdetben csatlakozott a laphoz az \u00edr\u00f3vil\u00e1g t\u00f6bb el\u0151kel\u0151s\u00e9ge. Els\u0151 \u00e9vfolyam\u00e1nak nevesebb munkat\u00e1rsai k\u00f6z\u00f6tt volt Arany J\u00e1nos, J\u00f3kai M\u00f3r, Mad\u00e1ch Imre, Thaly K\u00e1lm\u00e1n, Tolnay Lajos, Tompa Mih\u00e1ly is. A gondosan szerkesztett lapban nemcsak a verseket \u00e9s novell\u00e1kat kedvel\u0151 n\u0151i olvas\u00f3k, hanem a tudom\u00e1nyok \u00e9s a t\u00e1rsas \u00e9let esem\u00e9nyei ir\u00e1nt \u00e9rdekl\u0151d\u0151 f\u00e9rfiak is b\u0151ven tal\u00e1ltak olvasnival\u00f3t. A sz\u00e9pirodalom mellett a h\u00edreket, tud\u00f3s\u00edt\u00e1sokat is \u00edr\u00f3k \u00edrt\u00e1k (az orsz\u00e1ggy\u0171l\u00e9si tud\u00f3s\u00edt\u00e1sokat p\u00e9ld\u00e1ul Toldy Istv\u00e1n), sz\u00e9pirodalmi form\u00e1ban.Vir\u00e1gz\u00e1sa idej\u00e9n mintegy hatezer el\u0151fizet\u0151je lehetett a F\u0151v\u00e1rosi Lapoknak. A k\u00f6z\u00f6ns\u00e9g szerette, mert tiszta erk\u00f6lcs\u0171 lap volt, \u00edzl\u00e9sesen megv\u00e1logatott k\u00f6zlem\u00e9nyeket hozott, a fiatalabb \u00edr\u00f3i nemzed\u00e9knek is teret engedett. Sz\u00e1sz K\u00e1roly visszaeml\u00e9kez\u00e9se szerint: \u201eVolt ennek a kit\u0171n\u0151en szerkesztett \u00fajs\u00e1gnak valami ellen\u00e1llhatatlan var\u00e1zsa \u00e9s valami p\u00e1rj\u00e1t ritk\u00edt\u00f3 el\u0151nye. T\u00e1vol volt a sz\u00edntelens\u00e9gt\u0151l \u00e9s a szertelens\u00e9gt\u0151l egyar\u00e1nt.\u201d1867-ben n\u00e9vleg is Vadnai K\u00e1roly lett a felel\u0151s szerkeszt\u0151. \u201eH\u00e1rom \u00e9vtizeden \u00e1t (pontosan: 29 esztendeig) volt sz\u00f3sz\u00f3l\u00f3ja a nemes \u00e9rtelemben vett liberalizmusnak, terjeszt\u0151je a finom \u00edzl\u00e9snek s a nemzetk\u00f6zi m\u0171velts\u00e9gnek, s volt nevel\u0151je az olvas\u00f3nak, az akkori intellektu\u00e1lis Magyarorsz\u00e1gnak, s f\u0151leg a n\u0151vil\u00e1gnak\u2026\u201d A lap kiad\u00e1s\u00e1t 1868 okt\u00f3ber\u00e9ben az Athenaeum Irodalmi \u00e9s Nyomdai Rt. vette \u00e1t, de a tulajdonos T\u00f3th K\u00e1lm\u00e1n maradt hal\u00e1l\u00e1ig, akkor az Athenaeum vette tulajdon\u00e1ba. Vadnai k\u00f6zel 30 \u00e9ves szerkeszt\u0151i tev\u00e9kenys\u00e9ge alatt a lap ir\u00e1nya nem v\u00e1ltozott. Az \u0151 idej\u00e9ben f\u0151bb munkat\u00e1rsak voltak: Kaz\u00e1r Emil, Endr\u0151di S\u00e1ndor, Szana Tam\u00e1s, Pr\u00e9m J\u00f3zsef, F\u00f6ldi G\u00e9za. Id\u0151vel a lap terjedelme b\u0151v\u00fclt, h\u00edrszolg\u00e1lata t\u00f6k\u00e9lesedett. 1891-ben Szalon \u00e9s Sport c\u00edmen illusztr\u00e1lt vas\u00e1rnapi mell\u00e9klapot ind\u00edtottak.Vadnai K\u00e1roly 1892 v\u00e9g\u00e9n megv\u00e1lt a lapt\u00f3l, mert a hivatalos Budapesti K\u00f6zl\u00f6ny szerkeszt\u00e9s\u00e9vel b\u00edzt\u00e1k meg. 1893-ban Szana Tam\u00e1s lett a szerkeszt\u0151, k\u00e9t \u00e9vvel k\u00e9s\u0151bb, 1894 v\u00e9g\u00e9n pedig Porzsolt K\u00e1lm\u00e1n, aki a lap sz\u00e9pirodalmi \u00e9s t\u00e1rsadalmi tartalm\u00e1t politikai r\u00e9sszel b\u0151v\u00edtette. Az 1896 febru\u00e1rj\u00e1ban alakult Magyar \u00cdr\u00f3k Kiad\u00f3 Rt. a r\u00e1k\u00f6vetkez\u0151 h\u00f3napban megszerezte a lap tulajdonjog\u00e1t az Athenaeumt\u00f3l. A sok\u00e1ig el\u0151kel\u0151 sz\u00ednvonal\u00fa sz\u00e9pirodalmi \u00e9s t\u00e1rsadalmi napilap utols\u00f3 \u00e9vei az ellaposod\u00e1s jegy\u00e9ben folytak, m\u00e1r nem tudott eredm\u00e9nyesen konkur\u00e1lni a szaporod\u00f3 politikai napilapokkal \u00e9s mint jelent\u00e9ktelen hetilap sz\u0171nt meg 1903-ban.<\/p>\n\n\n\n<p><a href=\"https:\/\/rakosliget.hu\/wordpress\/index.php\/rakosliget-a-korabeli-hirekben\/\">Vissza a SAJT\u00d3H\u00cdREK lapra<\/a><\/p>\n","protected":false},"excerpt":{"rendered":"<p>Vissza a SAJT\u00d3H\u00cdREK lapra XXXII. \u00e9vfolyam. 118. sz\u00e1m. Kedd, 1895. \u00e1prilis 30. A munk\u00e1s &#8211; otthon. pdf. megnyit\u00e1s 1896 * A F\u0151v\u00e1rosi Lapok a 19. sz\u00e1zad utols\u00f3 harmad\u00e1ban megjelen\u0151 sz\u00e9pirodalmi napilap volt, 1864-t\u0151l 1903-ig jelent meg Pesten.A lapot 1864. janu\u00e1r 1-j\u00e9n T\u00f3th K\u00e1lm\u00e1n ind\u00edtotta meg Emich Guszt\u00e1v kiad\u00e1s\u00e1ban. Tulajdonosa \u00e9s felel\u0151s szerkeszt\u0151je is T\u00f3th K\u00e1lm\u00e1n &hellip; <a href=\"https:\/\/rakosliget.hu\/wordpress\/index.php\/fovarosi-lapok\/\" class=\"more-link\"><span class=\"screen-reader-text\">F\u0150V\u00c1ROSI LAPOK*<\/span> r\u00e9szletei&#8230;<\/a><\/p>\n","protected":false},"author":1,"featured_media":0,"parent":0,"menu_order":0,"comment_status":"closed","ping_status":"closed","template":"","meta":{"footnotes":""},"class_list":["post-3868","page","type-page","status-publish","hentry"],"_links":{"self":[{"href":"https:\/\/rakosliget.hu\/wordpress\/index.php\/wp-json\/wp\/v2\/pages\/3868","targetHints":{"allow":["GET"]}}],"collection":[{"href":"https:\/\/rakosliget.hu\/wordpress\/index.php\/wp-json\/wp\/v2\/pages"}],"about":[{"href":"https:\/\/rakosliget.hu\/wordpress\/index.php\/wp-json\/wp\/v2\/types\/page"}],"author":[{"embeddable":true,"href":"https:\/\/rakosliget.hu\/wordpress\/index.php\/wp-json\/wp\/v2\/users\/1"}],"replies":[{"embeddable":true,"href":"https:\/\/rakosliget.hu\/wordpress\/index.php\/wp-json\/wp\/v2\/comments?post=3868"}],"version-history":[{"count":10,"href":"https:\/\/rakosliget.hu\/wordpress\/index.php\/wp-json\/wp\/v2\/pages\/3868\/revisions"}],"predecessor-version":[{"id":16701,"href":"https:\/\/rakosliget.hu\/wordpress\/index.php\/wp-json\/wp\/v2\/pages\/3868\/revisions\/16701"}],"wp:attachment":[{"href":"https:\/\/rakosliget.hu\/wordpress\/index.php\/wp-json\/wp\/v2\/media?parent=3868"}],"curies":[{"name":"wp","href":"https:\/\/api.w.org\/{rel}","templated":true}]}}