{"id":372,"date":"2018-03-11T05:04:00","date_gmt":"2018-03-11T04:04:00","guid":{"rendered":"http:\/\/rakosliget.hu\/wordpress\/?page_id=372"},"modified":"2018-03-11T05:04:00","modified_gmt":"2018-03-11T04:04:00","slug":"a-rakosliget-ujsag-1995-2012-kozott-megjelent-lapszamai","status":"publish","type":"page","link":"https:\/\/rakosliget.hu\/wordpress\/index.php\/a-rakosliget-ujsag-1995-2012-kozott-megjelent-lapszamai\/","title":{"rendered":"A R\u00e1kosliget \u00fajs\u00e1g 1995-2012 k\u00f6z\u00f6tt megjelent lapsz\u00e1mai"},"content":{"rendered":"<form id=\"form1\" action=\"\" method=\"post\" name=\"form1\">\n<div align=\"center\">\n<h2>A R\u00e1kosliget \u00fajs\u00e1g 1995-2012 k\u00f6z\u00f6tt megjelent lapsz\u00e1mai<\/h2>\n<\/div>\n<\/form>\n<h3 align=\"center\"><a href=\"http:\/\/rakosliget.hu.\">R\u00e1kosliget Almanach<\/a><\/h3>\n<div align=\"center\">\n<table border=\"1\" width=\"719\">\n<tbody>\n<tr>\n<th scope=\"row\" width=\"209\">\n<div align=\"left\">1995. I. \u00e9vfolyam<\/div>\n<\/th>\n<td width=\"68\">\n<div align=\"center\"><a href=\"http:\/\/rakosliget1.uw.hu\/1995\/1995_1.pdf\">1. sz\u00e1m<\/a><\/div>\n<\/td>\n<td width=\"69\">\n<div align=\"center\"><a href=\"http:\/\/rakosliget1.uw.hu\/1995\/1995_2.pdf\">2. sz\u00e1m<\/a><\/div>\n<\/td>\n<td width=\"79\">\n<div align=\"center\"><a href=\"http:\/\/rakosliget1.uw.hu\/1995\/1995_3.pdf\">3. sz\u00e1m <\/a><\/div>\n<\/td>\n<td width=\"88\">\n<div align=\"center\"><a href=\"http:\/\/rakosliget1.uw.hu\/1995\/1995_4.pdf\">4. sz\u00e1m <\/a><\/div>\n<\/td>\n<td width=\"73\">\n<div align=\"center\">X<\/div>\n<\/td>\n<td width=\"87\">\n<div align=\"center\">X<\/div>\n<\/td>\n<\/tr>\n<tr>\n<th scope=\"row\">\n<div align=\"left\">1996. II. \u00e9vfolyam<\/div>\n<\/th>\n<td>\n<div align=\"center\"><a href=\"http:\/\/rakosliget1.uw.hu\/1996\/1996_1.pdf\">1. sz\u00e1m<\/a><\/div>\n<\/td>\n<td>\n<div align=\"center\"><a href=\"http:\/\/rakosliget1.uw.hu\/1996\/1996_2.pdf\">2. sz\u00e1m<\/a><\/div>\n<\/td>\n<td>\n<div align=\"center\"><a href=\"http:\/\/rakosliget1.uw.hu\/1996\/1996_3.pdf\">3. sz\u00e1m <\/a><\/div>\n<\/td>\n<td>\n<div align=\"center\"><a href=\"http:\/\/rakosliget1.uw.hu\/1996\/1996_4.pdf\">4. sz\u00e1m <\/a><\/div>\n<\/td>\n<td>\n<div align=\"center\"><a href=\"http:\/\/rakosliget1.uw.hu\/1996\/1996_5.pdf\">5. sz\u00e1m <\/a><\/div>\n<\/td>\n<td>\n<div align=\"center\">X<\/div>\n<\/td>\n<\/tr>\n<tr>\n<th scope=\"row\">\n<div align=\"left\">1997. III. \u00e9vfolyam<\/div>\n<\/th>\n<td>\n<div align=\"center\"><a href=\"http:\/\/rakosliget1.uw.hu\/1997\/1997_1.pdf\">1. sz\u00e1m<\/a><\/div>\n<\/td>\n<td>\n<div align=\"center\"><a href=\"http:\/\/rakosliget1.uw.hu\/1997\/1997_2.pdf\">2. sz\u00e1m<\/a><\/div>\n<\/td>\n<td>\n<div align=\"center\"><a href=\"http:\/\/rakosliget1.uw.hu\/1997\/1997_3.pdf\">3. sz\u00e1m <\/a><\/div>\n<\/td>\n<td>\n<div align=\"center\"><a href=\"http:\/\/rakosliget1.uw.hu\/1997\/1997_4.pdf\">4. sz\u00e1m <\/a><\/div>\n<\/td>\n<td>\n<div align=\"center\"><a href=\"http:\/\/rakosliget1.uw.hu\/1997\/1997_5.pdf\">5. sz\u00e1m <\/a><\/div>\n<\/td>\n<td>\n<div align=\"center\"><a href=\"http:\/\/rakosliget1.uw.hu\/1997\/1997_6.pdf\">6. sz\u00e1m <\/a><\/div>\n<\/td>\n<\/tr>\n<tr>\n<th scope=\"row\">\n<div align=\"left\">1998. IV. \u00e9vfolyam<\/div>\n<\/th>\n<td>\n<div align=\"center\"><a href=\"http:\/\/rakosliget1.uw.hu\/1998\/1998_1.pdf\">1. sz\u00e1m<\/a><\/div>\n<\/td>\n<td>\n<div align=\"center\"><a href=\"http:\/\/rakosliget1.uw.hu\/1998\/1998_2.pdf\">2. sz\u00e1m<\/a><\/div>\n<\/td>\n<td>\n<div align=\"center\"><a href=\"http:\/\/rakosliget1.uw.hu\/1998\/1998_3.pdf\">3. sz\u00e1m <\/a><\/div>\n<\/td>\n<td>\n<div align=\"center\"><a href=\"http:\/\/rakosliget1.uw.hu\/1998\/1998_4.pdf\">4. sz\u00e1m <\/a><\/div>\n<\/td>\n<td>\n<div align=\"center\"><a href=\"http:\/\/rakosliget1.uw.hu\/1998\/1998_5.pdf\">5. sz\u00e1m <\/a><\/div>\n<\/td>\n<td>\n<div align=\"center\">X<\/div>\n<\/td>\n<\/tr>\n<tr>\n<th scope=\"row\">\n<div align=\"left\">1999. V. \u00e9vfolyam<\/div>\n<\/th>\n<td>\n<div align=\"center\"><a href=\"http:\/\/rakosliget2.uw.hu\/1999\/1999_1.pdf\">1. sz\u00e1m<\/a><\/div>\n<\/td>\n<td>\n<div align=\"center\"><a href=\"http:\/\/rakosliget2.uw.hu\/1999\/1999_2.pdf\">2. sz\u00e1m<\/a><\/div>\n<\/td>\n<td>\n<div align=\"center\"><a href=\"http:\/\/rakosliget2.uw.hu\/1999\/1999_3.pdf\">3. sz\u00e1m <\/a><\/div>\n<\/td>\n<td>\n<div align=\"center\">X<\/div>\n<\/td>\n<td>\n<div align=\"center\">X<\/div>\n<\/td>\n<td>\n<div align=\"center\">X<\/div>\n<\/td>\n<\/tr>\n<tr>\n<th scope=\"row\">\n<div align=\"left\">2000. VI. \u00e9vfolyam<\/div>\n<\/th>\n<td>\n<div align=\"center\"><a href=\"http:\/\/rakosliget1.uw.hu\/2000\/2000_1.pdf\">1. sz\u00e1m<\/a><\/div>\n<\/td>\n<td>\n<div align=\"center\"><a href=\"http:\/\/rakosliget1.uw.hu\/2000\/2000_2.pdf\">2. sz\u00e1m<\/a><\/div>\n<\/td>\n<td>\n<div align=\"center\"><a href=\"http:\/\/rakosliget1.uw.hu\/2000\/2000_3.pdf\">3. sz\u00e1m <\/a><\/div>\n<\/td>\n<td>\n<div align=\"center\">X<\/div>\n<\/td>\n<td>\n<div align=\"center\">X<\/div>\n<\/td>\n<td>\n<div align=\"center\">X<\/div>\n<\/td>\n<\/tr>\n<tr>\n<th scope=\"row\">\n<div align=\"left\">2001. VII. \u00e9vfolyam<\/div>\n<\/th>\n<td>\n<div align=\"center\"><a href=\"http:\/\/rakosliget1.uw.hu\/2001\/2001_1.pdf\">1. sz\u00e1m<\/a><\/div>\n<\/td>\n<td>\n<div align=\"center\"><a href=\"http:\/\/rakosliget1.uw.hu\/2001\/2001_2.pdf\">2. sz\u00e1m<\/a><\/div>\n<\/td>\n<td>\n<div align=\"center\"><a href=\"http:\/\/rakosliget1.uw.hu\/2001\/2001_3.pdf\">3. sz\u00e1m <\/a><\/div>\n<\/td>\n<td>\n<div align=\"center\"><a href=\"http:\/\/rakosliget1.uw.hu\/2001\/2001_4.pdf\">4. sz\u00e1m<\/a><\/div>\n<\/td>\n<td>\n<div align=\"center\">X<\/div>\n<\/td>\n<td>\n<div align=\"center\">X<\/div>\n<\/td>\n<\/tr>\n<tr>\n<th scope=\"row\">\n<div align=\"left\">2002. VIII. \u00e9vfolyam<\/div>\n<\/th>\n<td>\n<div align=\"center\"><a href=\"http:\/\/rakosliget2.uw.hu\/2002\/2002_1.pdf\">1. sz\u00e1m<\/a><\/div>\n<\/td>\n<td>\n<div align=\"center\"><a href=\"http:\/\/rakosliget2.uw.hu\/2002\/2002_2.pdf\">2. sz\u00e1m<\/a><\/div>\n<\/td>\n<td>\n<div align=\"center\"><a href=\"http:\/\/rakosliget2.uw.hu\/2002\/2002_3.pdf\">3. sz\u00e1m <\/a><\/div>\n<\/td>\n<td>\n<div align=\"center\"><a href=\"http:\/\/rakosliget2.uw.hu\/2002\/2002_4.pdf\">4. sz\u00e1m <\/a><\/div>\n<\/td>\n<td>\n<div align=\"center\"><a href=\"http:\/\/rakosliget2.uw.hu\/2002\/2002_5.pdf\">5. sz\u00e1m <\/a><\/div>\n<\/td>\n<td>\n<div align=\"center\"><a href=\"http:\/\/rakosliget2.uw.hu\/2002\/2002_6.pdf\">6. sz\u00e1m <\/a><\/div>\n<\/td>\n<\/tr>\n<tr>\n<th scope=\"row\">\n<div align=\"left\">2003. IX. \u00e9vfolyam<\/div>\n<\/th>\n<td>\n<div align=\"center\"><a href=\"http:\/\/rakosliget2.uw.hu\/2003\/2003_1.pdf\">1. sz\u00e1m<\/a><\/div>\n<\/td>\n<td>\n<div align=\"center\"><a href=\"http:\/\/rakosliget2.uw.hu\/2003\/2003_2.pdf\">2. sz\u00e1m<\/a><\/div>\n<\/td>\n<td>\n<div align=\"center\"><a href=\"http:\/\/rakosliget2.uw.hu\/2003\/2003_3.pdf\">3. sz\u00e1m <\/a><\/div>\n<\/td>\n<td>\n<div align=\"center\"><a href=\"http:\/\/rakosliget2.uw.hu\/2003\/2003_4.pdf\">4. sz\u00e1m <\/a><\/div>\n<\/td>\n<td>\n<div align=\"center\">X<\/div>\n<\/td>\n<td>\n<div align=\"center\">X<\/div>\n<\/td>\n<\/tr>\n<tr>\n<th scope=\"row\">\n<div align=\"left\">2004. X. \u00e9vfolyam<\/div>\n<\/th>\n<td>\n<div align=\"center\"><a href=\"http:\/\/rakosliget1.uw.hu\/2004\/2004_1.pdf\">1. sz\u00e1m<\/a><\/div>\n<\/td>\n<td>\n<div align=\"center\"><a href=\"http:\/\/rakosliget1.uw.hu\/2004\/2004_2.pdf\">2. sz\u00e1m<\/a><\/div>\n<\/td>\n<td>\n<div align=\"center\"><a href=\"http:\/\/rakosliget1.uw.hu\/2004\/2004_3.pdf\">3. sz\u00e1m <\/a><\/div>\n<\/td>\n<td>\n<div align=\"center\">X<\/div>\n<\/td>\n<td>\n<div align=\"center\">X<\/div>\n<\/td>\n<td>\n<div align=\"center\">X<\/div>\n<\/td>\n<\/tr>\n<tr>\n<th scope=\"row\">\n<div align=\"left\">2005. XI. \u00e9vfolyam<\/div>\n<\/th>\n<td>\n<div align=\"center\"><a href=\"http:\/\/rakosliget1.uw.hu\/2005\/2005_1.pdf\">1. sz\u00e1m<\/a><\/div>\n<\/td>\n<td>\n<div align=\"center\"><a href=\"http:\/\/rakosliget1.uw.hu\/2005\/2005_2.pdf\">2. sz\u00e1m<\/a><\/div>\n<\/td>\n<td>\n<div align=\"center\"><a href=\"http:\/\/rakosliget1.uw.hu\/2005\/2005_3.pdf\">3. sz\u00e1m <\/a><\/div>\n<\/td>\n<td>\n<div align=\"center\"><a href=\"http:\/\/rakosliget1.uw.hu\/2005\/2005_4.pdf\">4. sz\u00e1m <\/a><\/div>\n<\/td>\n<td>\n<div align=\"center\">X<\/div>\n<\/td>\n<td>\n<div align=\"center\">X<\/div>\n<\/td>\n<\/tr>\n<tr>\n<th scope=\"row\">\n<div align=\"left\">2006. XII. \u00e9vfolyam<\/div>\n<\/th>\n<td>\n<div align=\"center\"><a href=\"http:\/\/rakosliget2.uw.hu\/2006\/2006_1.pdf\">1. sz\u00e1m<\/a><\/div>\n<\/td>\n<td>\n<div align=\"center\"><a href=\"http:\/\/rakosliget2.uw.hu\/2006\/2006_2.pdf\">2. sz\u00e1m<\/a><\/div>\n<\/td>\n<td>\n<div align=\"center\"><a href=\"http:\/\/rakosliget2.uw.hu\/2006\/2006_3.pdf\">3. sz\u00e1m <\/a><\/div>\n<\/td>\n<td>\n<div align=\"center\">X<\/div>\n<\/td>\n<td>\n<div align=\"center\">X<\/div>\n<\/td>\n<td>\n<div align=\"center\">X<\/div>\n<\/td>\n<\/tr>\n<tr>\n<th scope=\"row\">\n<div align=\"left\">2007. XIII. \u00e9vfolyam<\/div>\n<\/th>\n<td>\n<div align=\"center\"><a href=\"http:\/\/rakosliget2.uw.hu\/2007\/2007_1.pdf\">1. sz\u00e1m <\/a><\/div>\n<\/td>\n<td>\n<div align=\"center\">X<\/div>\n<\/td>\n<td>\n<div align=\"center\">X<\/div>\n<\/td>\n<td>\n<div align=\"center\">X<\/div>\n<\/td>\n<td>\n<div align=\"center\">X<\/div>\n<\/td>\n<td>\n<div align=\"center\">X<\/div>\n<\/td>\n<\/tr>\n<tr>\n<th scope=\"row\">\n<div align=\"left\">2008. XIV. \u00e9vfolyam<\/div>\n<\/th>\n<td>\n<div align=\"center\"><a href=\"http:\/\/rakosliget2.uw.hu\/2008\/2008_1.pdf\">1. sz\u00e1m<\/a><\/div>\n<\/td>\n<td>\n<div align=\"center\">X<\/div>\n<\/td>\n<td>\n<div align=\"center\">X<\/div>\n<\/td>\n<td>\n<div align=\"center\">X<\/div>\n<\/td>\n<td>\n<div align=\"center\">X<\/div>\n<\/td>\n<td>\n<div align=\"center\">X<\/div>\n<\/td>\n<\/tr>\n<tr>\n<th scope=\"row\">\n<div align=\"left\">2009. XV. \u00e9vfolyam<\/div>\n<\/th>\n<td>\n<div align=\"center\"><a href=\"http:\/\/rakosliget2.uw.hu\/2009\/2009_1.pdf\">1. sz\u00e1m<\/a><\/div>\n<\/td>\n<td>\n<div align=\"center\">X<\/div>\n<\/td>\n<td>\n<div align=\"center\">X<\/div>\n<\/td>\n<td>\n<div align=\"center\">X<\/div>\n<\/td>\n<td>\n<div align=\"center\">X<\/div>\n<\/td>\n<td>\n<div align=\"center\">X<\/div>\n<\/td>\n<\/tr>\n<tr>\n<th scope=\"row\">\n<div align=\"left\">2010. XVI. \u00e9vfolyam<\/div>\n<\/th>\n<td>\n<div align=\"center\"><a href=\"http:\/\/rakosliget2.uw.hu\/2010\/2010_1.pdf\">1. sz\u00e1m<\/a><\/div>\n<\/td>\n<td>\n<div align=\"center\">X<\/div>\n<\/td>\n<td>\n<div align=\"center\">X<\/div>\n<\/td>\n<td>\n<div align=\"center\">X<\/div>\n<\/td>\n<td>\n<div align=\"center\">X<\/div>\n<\/td>\n<td>\n<div align=\"center\">X<\/div>\n<\/td>\n<\/tr>\n<tr>\n<th scope=\"row\">\n<div align=\"left\">2011. XVII. \u00e9vfolyam<\/div>\n<\/th>\n<td>\n<div align=\"center\"><a href=\"http:\/\/rakosliget2.uw.hu\/2011\/2011_1.pdf\">1. sz\u00e1m<\/a><\/div>\n<\/td>\n<td>\n<div align=\"center\"><a href=\"http:\/\/rakosliget2.uw.hu\/2011\/2011_2.pdf\">2. sz\u00e1m<\/a><\/div>\n<\/td>\n<td>\n<div align=\"center\"><a href=\"http:\/\/rakosliget2.uw.hu\/2011\/2011_3.pdf\">3. sz\u00e1m<\/a><\/div>\n<\/td>\n<td>\n<div align=\"center\"><a href=\"http:\/\/rakosliget2.uw.hu\/2011\/2011_4.pdf\">4. sz\u00e1m<\/a><\/div>\n<\/td>\n<td>\n<div align=\"center\">X<\/div>\n<\/td>\n<td>\n<div align=\"center\">X<\/div>\n<\/td>\n<\/tr>\n<tr>\n<th scope=\"row\">\n<div align=\"left\">2012. XVIII. \u00e9vfolyam<\/div>\n<\/th>\n<td>\n<div align=\"center\"><a href=\"http:\/\/rakosliget2.uw.hu\/2012\/2012_1.pdf\">1. sz\u00e1m<\/a><\/div>\n<\/td>\n<td>\n<div align=\"center\">2. sz\u00e1m<\/div>\n<\/td>\n<td>\n<div align=\"center\">3. sz\u00e1m<\/div>\n<\/td>\n<td>\n<div align=\"center\">4. sz\u00e1m<\/div>\n<\/td>\n<td>\n<div align=\"center\">5. sz\u00e1m<\/div>\n<\/td>\n<td>\n<div align=\"center\">6. sz\u00e1m<\/div>\n<\/td>\n<\/tr>\n<tr>\n<th scope=\"row\"><\/th>\n<td>\n<div align=\"center\"><a href=\"http:\/\/rakosliget2.uw.hu\/2012\/2012_7.pdf\">7. sz\u00e1m<\/a><\/div>\n<\/td>\n<td>\n<div align=\"center\"><a href=\"http:\/\/rakosliget2.uw.hu\/2012\/2012_8.pdf\">8. sz\u00e1m<\/a><\/div>\n<\/td>\n<td>\n<div align=\"center\"><a href=\"http:\/\/rakosliget2.uw.hu\/2012\/2012_9.pdf\">9. sz\u00e1m<\/a><\/div>\n<\/td>\n<td>\n<div align=\"center\"><\/div>\n<\/td>\n<td>\n<div align=\"center\"><\/div>\n<\/td>\n<td>\n<div align=\"center\"><\/div>\n<\/td>\n<\/tr>\n<\/tbody>\n<\/table>\n<\/div>\n<h3 align=\"center\">.pdf form\u00e1tumban archiv\u00e1lva.<\/h3>\n","protected":false},"excerpt":{"rendered":"<p>A R\u00e1kosliget \u00fajs\u00e1g 1995-2012 k\u00f6z\u00f6tt megjelent lapsz\u00e1mai R\u00e1kosliget Almanach 1995. I. \u00e9vfolyam 1. sz\u00e1m 2. sz\u00e1m 3. sz\u00e1m 4. sz\u00e1m X X 1996. II. \u00e9vfolyam 1. sz\u00e1m 2. sz\u00e1m 3. sz\u00e1m 4. sz\u00e1m 5. sz\u00e1m X 1997. III. \u00e9vfolyam 1. sz\u00e1m 2. sz\u00e1m 3. sz\u00e1m 4. sz\u00e1m 5. sz\u00e1m 6. sz\u00e1m 1998. IV. \u00e9vfolyam 1. &hellip; <a href=\"https:\/\/rakosliget.hu\/wordpress\/index.php\/a-rakosliget-ujsag-1995-2012-kozott-megjelent-lapszamai\/\" class=\"more-link\"><span class=\"screen-reader-text\">A R\u00e1kosliget \u00fajs\u00e1g 1995-2012 k\u00f6z\u00f6tt megjelent lapsz\u00e1mai<\/span> r\u00e9szletei&#8230;<\/a><\/p>\n","protected":false},"author":1,"featured_media":0,"parent":0,"menu_order":0,"comment_status":"closed","ping_status":"closed","template":"","meta":{"footnotes":""},"class_list":["post-372","page","type-page","status-publish","hentry"],"_links":{"self":[{"href":"https:\/\/rakosliget.hu\/wordpress\/index.php\/wp-json\/wp\/v2\/pages\/372","targetHints":{"allow":["GET"]}}],"collection":[{"href":"https:\/\/rakosliget.hu\/wordpress\/index.php\/wp-json\/wp\/v2\/pages"}],"about":[{"href":"https:\/\/rakosliget.hu\/wordpress\/index.php\/wp-json\/wp\/v2\/types\/page"}],"author":[{"embeddable":true,"href":"https:\/\/rakosliget.hu\/wordpress\/index.php\/wp-json\/wp\/v2\/users\/1"}],"replies":[{"embeddable":true,"href":"https:\/\/rakosliget.hu\/wordpress\/index.php\/wp-json\/wp\/v2\/comments?post=372"}],"version-history":[{"count":1,"href":"https:\/\/rakosliget.hu\/wordpress\/index.php\/wp-json\/wp\/v2\/pages\/372\/revisions"}],"predecessor-version":[{"id":596,"href":"https:\/\/rakosliget.hu\/wordpress\/index.php\/wp-json\/wp\/v2\/pages\/372\/revisions\/596"}],"wp:attachment":[{"href":"https:\/\/rakosliget.hu\/wordpress\/index.php\/wp-json\/wp\/v2\/media?parent=372"}],"curies":[{"name":"wp","href":"https:\/\/api.w.org\/{rel}","templated":true}]}}