{"id":3682,"date":"2019-12-26T13:49:55","date_gmt":"2019-12-26T12:49:55","guid":{"rendered":"http:\/\/rakosliget.hu\/wordpress\/?page_id=3682"},"modified":"2020-11-24T12:04:14","modified_gmt":"2020-11-24T11:04:14","slug":"fovarosi-naplo","status":"publish","type":"page","link":"https:\/\/rakosliget.hu\/wordpress\/index.php\/fovarosi-naplo\/","title":{"rendered":"F\u0150V\u00c1ROSI NAPL\u00d3"},"content":{"rendered":"\n<p><em>Az oldal friss\u00edtve:2020.11.24.<\/em><\/p>\n\n\n\n<h2 class=\"wp-block-heading\">1950<\/h2>\n\n\n\n<div class=\"wp-block-image\"><figure class=\"aligncenter size-large\"><img loading=\"lazy\" decoding=\"async\" width=\"675\" height=\"1024\" src=\"http:\/\/rakosliget.hu\/wordpress\/wp-content\/uploads\/2019\/12\/korseta-675x1024.jpg\" alt=\"\" class=\"wp-image-3688\" srcset=\"https:\/\/rakosliget.hu\/wordpress\/wp-content\/uploads\/2019\/12\/korseta-675x1024.jpg 675w, https:\/\/rakosliget.hu\/wordpress\/wp-content\/uploads\/2019\/12\/korseta-198x300.jpg 198w, https:\/\/rakosliget.hu\/wordpress\/wp-content\/uploads\/2019\/12\/korseta-768x1165.jpg 768w, https:\/\/rakosliget.hu\/wordpress\/wp-content\/uploads\/2019\/12\/korseta-1012x1536.jpg 1012w, https:\/\/rakosliget.hu\/wordpress\/wp-content\/uploads\/2019\/12\/korseta.jpg 1170w\" sizes=\"auto, (max-width: 675px) 100vw, 675px\" \/><figcaption>3. oldal<\/figcaption><\/figure><\/div>\n\n\n\n<div class=\"wp-block-image\"><figure class=\"aligncenter size-large\"><img loading=\"lazy\" decoding=\"async\" width=\"426\" height=\"306\" src=\"http:\/\/rakosliget.hu\/wordpress\/wp-content\/uploads\/2019\/12\/eloljarosag2a.jpg\" alt=\"\" class=\"wp-image-3689\" srcset=\"https:\/\/rakosliget.hu\/wordpress\/wp-content\/uploads\/2019\/12\/eloljarosag2a.jpg 426w, https:\/\/rakosliget.hu\/wordpress\/wp-content\/uploads\/2019\/12\/eloljarosag2a-300x215.jpg 300w\" sizes=\"auto, (max-width: 426px) 100vw, 426px\" \/><figcaption>1950. J\u00daNIUS 1. 2. oldal<\/figcaption><\/figure><\/div>\n","protected":false},"excerpt":{"rendered":"<p>Az oldal friss\u00edtve:2020.11.24. 1950<\/p>\n","protected":false},"author":1,"featured_media":8084,"parent":0,"menu_order":0,"comment_status":"closed","ping_status":"closed","template":"","meta":{"footnotes":""},"class_list":["post-3682","page","type-page","status-publish","has-post-thumbnail","hentry"],"_links":{"self":[{"href":"https:\/\/rakosliget.hu\/wordpress\/index.php\/wp-json\/wp\/v2\/pages\/3682","targetHints":{"allow":["GET"]}}],"collection":[{"href":"https:\/\/rakosliget.hu\/wordpress\/index.php\/wp-json\/wp\/v2\/pages"}],"about":[{"href":"https:\/\/rakosliget.hu\/wordpress\/index.php\/wp-json\/wp\/v2\/types\/page"}],"author":[{"embeddable":true,"href":"https:\/\/rakosliget.hu\/wordpress\/index.php\/wp-json\/wp\/v2\/users\/1"}],"replies":[{"embeddable":true,"href":"https:\/\/rakosliget.hu\/wordpress\/index.php\/wp-json\/wp\/v2\/comments?post=3682"}],"version-history":[{"count":4,"href":"https:\/\/rakosliget.hu\/wordpress\/index.php\/wp-json\/wp\/v2\/pages\/3682\/revisions"}],"predecessor-version":[{"id":8086,"href":"https:\/\/rakosliget.hu\/wordpress\/index.php\/wp-json\/wp\/v2\/pages\/3682\/revisions\/8086"}],"wp:featuredmedia":[{"embeddable":true,"href":"https:\/\/rakosliget.hu\/wordpress\/index.php\/wp-json\/wp\/v2\/media\/8084"}],"wp:attachment":[{"href":"https:\/\/rakosliget.hu\/wordpress\/index.php\/wp-json\/wp\/v2\/media?parent=3682"}],"curies":[{"name":"wp","href":"https:\/\/api.w.org\/{rel}","templated":true}]}}