{"id":3391,"date":"2019-12-24T11:06:01","date_gmt":"2019-12-24T10:06:01","guid":{"rendered":"http:\/\/rakosliget.hu\/wordpress\/?page_id=3391"},"modified":"2020-11-24T09:36:40","modified_gmt":"2020-11-24T08:36:40","slug":"sajto-1950","status":"publish","type":"page","link":"https:\/\/rakosliget.hu\/wordpress\/index.php\/sajto-1950\/","title":{"rendered":"ESTI BUDAPEST*"},"content":{"rendered":"\n<figure class=\"wp-block-image size-large\"><img loading=\"lazy\" decoding=\"async\" width=\"1024\" height=\"411\" src=\"http:\/\/rakosliget.hu\/wordpress\/wp-content\/uploads\/2019\/12\/Esti-Budapest-1024x411.jpg\" alt=\"\" class=\"wp-image-3416\" srcset=\"https:\/\/rakosliget.hu\/wordpress\/wp-content\/uploads\/2019\/12\/Esti-Budapest-1024x411.jpg 1024w, https:\/\/rakosliget.hu\/wordpress\/wp-content\/uploads\/2019\/12\/Esti-Budapest-300x120.jpg 300w, https:\/\/rakosliget.hu\/wordpress\/wp-content\/uploads\/2019\/12\/Esti-Budapest-768x308.jpg 768w, https:\/\/rakosliget.hu\/wordpress\/wp-content\/uploads\/2019\/12\/Esti-Budapest.jpg 1303w\" sizes=\"auto, (max-width: 1024px) 100vw, 1024px\" \/><\/figure>\n\n\n\n<p><em>Az oldal friss\u00edtve: 2020.11.24.<\/em><\/p>\n\n\n\n<p>Ugr\u00e1s \u00e9vk\u00f6rre: <a href=\"#1952\">1952<\/a>  <a href=\"#1953\">1953<\/a>  <a href=\"#1955\">1955<\/a>  <a href=\"#1956\">1956<\/a>  <\/p>\n\n\n\n<h2 class=\"wp-block-heading\" id=\"1952\">1952<\/h2>\n\n\n\n<p>Esti Budapest <\/p>\n\n\n\n<div class=\"wp-block-image\"><figure class=\"aligncenter size-large\"><img loading=\"lazy\" decoding=\"async\" width=\"1006\" height=\"959\" src=\"http:\/\/rakosliget.hu\/wordpress\/wp-content\/uploads\/2019\/12\/bekeharc0.jpg\" alt=\"\" class=\"wp-image-3395\" srcset=\"https:\/\/rakosliget.hu\/wordpress\/wp-content\/uploads\/2019\/12\/bekeharc0.jpg 1006w, https:\/\/rakosliget.hu\/wordpress\/wp-content\/uploads\/2019\/12\/bekeharc0-300x286.jpg 300w, https:\/\/rakosliget.hu\/wordpress\/wp-content\/uploads\/2019\/12\/bekeharc0-768x732.jpg 768w\" sizes=\"auto, (max-width: 1006px) 100vw, 1006px\" \/><figcaption> Esti Budapest 1952. m\u00e1jus<\/figcaption><\/figure><\/div>\n\n\n\n<div class=\"wp-block-image\"><figure class=\"aligncenter size-large\"><img loading=\"lazy\" decoding=\"async\" width=\"603\" height=\"1024\" src=\"http:\/\/rakosliget.hu\/wordpress\/wp-content\/uploads\/2019\/12\/bekeharc1-603x1024.jpg\" alt=\"\" class=\"wp-image-3393\" srcset=\"https:\/\/rakosliget.hu\/wordpress\/wp-content\/uploads\/2019\/12\/bekeharc1-603x1024.jpg 603w, https:\/\/rakosliget.hu\/wordpress\/wp-content\/uploads\/2019\/12\/bekeharc1-177x300.jpg 177w, https:\/\/rakosliget.hu\/wordpress\/wp-content\/uploads\/2019\/12\/bekeharc1.jpg 696w\" sizes=\"auto, (max-width: 603px) 100vw, 603px\" \/><figcaption>Esti Budapest 1952. j\u00fanius 12.<\/figcaption><\/figure><\/div>\n\n\n\n<p>Megkezdte m\u0171k\u00f6d\u00e9s\u00e9t a Patyolat a XVII. ker\u00fcletben is.<\/p>\n\n\n\n<figure class=\"wp-block-image size-large\"><img loading=\"lazy\" decoding=\"async\" width=\"698\" height=\"1024\" src=\"http:\/\/rakosliget.hu\/wordpress\/wp-content\/uploads\/2019\/12\/patyolat-1-698x1024.jpg\" alt=\"\" class=\"wp-image-3398\" srcset=\"https:\/\/rakosliget.hu\/wordpress\/wp-content\/uploads\/2019\/12\/patyolat-1-698x1024.jpg 698w, https:\/\/rakosliget.hu\/wordpress\/wp-content\/uploads\/2019\/12\/patyolat-1-205x300.jpg 205w, https:\/\/rakosliget.hu\/wordpress\/wp-content\/uploads\/2019\/12\/patyolat-1-768x1126.jpg 768w, https:\/\/rakosliget.hu\/wordpress\/wp-content\/uploads\/2019\/12\/patyolat-1.jpg 1014w\" sizes=\"auto, (max-width: 698px) 100vw, 698px\" \/><figcaption>Esti Budapest 1952. november 18.<\/figcaption><\/figure>\n\n\n\n<div class=\"wp-block-image\"><figure class=\"aligncenter size-large\"><img loading=\"lazy\" decoding=\"async\" width=\"370\" height=\"488\" src=\"http:\/\/rakosliget.hu\/wordpress\/wp-content\/uploads\/2019\/12\/patyolat2.jpg\" alt=\"\" class=\"wp-image-3403\" srcset=\"https:\/\/rakosliget.hu\/wordpress\/wp-content\/uploads\/2019\/12\/patyolat2.jpg 370w, https:\/\/rakosliget.hu\/wordpress\/wp-content\/uploads\/2019\/12\/patyolat2-227x300.jpg 227w\" sizes=\"auto, (max-width: 370px) 100vw, 370px\" \/><figcaption>Esti Budapest, 1952. okt\u00f3ber 6. 5.oldal<\/figcaption><\/figure><\/div>\n\n\n\n<h2 class=\"wp-block-heading\" id=\"1953\"><strong>1953<\/strong><\/h2>\n\n\n\n<figure class=\"wp-block-image size-large\"><img loading=\"lazy\" decoding=\"async\" width=\"660\" height=\"668\" src=\"http:\/\/rakosliget.hu\/wordpress\/wp-content\/uploads\/2019\/12\/MAV-berlet.jpg\" alt=\"\" class=\"wp-image-3405\" srcset=\"https:\/\/rakosliget.hu\/wordpress\/wp-content\/uploads\/2019\/12\/MAV-berlet.jpg 660w, https:\/\/rakosliget.hu\/wordpress\/wp-content\/uploads\/2019\/12\/MAV-berlet-296x300.jpg 296w\" sizes=\"auto, (max-width: 660px) 100vw, 660px\" \/><figcaption>Esti Budapest, 1953. december<\/figcaption><\/figure>\n\n\n\n<div class=\"wp-block-image\"><figure class=\"aligncenter size-large\"><img loading=\"lazy\" decoding=\"async\" width=\"317\" height=\"133\" src=\"http:\/\/rakosliget.hu\/wordpress\/wp-content\/uploads\/2019\/12\/ruhajav\u00edtok.jpg\" alt=\"\" class=\"wp-image-3407\" srcset=\"https:\/\/rakosliget.hu\/wordpress\/wp-content\/uploads\/2019\/12\/ruhajav\u00edtok.jpg 317w, https:\/\/rakosliget.hu\/wordpress\/wp-content\/uploads\/2019\/12\/ruhajav\u00edtok-300x126.jpg 300w\" sizes=\"auto, (max-width: 317px) 100vw, 317px\" \/><figcaption>Esti Budapest, 1953. febru\u00e1r 9. 4. oldal<\/figcaption><\/figure><\/div>\n\n\n\n<div class=\"wp-block-image\"><figure class=\"aligncenter size-large\"><img loading=\"lazy\" decoding=\"async\" width=\"1024\" height=\"722\" src=\"http:\/\/rakosliget.hu\/wordpress\/wp-content\/uploads\/2019\/12\/motorverseny-1024x722.jpg\" alt=\"\" class=\"wp-image-3409\" srcset=\"https:\/\/rakosliget.hu\/wordpress\/wp-content\/uploads\/2019\/12\/motorverseny-1024x722.jpg 1024w, https:\/\/rakosliget.hu\/wordpress\/wp-content\/uploads\/2019\/12\/motorverseny-300x211.jpg 300w, https:\/\/rakosliget.hu\/wordpress\/wp-content\/uploads\/2019\/12\/motorverseny-768x541.jpg 768w, https:\/\/rakosliget.hu\/wordpress\/wp-content\/uploads\/2019\/12\/motorverseny.jpg 1325w\" sizes=\"auto, (max-width: 1024px) 100vw, 1024px\" \/><figcaption>Motorverseny<br>Esti Budapest, 1953. janu\u00e1r 5. 6. oldal<\/figcaption><\/figure><\/div>\n\n\n\n<figure class=\"wp-block-image size-large\"><img loading=\"lazy\" decoding=\"async\" width=\"885\" height=\"1024\" src=\"http:\/\/rakosliget.hu\/wordpress\/wp-content\/uploads\/2019\/12\/zenes-885x1024.jpg\" alt=\"\" class=\"wp-image-3411\" srcset=\"https:\/\/rakosliget.hu\/wordpress\/wp-content\/uploads\/2019\/12\/zenes-885x1024.jpg 885w, https:\/\/rakosliget.hu\/wordpress\/wp-content\/uploads\/2019\/12\/zenes-259x300.jpg 259w, https:\/\/rakosliget.hu\/wordpress\/wp-content\/uploads\/2019\/12\/zenes-768x889.jpg 768w, https:\/\/rakosliget.hu\/wordpress\/wp-content\/uploads\/2019\/12\/zenes.jpg 987w\" sizes=\"auto, (max-width: 885px) 100vw, 885px\" \/><figcaption>Zen\u00e9s sz\u00f3rakoz\u00f3hely ny\u00edlik a H\u0151s\u00f6k ter\u00e9n. (Ma lott\u00f3z\u00f3, cukr\u00e1szda. A kocsma ma is megvan. \ud83d\ude42<br>Esti Budapest, 1953. m\u00e1jus 19. 5. oldal<\/figcaption><\/figure>\n\n\n\n<div class=\"wp-block-image\"><figure class=\"aligncenter size-large\"><img loading=\"lazy\" decoding=\"async\" width=\"1007\" height=\"881\" src=\"http:\/\/rakosliget.hu\/wordpress\/wp-content\/uploads\/2019\/12\/piac-aszfalt.jpg\" alt=\"\" class=\"wp-image-3415\" srcset=\"https:\/\/rakosliget.hu\/wordpress\/wp-content\/uploads\/2019\/12\/piac-aszfalt.jpg 1007w, https:\/\/rakosliget.hu\/wordpress\/wp-content\/uploads\/2019\/12\/piac-aszfalt-300x262.jpg 300w, https:\/\/rakosliget.hu\/wordpress\/wp-content\/uploads\/2019\/12\/piac-aszfalt-768x672.jpg 768w\" sizes=\"auto, (max-width: 1007px) 100vw, 1007px\" \/><figcaption>Aszfalt burkolatot kap a r\u00e1kosligeti piac. (Ma itt fitness center, gy\u00f3gyszert\u00e1r \u00e9s \u00fczletek tal\u00e1lhat\u00f3k)<br>Esti Budapest. 1953. szeptember 25. 1. oldal<\/figcaption><\/figure><\/div>\n\n\n\n<div class=\"wp-block-image\"><figure class=\"aligncenter size-large\"><img loading=\"lazy\" decoding=\"async\" width=\"1024\" height=\"794\" src=\"http:\/\/rakosliget.hu\/wordpress\/wp-content\/uploads\/2019\/12\/Kozert-1024x794.jpg\" alt=\"\" class=\"wp-image-3413\" srcset=\"https:\/\/rakosliget.hu\/wordpress\/wp-content\/uploads\/2019\/12\/Kozert-1024x794.jpg 1024w, https:\/\/rakosliget.hu\/wordpress\/wp-content\/uploads\/2019\/12\/Kozert-300x233.jpg 300w, https:\/\/rakosliget.hu\/wordpress\/wp-content\/uploads\/2019\/12\/Kozert-768x595.jpg 768w, https:\/\/rakosliget.hu\/wordpress\/wp-content\/uploads\/2019\/12\/Kozert.jpg 1282w\" sizes=\"auto, (max-width: 1024px) 100vw, 1024px\" \/><figcaption>Hol is lehetett a 17406- os K\u00d6Z\u00c9RT? R\u00e1kosligeten 1953-ban K\u00f6z\u00e9rt a Ferihegyi (akkor Kossuth Lajos ) utca \u00e9s XIX. utca sark\u00e1n m\u0171k\u00f6d\u00f6tt. Esetleg a III. utca?<br>Esti Budapest, 1953. m\u00e1rcius<\/figcaption><\/figure><\/div>\n\n\n\n<h2 class=\"wp-block-heading\" id=\"1955\">1955<\/h2>\n\n\n\n<figure class=\"wp-block-image size-large\"><img loading=\"lazy\" decoding=\"async\" width=\"983\" height=\"682\" src=\"http:\/\/rakosliget.hu\/wordpress\/wp-content\/uploads\/2019\/12\/pitypalatty2.jpg\" alt=\"\" class=\"wp-image-3428\" srcset=\"https:\/\/rakosliget.hu\/wordpress\/wp-content\/uploads\/2019\/12\/pitypalatty2.jpg 983w, https:\/\/rakosliget.hu\/wordpress\/wp-content\/uploads\/2019\/12\/pitypalatty2-300x208.jpg 300w, https:\/\/rakosliget.hu\/wordpress\/wp-content\/uploads\/2019\/12\/pitypalatty2-768x533.jpg 768w\" sizes=\"auto, (max-width: 983px) 100vw, 983px\" \/><figcaption>Pitypalatty<br>ESTI BUDAPEST, 1955. janu\u00e1r 14.<\/figcaption><\/figure>\n\n\n\n<figure class=\"wp-block-image size-large\"><img loading=\"lazy\" decoding=\"async\" width=\"1024\" height=\"648\" src=\"http:\/\/rakosliget.hu\/wordpress\/wp-content\/uploads\/2019\/12\/busz-61-1024x648.jpg\" alt=\"\" class=\"wp-image-3433\" srcset=\"https:\/\/rakosliget.hu\/wordpress\/wp-content\/uploads\/2019\/12\/busz-61-1024x648.jpg 1024w, https:\/\/rakosliget.hu\/wordpress\/wp-content\/uploads\/2019\/12\/busz-61-300x190.jpg 300w, https:\/\/rakosliget.hu\/wordpress\/wp-content\/uploads\/2019\/12\/busz-61-768x486.jpg 768w, https:\/\/rakosliget.hu\/wordpress\/wp-content\/uploads\/2019\/12\/busz-61.jpg 1312w\" sizes=\"auto, (max-width: 1024px) 100vw, 1024px\" \/><figcaption><br>A 61-es buszr\u00f3l d\u00f6nt\u00e9s.<br>ESTI BUDAPEST1955. m\u00e1rcius 10.<\/figcaption><\/figure>\n\n\n\n<figure class=\"wp-block-image size-large\"><img loading=\"lazy\" decoding=\"async\" width=\"676\" height=\"625\" src=\"http:\/\/rakosliget.hu\/wordpress\/wp-content\/uploads\/2019\/12\/pitypalatty.jpg\" alt=\"\" class=\"wp-image-3418\" srcset=\"https:\/\/rakosliget.hu\/wordpress\/wp-content\/uploads\/2019\/12\/pitypalatty.jpg 676w, https:\/\/rakosliget.hu\/wordpress\/wp-content\/uploads\/2019\/12\/pitypalatty-300x277.jpg 300w\" sizes=\"auto, (max-width: 676px) 100vw, 676px\" \/><figcaption>Pitypalatty cukr\u00e1szda &#8211; ma a Ferihegyi \u00fati G\u00e9za p\u00e9ks\u00e9g. Ennek az \u00e9p\u00fcletnek a h\u00e1ts\u00f3 udvar\u00e1ban ny\u00edlt a kerthelyis\u00e9g.<br>Esti  Budapest, 1955. \u00e1prilis 11. 4. oldal<\/figcaption><\/figure>\n\n\n\n<figure class=\"wp-block-image size-large\"><img loading=\"lazy\" decoding=\"async\" width=\"657\" height=\"610\" src=\"http:\/\/rakosliget.hu\/wordpress\/wp-content\/uploads\/2019\/12\/legpuska.jpg\" alt=\"\" class=\"wp-image-3430\" srcset=\"https:\/\/rakosliget.hu\/wordpress\/wp-content\/uploads\/2019\/12\/legpuska.jpg 657w, https:\/\/rakosliget.hu\/wordpress\/wp-content\/uploads\/2019\/12\/legpuska-300x279.jpg 300w\" sizes=\"auto, (max-width: 657px) 100vw, 657px\" \/><figcaption>L\u00e9gusk\u00e1sok<br>ESTI BUDAPEST, 1955. j\u00falius 8.<\/figcaption><\/figure>\n\n\n\n<figure class=\"wp-block-image size-large\"><img loading=\"lazy\" decoding=\"async\" width=\"1024\" height=\"587\" src=\"http:\/\/rakosliget.hu\/wordpress\/wp-content\/uploads\/2019\/12\/nyari-tabor-1024x587.jpg\" alt=\"\" class=\"wp-image-3432\" srcset=\"https:\/\/rakosliget.hu\/wordpress\/wp-content\/uploads\/2019\/12\/nyari-tabor-1024x587.jpg 1024w, https:\/\/rakosliget.hu\/wordpress\/wp-content\/uploads\/2019\/12\/nyari-tabor-300x172.jpg 300w, https:\/\/rakosliget.hu\/wordpress\/wp-content\/uploads\/2019\/12\/nyari-tabor-768x440.jpg 768w, https:\/\/rakosliget.hu\/wordpress\/wp-content\/uploads\/2019\/12\/nyari-tabor.jpg 1337w\" sizes=\"auto, (max-width: 1024px) 100vw, 1024px\" \/><figcaption>1955. j\u00falius 18.<\/figcaption><\/figure>\n\n\n\n<div class=\"wp-block-image\"><figure class=\"aligncenter size-large\"><img loading=\"lazy\" decoding=\"async\" width=\"335\" height=\"679\" src=\"http:\/\/rakosliget.hu\/wordpress\/wp-content\/uploads\/2019\/12\/tarsadalmi-ellenor.jpg\" alt=\"\" class=\"wp-image-3438\" srcset=\"https:\/\/rakosliget.hu\/wordpress\/wp-content\/uploads\/2019\/12\/tarsadalmi-ellenor.jpg 335w, https:\/\/rakosliget.hu\/wordpress\/wp-content\/uploads\/2019\/12\/tarsadalmi-ellenor-148x300.jpg 148w\" sizes=\"auto, (max-width: 335px) 100vw, 335px\" \/><figcaption>Ez az a kor volt, amikor l\u00e9tezett \u00f6nk\u00e9ntes rend\u0151r, t\u00e1rsadalmi ellen\u0151r, amely j\u00f3l illett a bes\u00fag\u00e1sra is \u00e9p\u00edt\u0151 rendszer vil\u00e1g\u00e1hoz. Hatalmat a kisembernek! &#8211; aki azt\u00e1n ezzel j\u00f3l vissza is tudott \u00e9lni.<br>ESTI BUDAPEST, 1955. okt\u00f3ber 17.<\/figcaption><\/figure><\/div>\n\n\n\n<div class=\"wp-block-image\"><figure class=\"aligncenter size-large\"><img loading=\"lazy\" decoding=\"async\" width=\"342\" height=\"269\" src=\"http:\/\/rakosliget.hu\/wordpress\/wp-content\/uploads\/2019\/12\/teniszpalya.jpg\" alt=\"\" class=\"wp-image-3436\" srcset=\"https:\/\/rakosliget.hu\/wordpress\/wp-content\/uploads\/2019\/12\/teniszpalya.jpg 342w, https:\/\/rakosliget.hu\/wordpress\/wp-content\/uploads\/2019\/12\/teniszpalya-300x236.jpg 300w\" sizes=\"auto, (max-width: 342px) 100vw, 342px\" \/><figcaption>Erre m\u00e9g a maiak is eml\u00e9kezhetnek&#8230;<br>ESTI BUDAPEST 1955. november 25.<\/figcaption><\/figure><\/div>\n\n\n\n<div class=\"wp-block-image\"><figure class=\"aligncenter size-large\"><img loading=\"lazy\" decoding=\"async\" width=\"349\" height=\"173\" src=\"http:\/\/rakosliget.hu\/wordpress\/wp-content\/uploads\/2019\/12\/kozert3.jpg\" alt=\"\" class=\"wp-image-3421\" srcset=\"https:\/\/rakosliget.hu\/wordpress\/wp-content\/uploads\/2019\/12\/kozert3.jpg 349w, https:\/\/rakosliget.hu\/wordpress\/wp-content\/uploads\/2019\/12\/kozert3-300x149.jpg 300w\" sizes=\"auto, (max-width: 349px) 100vw, 349px\" \/><figcaption>Esti Budapest, 1955. december 9. 5. oldal <\/figcaption><\/figure><\/div>\n\n\n\n<div class=\"wp-block-image\"><figure class=\"aligncenter size-large\"><img loading=\"lazy\" decoding=\"async\" width=\"324\" height=\"155\" src=\"http:\/\/rakosliget.hu\/wordpress\/wp-content\/uploads\/2019\/12\/roltex.jpg\" alt=\"\" class=\"wp-image-3423\" srcset=\"https:\/\/rakosliget.hu\/wordpress\/wp-content\/uploads\/2019\/12\/roltex.jpg 324w, https:\/\/rakosliget.hu\/wordpress\/wp-content\/uploads\/2019\/12\/roltex-300x144.jpg 300w\" sizes=\"auto, (max-width: 324px) 100vw, 324px\" \/><figcaption>A R\u00d6LTEX bolt hely\u00e9n ma a FOLTIN f\u00e9le T\u00f6rzshely illetve m\u00e1s kisebb \u00fczletek m\u0171k\u00f6dnek.<br>ESTI BUDAPEST, 1955. december 21.<\/figcaption><\/figure><\/div>\n\n\n\n<div class=\"wp-block-image\"><figure class=\"aligncenter size-large\"><img loading=\"lazy\" decoding=\"async\" width=\"344\" height=\"312\" src=\"http:\/\/rakosliget.hu\/wordpress\/wp-content\/uploads\/2019\/12\/zenes2.jpg\" alt=\"\" class=\"wp-image-3426\" srcset=\"https:\/\/rakosliget.hu\/wordpress\/wp-content\/uploads\/2019\/12\/zenes2.jpg 344w, https:\/\/rakosliget.hu\/wordpress\/wp-content\/uploads\/2019\/12\/zenes2-300x272.jpg 300w\" sizes=\"auto, (max-width: 344px) 100vw, 344px\" \/><figcaption>ESTI BUDAPEST, 1955. december 30.<\/figcaption><\/figure><\/div>\n\n\n\n<h2 class=\"wp-block-heading\" id=\"1956\">1956<\/h2>\n\n\n\n<div class=\"wp-block-image\"><figure class=\"aligncenter size-large\"><img loading=\"lazy\" decoding=\"async\" width=\"985\" height=\"330\" src=\"http:\/\/rakosliget.hu\/wordpress\/wp-content\/uploads\/2019\/12\/kiallitas.jpg\" alt=\"\" class=\"wp-image-3440\" srcset=\"https:\/\/rakosliget.hu\/wordpress\/wp-content\/uploads\/2019\/12\/kiallitas.jpg 985w, https:\/\/rakosliget.hu\/wordpress\/wp-content\/uploads\/2019\/12\/kiallitas-300x101.jpg 300w, https:\/\/rakosliget.hu\/wordpress\/wp-content\/uploads\/2019\/12\/kiallitas-768x257.jpg 768w\" sizes=\"auto, (max-width: 985px) 100vw, 985px\" \/><figcaption>ESTI BUDAPEST, 1956. janu\u00e1r 27.<br><\/figcaption><\/figure><\/div>\n\n\n\n<figure class=\"wp-block-image size-large\"><img loading=\"lazy\" decoding=\"async\" width=\"655\" height=\"378\" src=\"http:\/\/rakosliget.hu\/wordpress\/wp-content\/uploads\/2019\/12\/liget-\u00e9tterem.jpg\" alt=\"\" class=\"wp-image-3441\" srcset=\"https:\/\/rakosliget.hu\/wordpress\/wp-content\/uploads\/2019\/12\/liget-\u00e9tterem.jpg 655w, https:\/\/rakosliget.hu\/wordpress\/wp-content\/uploads\/2019\/12\/liget-\u00e9tterem-300x173.jpg 300w\" sizes=\"auto, (max-width: 655px) 100vw, 655px\" \/><figcaption>ESTI BUDAPEST, 1956. febru\u00e1r 21.<br><\/figcaption><\/figure>\n\n\n\n<div class=\"wp-block-image\"><figure class=\"aligncenter size-large\"><img loading=\"lazy\" decoding=\"async\" width=\"318\" height=\"304\" src=\"http:\/\/rakosliget.hu\/wordpress\/wp-content\/uploads\/2019\/12\/tisztasagi.jpg\" alt=\"\" class=\"wp-image-3442\" srcset=\"https:\/\/rakosliget.hu\/wordpress\/wp-content\/uploads\/2019\/12\/tisztasagi.jpg 318w, https:\/\/rakosliget.hu\/wordpress\/wp-content\/uploads\/2019\/12\/tisztasagi-300x287.jpg 300w\" sizes=\"auto, (max-width: 318px) 100vw, 318px\" \/><figcaption>Mi is az a tiszt\u00e1gi f\u00fcrd\u0151? Mivel ebben az id\u0151ben a f\u00fcrd\u0151szoba m\u00e9g nem \u00e1llt rendelkez\u00e9sre minden lak\u00e1sban, az emberek tisztas\u00e1gi f\u00fcrd\u0151be k\u00e9nyszer\u00fcltek f\u00fcrd\u00e9s c\u00e9lj\u00e1b\u00f3l. Ma m\u00e1r ez \u00e9rthetetlen.<br>ESTI BUDAPEST, 1956. j\u00fanius 6.<\/figcaption><\/figure><\/div>\n\n\n\n<div class=\"wp-block-image\"><figure class=\"aligncenter size-large\"><img loading=\"lazy\" decoding=\"async\" width=\"324\" height=\"430\" src=\"http:\/\/rakosliget.hu\/wordpress\/wp-content\/uploads\/2019\/12\/busz-61_a.jpg\" alt=\"\" class=\"wp-image-3444\" srcset=\"https:\/\/rakosliget.hu\/wordpress\/wp-content\/uploads\/2019\/12\/busz-61_a.jpg 324w, https:\/\/rakosliget.hu\/wordpress\/wp-content\/uploads\/2019\/12\/busz-61_a-226x300.jpg 226w\" sizes=\"auto, (max-width: 324px) 100vw, 324px\" \/><figcaption>ESTI BUDAPEST, 1956. okt\u00f3ber 6.<\/figcaption><\/figure><\/div>\n\n\n\n<p>* Az MDP budapesti p\u00e1rtbizotts\u00e1ga \u00e9s a F\u0151v\u00e1rosi Tan\u00e1cs lapja, hetente 5  sz\u00e1mmal. Utols\u00f3 sz\u00e1ma 1956. okt\u00f3ber 23-\u00e1n jelent meg. El\u0151zm\u00e9nye  Vil\u00e1goss\u00e1g, folytat\u00e1sa Esti H\u00edrlap.  Forr\u00e1s: https:\/\/adtplus.arcanum.hu\/hu\/collection\/EstiBudapest\/<\/p>\n\n\n\n<p><\/p>\n","protected":false},"excerpt":{"rendered":"<p>Az oldal friss\u00edtve: 2020.11.24. Ugr\u00e1s \u00e9vk\u00f6rre: 1952 1953 1955 1956 1952 Esti Budapest Megkezdte m\u0171k\u00f6d\u00e9s\u00e9t a Patyolat a XVII. ker\u00fcletben is. 1953 1955 1956 * Az MDP budapesti p\u00e1rtbizotts\u00e1ga \u00e9s a F\u0151v\u00e1rosi Tan\u00e1cs lapja, hetente 5 sz\u00e1mmal. Utols\u00f3 sz\u00e1ma 1956. okt\u00f3ber 23-\u00e1n jelent meg. El\u0151zm\u00e9nye Vil\u00e1goss\u00e1g, folytat\u00e1sa Esti H\u00edrlap. Forr\u00e1s: https:\/\/adtplus.arcanum.hu\/hu\/collection\/EstiBudapest\/<\/p>\n","protected":false},"author":1,"featured_media":8047,"parent":0,"menu_order":0,"comment_status":"closed","ping_status":"closed","template":"","meta":{"footnotes":""},"class_list":["post-3391","page","type-page","status-publish","has-post-thumbnail","hentry"],"_links":{"self":[{"href":"https:\/\/rakosliget.hu\/wordpress\/index.php\/wp-json\/wp\/v2\/pages\/3391","targetHints":{"allow":["GET"]}}],"collection":[{"href":"https:\/\/rakosliget.hu\/wordpress\/index.php\/wp-json\/wp\/v2\/pages"}],"about":[{"href":"https:\/\/rakosliget.hu\/wordpress\/index.php\/wp-json\/wp\/v2\/types\/page"}],"author":[{"embeddable":true,"href":"https:\/\/rakosliget.hu\/wordpress\/index.php\/wp-json\/wp\/v2\/users\/1"}],"replies":[{"embeddable":true,"href":"https:\/\/rakosliget.hu\/wordpress\/index.php\/wp-json\/wp\/v2\/comments?post=3391"}],"version-history":[{"count":34,"href":"https:\/\/rakosliget.hu\/wordpress\/index.php\/wp-json\/wp\/v2\/pages\/3391\/revisions"}],"predecessor-version":[{"id":8050,"href":"https:\/\/rakosliget.hu\/wordpress\/index.php\/wp-json\/wp\/v2\/pages\/3391\/revisions\/8050"}],"wp:featuredmedia":[{"embeddable":true,"href":"https:\/\/rakosliget.hu\/wordpress\/index.php\/wp-json\/wp\/v2\/media\/8047"}],"wp:attachment":[{"href":"https:\/\/rakosliget.hu\/wordpress\/index.php\/wp-json\/wp\/v2\/media?parent=3391"}],"curies":[{"name":"wp","href":"https:\/\/api.w.org\/{rel}","templated":true}]}}