{"id":3320,"date":"2019-12-23T06:19:57","date_gmt":"2019-12-23T05:19:57","guid":{"rendered":"http:\/\/rakosliget.hu\/wordpress\/?page_id=3320"},"modified":"2026-01-17T17:31:59","modified_gmt":"2026-01-17T16:31:59","slug":"takarekpenztar","status":"publish","type":"page","link":"https:\/\/rakosliget.hu\/wordpress\/index.php\/takarekpenztar\/","title":{"rendered":"TAKAR\u00c9KP\u00c9NZT\u00c1R"},"content":{"rendered":"\n<h3 class=\"wp-block-heading\"><a href=\"https:\/\/rakosliget.hu\/wordpress\/index.php\/penzintezetek\/\">VISSZA A P\u00c9NZINT\u00c9ZETEK LAPRA<\/a><\/h3>\n\n\n\n<p>R\u00f6vid \u00e9let\u0171 takar\u00e9kp\u00e9nzt\u00e1rk\u00e9nt m\u0171k\u00f6d\u00f6tt. 1912-ben m\u00e1r a felsz\u00e1mol\u00e1s\u00e1r\u00f3l hozott d\u00f6nt\u00e9st a k\u00f6zgy\u0171l\u00e9s.<\/p>\n\n\n<div class=\"wp-block-image\">\n<figure class=\"aligncenter size-large\"><img loading=\"lazy\" decoding=\"async\" width=\"555\" height=\"694\" src=\"http:\/\/rakosliget.hu\/wordpress\/wp-content\/uploads\/2019\/12\/rakosligeti-takarek.jpg\" alt=\"\" class=\"wp-image-3323\" srcset=\"https:\/\/rakosliget.hu\/wordpress\/wp-content\/uploads\/2019\/12\/rakosligeti-takarek.jpg 555w, https:\/\/rakosliget.hu\/wordpress\/wp-content\/uploads\/2019\/12\/rakosligeti-takarek-240x300.jpg 240w\" sizes=\"auto, (max-width: 555px) 100vw, 555px\" \/><figcaption class=\"wp-element-caption\">BUDAPESTI H\u00cdRLAP (118. sz.) 1914. m\u00e1jus 20. 29. oldal<\/figcaption><\/figure>\n<\/div>\n\n<div class=\"wp-block-image\">\n<figure class=\"aligncenter size-large\"><img loading=\"lazy\" decoding=\"async\" width=\"438\" height=\"582\" src=\"http:\/\/rakosliget.hu\/wordpress\/wp-content\/uploads\/2019\/12\/rakosligeti-takarek2.jpg\" alt=\"\" class=\"wp-image-3328\" srcset=\"https:\/\/rakosliget.hu\/wordpress\/wp-content\/uploads\/2019\/12\/rakosligeti-takarek2.jpg 438w, https:\/\/rakosliget.hu\/wordpress\/wp-content\/uploads\/2019\/12\/rakosligeti-takarek2-226x300.jpg 226w\" sizes=\"auto, (max-width: 438px) 100vw, 438px\" \/><figcaption class=\"wp-element-caption\">BUDAFESTI H\u00cdRLAP (51.sz\u00e1m) 1915. febru\u00e1r 20. 20. oldal<\/figcaption><\/figure>\n<\/div>\n\n\n<p><a href=\"https:\/\/rakosliget.hu\/wordpress\/index.php\/penzintezetek\/\">VISSZA A P\u00c9NZINT\u00c9ZETEK LAPRA<\/a><\/p>\n","protected":false},"excerpt":{"rendered":"<p>VISSZA A P\u00c9NZINT\u00c9ZETEK LAPRA R\u00f6vid \u00e9let\u0171 takar\u00e9kp\u00e9nzt\u00e1rk\u00e9nt m\u0171k\u00f6d\u00f6tt. 1912-ben m\u00e1r a felsz\u00e1mol\u00e1s\u00e1r\u00f3l hozott d\u00f6nt\u00e9st a k\u00f6zgy\u0171l\u00e9s. VISSZA A P\u00c9NZINT\u00c9ZETEK LAPRA<\/p>\n","protected":false},"author":1,"featured_media":0,"parent":0,"menu_order":0,"comment_status":"closed","ping_status":"closed","template":"","meta":{"footnotes":""},"class_list":["post-3320","page","type-page","status-publish","hentry"],"_links":{"self":[{"href":"https:\/\/rakosliget.hu\/wordpress\/index.php\/wp-json\/wp\/v2\/pages\/3320","targetHints":{"allow":["GET"]}}],"collection":[{"href":"https:\/\/rakosliget.hu\/wordpress\/index.php\/wp-json\/wp\/v2\/pages"}],"about":[{"href":"https:\/\/rakosliget.hu\/wordpress\/index.php\/wp-json\/wp\/v2\/types\/page"}],"author":[{"embeddable":true,"href":"https:\/\/rakosliget.hu\/wordpress\/index.php\/wp-json\/wp\/v2\/users\/1"}],"replies":[{"embeddable":true,"href":"https:\/\/rakosliget.hu\/wordpress\/index.php\/wp-json\/wp\/v2\/comments?post=3320"}],"version-history":[{"count":6,"href":"https:\/\/rakosliget.hu\/wordpress\/index.php\/wp-json\/wp\/v2\/pages\/3320\/revisions"}],"predecessor-version":[{"id":21804,"href":"https:\/\/rakosliget.hu\/wordpress\/index.php\/wp-json\/wp\/v2\/pages\/3320\/revisions\/21804"}],"wp:attachment":[{"href":"https:\/\/rakosliget.hu\/wordpress\/index.php\/wp-json\/wp\/v2\/media?parent=3320"}],"curies":[{"name":"wp","href":"https:\/\/api.w.org\/{rel}","templated":true}]}}