{"id":3116,"date":"2019-12-13T06:00:47","date_gmt":"2019-12-13T05:00:47","guid":{"rendered":"http:\/\/rakosliget.hu\/wordpress\/?page_id=3116"},"modified":"2026-01-18T07:37:46","modified_gmt":"2026-01-18T06:37:46","slug":"iskola-es-ovoda","status":"publish","type":"page","link":"https:\/\/rakosliget.hu\/wordpress\/index.php\/iskola-es-ovoda\/","title":{"rendered":"ISKOLA, \u00d3VODA, N\u00c9PM\u0170VEL\u00c9S"},"content":{"rendered":"\n<p><em>Az oldal friss\u00edtve: 2026. 01. 18.<\/em><\/p>\n\n\n\n<h3 class=\"wp-block-heading\">Iskol\u00e1k R\u00e1kosligeten:<\/h3>\n\n\n\n<div class=\"wp-block-buttons is-layout-flex wp-block-buttons-is-layout-flex\">\n<div class=\"wp-block-button\"><a class=\"wp-block-button__link wp-element-button\" href=\"https:\/\/rakosliget.hu\/wordpress\/index.php\/ovoda\/\">\u00d3VODA<\/a><\/div>\n<\/div>\n\n\n\n<p><\/p>\n\n\n\n<div class=\"wp-block-buttons is-layout-flex wp-block-buttons-is-layout-flex\">\n<div class=\"wp-block-button\"><a class=\"wp-block-button__link wp-element-button\" href=\"https:\/\/rakosliget.hu\/wordpress\/index.php\/elemi-iskola\/\">ELEMI ISKOLA<\/a><\/div>\n<\/div>\n\n\n\n<p><\/p>\n\n\n\n<div class=\"wp-block-buttons is-layout-flex wp-block-buttons-is-layout-flex\">\n<div class=\"wp-block-button\"><a class=\"wp-block-button__link wp-element-button\" href=\"https:\/\/rakosliget.hu\/wordpress\/index.php\/rakosliget-kozsegi-polgari-iskola\/\">POLG\u00c1RI ISKOLA 1909 \u2013 1944<\/a><\/div>\n<\/div>\n\n\n\n<p><\/p>\n\n\n\n<div class=\"wp-block-buttons is-layout-flex wp-block-buttons-is-layout-flex\">\n<div class=\"wp-block-button\"><a class=\"wp-block-button__link wp-element-button\" href=\"https:\/\/rakosliget.hu\/wordpress\/index.php\/ipariskola\/\">IPARISKOLA<\/a><\/div>\n<\/div>\n\n\n\n<p><\/p>\n\n\n\n<div class=\"wp-block-buttons is-layout-flex wp-block-buttons-is-layout-flex\">\n<div class=\"wp-block-button\"><a class=\"wp-block-button__link wp-element-button\" href=\"https:\/\/rakosliget.hu\/wordpress\/index.php\/nagy-lajos-gimnazium\/\">R\u00c1KOSLIGETI MAGYAR KIR\u00c1LYI \u00c1LLAMI NAGY LAJOS F\u0150GIMN\u00c1ZIUM (1920-1923)<\/a><\/div>\n<\/div>\n\n\n\n<p><\/p>\n\n\n\n<div class=\"wp-block-buttons is-layout-flex wp-block-buttons-is-layout-flex\">\n<div class=\"wp-block-button\"><a class=\"wp-block-button__link wp-element-button\" href=\"https:\/\/rakosliget.hu\/wordpress\/index.php\/foiskola\/\">F\u0150ISKOLA<\/a><\/div>\n<\/div>\n\n\n\n<p><\/p>\n\n\n\n<div class=\"wp-block-buttons is-layout-flex wp-block-buttons-is-layout-flex\">\n<div class=\"wp-block-button\"><a class=\"wp-block-button__link wp-element-button\" href=\"https:\/\/rakosliget.hu\/wordpress\/index.php\/magan-iskolak\/\">MAG\u00c1NISKOL\u00c1K<\/a><\/div>\n<\/div>\n\n\n\n<p><\/p>\n\n\n\n<div class=\"wp-block-buttons is-layout-flex wp-block-buttons-is-layout-flex\">\n<div class=\"wp-block-button\"><a class=\"wp-block-button__link wp-element-button\" href=\"https:\/\/rakosliget.hu\/wordpress\/index.php\/zeneiskolak\/\">ZENEISKOL\u00c1K<\/a><\/div>\n<\/div>\n\n\n\n<h3 class=\"wp-block-heading\">A XIX. sz\u00e1zad v\u00e9ge &#8211; XX. sz\u00e1zad&nbsp; iskolarendszere.<\/h3>\n\n\n\n<blockquote class=\"wp-block-quote is-layout-flow wp-block-quote-is-layout-flow\">\n<p>A <em>\u201emonopoliz\u00e1lt \u00e1llami k\u00f6zoktat\u00e1s t\u00e1vol \u00e1ll a szabads\u00e1g eszm\u00e9j\u00e9t\u0151l\u201d <strong>E\u00f6tv\u00f6s J\u00f3zsef<\/strong><\/em><\/p>\n<\/blockquote>\n\n\n\n<p><strong>E\u00f6tv\u00f6s J\u00f3zsef&nbsp; <\/strong>az <strong>1867-<\/strong>es kiegyez\u00e9s ut\u00e1n lett a Vall\u00e1s \u00e9s K\u00f6zoktat\u00e1s\u00fcgyi Miniszter. A k\u00f6zoktat\u00e1si reform sz\u00fcks\u00e9gess\u00e9g\u00e9t \u00e9rezve kezdett hozz\u00e1 miniszteri munk\u00e1j\u00e1hoz. K\u00f6zs\u00e9gi iskol\u00e1k l\u00e9tes\u00edt\u00e9s\u00e9t csak ott rendelte el ahol nem m\u0171k\u00f6dtek egyh\u00e1zi n\u00e9piskol\u00e1k. A felekezeti iskol\u00e1k \u00e1llamos\u00edt\u00e1s\u00e1t m\u00e1r csak az\u00e9rt sem szorgalmazta, mert a k\u00f6zponti \u00e1llamhatalom t\u00falteng\u00e9s\u00e9t kifejezetten k\u00e1rosnak tartotta, azonban er\u0151s\u00edtette az \u00e1llam ellen\u0151rz\u0151 szerep\u00e9t.<\/p>\n\n\n\n<p>1868-ban sz\u00fcletett meg <strong>Magyarorsz\u00e1g els\u0151 n\u00e9poktat\u00e1si t\u00f6rv\u00e9nye<\/strong> &#8222;1868. \u00e9vi XXXVIII. t\u00f6rv\u00e9nycikk a n\u00e9piskolai k\u00f6zoktat\u00e1s t\u00e1rgy\u00e1ban&#8221; c\u00edmmel.<\/p>\n\n\n\n<blockquote class=\"wp-block-quote is-layout-flow wp-block-quote-is-layout-flow\">\n<p>8. \u00a7 N\u00e9poktat\u00e1si tanint\u00e9zetek:<strong> az elemi \u00e9s fels\u0151bb n\u00e9piskol\u00e1k, polg\u00e1ri iskol\u00e1k \u00e9s tan\u00edt\u00f3k\u00e9pezd\u00e9k<\/strong>.<br>9. \u00a7 A n\u00e9poktat\u00e1si tanint\u00e9zetek vagy nyilv\u00e1nos vagy mag\u00e1n iskol\u00e1k.<br>10. \u00a7 N\u00e9poktat\u00e1si nyilv\u00e1nos tanint\u00e9zeteket a t\u00f6rv\u00e9ny \u00e1ltal megszabott m\u00f3don \u00e1ll\u00edthatnak \u00e9s fenntarthatnak a haz\u00e1ban l\u00e9tez\u0151 hitfelekezetek, t\u00e1rsulatok \u00e9s egyesek, k\u00f6zs\u00e9gek, \u00e9s az \u00e1llam.<\/p>\n<\/blockquote>\n\n\n\n<p>L\u00e9trej\u00f6tt a <strong>hatoszt\u00e1lyos elemi n\u00e9piskola<\/strong>, elrendelt\u00e9k a tank\u00f6telezetts\u00e9get, 6-12 \u00e9ves korig n\u00e9piskol\u00e1ba, 12-15 \u00e9ves korig ism\u00e9tl\u0151 elemi n\u00e9piskol\u00e1ba j\u00e1rtak a gyerekek.<\/p>\n\n\n\n<p>Nagyobb k\u00f6zs\u00e9gek, melyeknek anyagi ereje engedi, k\u00f6telesek fels\u0151n\u00e9piskola helyett polg\u00e1ri iskol\u00e1kat \u00e1ll\u00edtani \u00e9s tartani fenn, a k\u00f6zs\u00e9g lakosai sz\u00e1m\u00e1ra felekezeti k\u00fcl\u00f6nbs\u00e9g n\u00e9lk\u00fcl.<br>Polg\u00e1ri iskol\u00e1kban a tanfolyam fi\u00fak sz\u00e1m\u00e1ra 6 \u00e9v, le\u00e1nygyermekek sz\u00e1m\u00e1ra 4 \u00e9v.<\/p>\n\n\n\n<blockquote class=\"wp-block-quote is-layout-flow wp-block-quote-is-layout-flow\">\n<p>34. \u00a7 Egy tan\u00edt\u00f3 80 n\u00f6vend\u00e9kn\u00e9l t\u00f6bbet rendesen nem tan\u00edthat. Rendk\u00edv\u00fcli esetekben az illet\u0151 iskolai fels\u0151s\u00e9g adhat re\u00e1 enged\u00e9lyt.<\/p>\n<\/blockquote>\n\n\n\n<p>A k\u00f6zs\u00e9gi iskol\u00e1k els\u0151fok\u00fa hat\u00f3s\u00e1ga, fenntart\u00f3ja az <strong>iskolasz\u00e9k <\/strong>volt, mely a tan\u00edt\u00f3 kinevez\u00e9s\u00e9t, az iskola fel\u00fcgyelet\u00e9t a tan\u00edt\u00f3 \u00e9s a sz\u00fcl\u0151k k\u00f6z\u00f6tti vit\u00e1s k\u00e9rd\u00e9sek rendez\u00e9s\u00e9t kapta feladat\u00e1ul. <strong>Egy tan\u00edt\u00f3<\/strong>ra oszt\u00e1lyonk\u00e9nt <strong>60 gyermek<\/strong>et sz\u00e1moltak, hab\u00e1r<\/p>\n\n\n\n<p>Kl\u00e9belsberg miniszters\u00e9ge idej\u00e9n (1875-1932) m\u00e1r megfogalmaz\u00f3dott a nyolcoszt\u00e1lyos n\u00e9piskola ig\u00e9nye, melyet majd csak H\u00f3man B\u00e1lint (1932-1942)&nbsp; idej\u00e9ben fognak t\u00f6rv\u00e9nybe iktatni. (1940. \u00e9vi XX. t\u00f6rv\u00e9ny). Ezt megel\u0151z\u0151en m\u00e1r az <strong>1935:<\/strong>VI. t\u00f6rv\u00e9nycikk., amely a tan\u00fcgyi hat\u00f3s\u00e1gokat alak\u00edtotta \u00e1t: <strong>nyolc tanfel\u00fcgyel\u0151s\u00e9gre osztotta az orsz\u00e1got<\/strong>, \u00e9s minden iskol\u00e1t ezeknek rendelt al\u00e1.<\/p>\n\n\n\n<p><strong>Budapest-vid\u00e9ki tanker\u00fcleti kir. f\u0151igazgat\u00f3s\u00e1g.<\/strong> A tanker\u00fclet mag\u00e1ban foglalja Pest-Pilis-Solt Kiskun v\u00e1rmegye, N\u00f3gr\u00e1d v\u00e1rmegye \u00e9s Kecskem\u00e9t t\u00f6rv\u00e9nyhat\u00f3s\u00e1gi jog\u00fa v\u00e1ros ter\u00fclet\u00e9t. Sz\u00e9khelye: Budapest, VI., Munk\u00e1csy Mih\u00e1ly-utca 26. sz.: Kemenes Ill\u00e9s dr. tanker, f\u0151igazgat\u00f3, J\u00e1mbor Gy\u00f6rgy dr. tan\u00fcgyi f\u0151tan\u00e1csos, c. lank^r*. kir. f\u0151igazgat\u00f3, Dezs\u0151 Lip\u00f3t tan\u00fcgyi f\u0151tan\u00e1csos, Leidenfrost Gyula dr. egyet. m. tan\u00e1r, Keleti Gyula dr. tan\u00fcgyi tan\u00e1csos, Luby Margit fels\u0151keresk. isk. c. igazgat\u00f3, Barab\u00e1s Tibor tan\u00edt\u00f3k\u00e9pz\u0151-int\u00e9zeti igazgat\u00f3, tan\u00fcgyi tan\u00e1csos, Marczink\u00f3 Andor gimn. tan\u00e1r, Bolyos Istv\u00e1n polg. isk. igazgat\u00f3, tan\u00fcgyi tan. c., J\u00e1vor Albert polg. isk. tan\u00e1r, Tolnai Istv\u00e1n dr. tan\u00fcgyi seg\u00e9dtitk\u00e1r, Ger\u00e9nyi Jen\u0151 dr., Kiss Istv\u00e1n dr. (sz\u00f3ig, a M. Racionaliz\u00e1l\u00e1si Biz.-ban), Gy\u00f6rgy Oszk\u00e1r dr. tan\u00fcgyi fogalmaz\u00f3k, T\u00f3th Zolt\u00e1nn\u00e9 polg. isk. tan\u00e1r, Horossy J\u00f3zsef irodaf\u0151tiszt, a shiv. igazgat\u00f3ja, Kocsis J\u00f3zsefn\u00e9 dr. polg. isk. tan\u00e1r, Fuhrmann Kamilla dr. gimn. tan\u00e1r, Sebesty\u00e9n S\u00e1ndor oki. gimn. tan\u00e1r, Pap Jol\u00e1n, \u00f6zv. Kov\u00e1cs Ferencn\u00e9, Kosztrabszky Istv\u00e1nn\u00e1 \u00e1ll. el. isk. tan\u00edt\u00f3n\u0151k.<\/p>\n\n\n\n<hr class=\"wp-block-separator has-css-opacity\"\/>\n\n\n\n<p><strong>1945 ut\u00e1n<\/strong> a Vall\u00e1s \u00e9s K\u00f6zoktat\u00e1s\u00fcgyi Miniszt\u00e9rium bevezette a 8 oszt\u00e1lyos \u00e1ltal\u00e1nos iskola \u00e9s a 4 oszt\u00e1lyos gimn\u00e1zium \u00faj rendszer\u00e9t. 1-4 oszt\u00e1lyban oszt\u00e1lytan\u00edt\u00f3s rendszerben, az 5-8 oszt\u00e1lyban szakrendszer\u0171 oktat\u00e1s folyt. A tank\u00f6telezetts\u00e9g 14. \u00e9let\u00e9vig tartott. Az alapfok\u00fa iskola ekkor kapta az \u00e1ltal\u00e1nos iskola nevet.<\/p>\n\n\n\n<p>1946-t\u00f3l az orosz nyelv lett a k\u00f6telez\u0151 .<\/p>\n\n\n\n<p><\/p>\n\n\n\n<p><strong>1948. <\/strong>\u00e9vi 33. t\u00f6rv\u00e9ny alapj\u00e1n a nem \u00e1llami <strong>iskol\u00e1kat \u00e1llamos\u00edtott\u00e1k<\/strong>. Az iskola fenntart\u00f3ja kiz\u00e1r\u00f3lag az \u00e1llam lett. A politikai (Magyar Kommunista P\u00e1rt) c\u00e9lok hat\u00e1rozt\u00e1k meg az oktat\u00e1s, nevel\u00e9s \u00fcgy\u00e9t. <strong>1950-<\/strong>ben <strong>\u00faj marxista- leninista tantervek <\/strong>l\u00e9ptek \u00e9letbe. Az iskol\u00e1kban csak az \u00e1llami kiad\u00e1s\u00fa tank\u00f6nyvb\u0151l lehetett tan\u00edtani.<\/p>\n\n\n\n<p>1950-ben megsz\u0171ntek a tanker\u00fcletek \u00e9s hely\u00fckbe megyei, j\u00e1r\u00e1si, v\u00e1rosi, k\u00f6zs\u00e9gi tan\u00e1csok oktat\u00e1si oszt\u00e1lyai ker\u00fcltek. Az Oktat\u00e1si, M\u0171vel\u0151d\u00e9si Oszt\u00e1lyok munk\u00e1ja az MKP ellen\u0151rz\u00e9se al\u00e1 ker\u00fclt. Az \u00e1ltal\u00e1nos tanulm\u00e1nyi fel\u00fcgyel\u0151k iskola fel\u00fcgyel\u0151k voltak, akik mellett szakfel\u00fcgyel\u0151k m\u0171k\u00f6dtek.<\/p>\n\n\n\n<p>Az <strong>1961.\u00e9vi 3. t\u00f6rv\u00e9ny <\/strong>alapj\u00e1n a tank\u00f6telezetts\u00e9get 16 \u00e9vben hat\u00e1rozt\u00e1k meg. A nyolcoszt\u00e1lyos \u00e1ltal\u00e1nos iskol\u00e1ra \u00e9p\u00fclt a k\u00f6z\u00e9piskola rendszer (gimn\u00e1zium, szakk\u00f6z\u00e9piskola, technikum).<\/p>\n\n\n\n<p><strong>1963<\/strong>. szeptember\u00e9ben <strong>\u00faj \u00e1ltal\u00e1nos iskolai tanterv l\u00e9pett \u00e9letbe<\/strong>.<\/p>\n\n\n\n<p>1978. szeptember meg\u00faj\u00edtott\u00e1k a kor\u00e1bbi tantervet\u201eA nevel\u00e9s \u00e9s oktat\u00e1s terve az \u00e1ltal\u00e1nos iskola sz\u00e1m\u00e1ra\u201dc\u00edmmel.<\/p>\n\n\n\n<p>1982-t\u0151l van heti \u00f6t napos oktat\u00e1s.<\/p>\n\n\n\n<hr class=\"wp-block-separator has-css-opacity\"\/>\n\n\n\n<p><\/p>\n\n\n\n<h2 class=\"wp-block-heading\">1942<\/h2>\n\n\n\n<figure class=\"wp-block-image size-full\"><img loading=\"lazy\" decoding=\"async\" width=\"1037\" height=\"401\" src=\"https:\/\/rakosliget.hu\/wordpress\/wp-content\/uploads\/2025\/03\/Nemzetneveles-1942-24.-evfolyam-1-24.-szam1942-06-01-11.-szam.jpg\" alt=\"\" class=\"wp-image-17308\" srcset=\"https:\/\/rakosliget.hu\/wordpress\/wp-content\/uploads\/2025\/03\/Nemzetneveles-1942-24.-evfolyam-1-24.-szam1942-06-01-11.-szam.jpg 1037w, https:\/\/rakosliget.hu\/wordpress\/wp-content\/uploads\/2025\/03\/Nemzetneveles-1942-24.-evfolyam-1-24.-szam1942-06-01-11.-szam-300x116.jpg 300w, https:\/\/rakosliget.hu\/wordpress\/wp-content\/uploads\/2025\/03\/Nemzetneveles-1942-24.-evfolyam-1-24.-szam1942-06-01-11.-szam-768x297.jpg 768w\" sizes=\"auto, (max-width: 1037px) 100vw, 1037px\" \/><figcaption class=\"wp-element-caption\">Nemzetnevel\u00e9s 1942. 06. 01. 11. sz\u00e1m<\/figcaption><\/figure>\n\n\n\n<p><a href=\"#M\">Vall\u00e1s \u00e9s K\u00f6zoktat\u00e1s\u00fcgyi miniszterek 1868 &#8211; 1945<\/a> &#8211; <a href=\"#K\">K\u00c9PT\u00c1R<\/a><\/p>\n\n\n\n<p><\/p>\n","protected":false},"excerpt":{"rendered":"<p>Az oldal friss\u00edtve: 2026. 01. 18. Iskol\u00e1k R\u00e1kosligeten: A XIX. sz\u00e1zad v\u00e9ge &#8211; XX. sz\u00e1zad&nbsp; iskolarendszere. A \u201emonopoliz\u00e1lt \u00e1llami k\u00f6zoktat\u00e1s t\u00e1vol \u00e1ll a szabads\u00e1g eszm\u00e9j\u00e9t\u0151l\u201d E\u00f6tv\u00f6s J\u00f3zsef E\u00f6tv\u00f6s J\u00f3zsef&nbsp; az 1867-es kiegyez\u00e9s ut\u00e1n lett a Vall\u00e1s \u00e9s K\u00f6zoktat\u00e1s\u00fcgyi Miniszter. A k\u00f6zoktat\u00e1si reform sz\u00fcks\u00e9gess\u00e9g\u00e9t \u00e9rezve kezdett hozz\u00e1 miniszteri munk\u00e1j\u00e1hoz. K\u00f6zs\u00e9gi iskol\u00e1k l\u00e9tes\u00edt\u00e9s\u00e9t csak ott rendelte el &hellip; <a href=\"https:\/\/rakosliget.hu\/wordpress\/index.php\/iskola-es-ovoda\/\" class=\"more-link\"><span class=\"screen-reader-text\">ISKOLA, \u00d3VODA, N\u00c9PM\u0170VEL\u00c9S<\/span> r\u00e9szletei&#8230;<\/a><\/p>\n","protected":false},"author":1,"featured_media":0,"parent":0,"menu_order":0,"comment_status":"closed","ping_status":"closed","template":"","meta":{"footnotes":""},"class_list":["post-3116","page","type-page","status-publish","hentry"],"_links":{"self":[{"href":"https:\/\/rakosliget.hu\/wordpress\/index.php\/wp-json\/wp\/v2\/pages\/3116","targetHints":{"allow":["GET"]}}],"collection":[{"href":"https:\/\/rakosliget.hu\/wordpress\/index.php\/wp-json\/wp\/v2\/pages"}],"about":[{"href":"https:\/\/rakosliget.hu\/wordpress\/index.php\/wp-json\/wp\/v2\/types\/page"}],"author":[{"embeddable":true,"href":"https:\/\/rakosliget.hu\/wordpress\/index.php\/wp-json\/wp\/v2\/users\/1"}],"replies":[{"embeddable":true,"href":"https:\/\/rakosliget.hu\/wordpress\/index.php\/wp-json\/wp\/v2\/comments?post=3116"}],"version-history":[{"count":47,"href":"https:\/\/rakosliget.hu\/wordpress\/index.php\/wp-json\/wp\/v2\/pages\/3116\/revisions"}],"predecessor-version":[{"id":21889,"href":"https:\/\/rakosliget.hu\/wordpress\/index.php\/wp-json\/wp\/v2\/pages\/3116\/revisions\/21889"}],"wp:attachment":[{"href":"https:\/\/rakosliget.hu\/wordpress\/index.php\/wp-json\/wp\/v2\/media?parent=3116"}],"curies":[{"name":"wp","href":"https:\/\/api.w.org\/{rel}","templated":true}]}}