{"id":3061,"date":"2019-12-11T16:04:41","date_gmt":"2019-12-11T15:04:41","guid":{"rendered":"http:\/\/rakosliget.hu\/wordpress\/?page_id=3061"},"modified":"2026-02-07T10:12:08","modified_gmt":"2026-02-07T09:12:08","slug":"polgari-es-elemi-iskola-kepei","status":"publish","type":"page","link":"https:\/\/rakosliget.hu\/wordpress\/index.php\/polgari-es-elemi-iskola-kepei\/","title":{"rendered":"Polg\u00e1ri \u00e9s elemi iskola k\u00e9pei"},"content":{"rendered":"\n<div class=\"wp-block-buttons is-content-justification-center is-layout-flex wp-container-core-buttons-is-layout-16018d1d wp-block-buttons-is-layout-flex\">\n<div class=\"wp-block-button\"><a class=\"wp-block-button__link wp-element-button\" href=\"https:\/\/rakosliget.hu\/wordpress\/index.php\/iskola-es-ovoda\/\">vissza az iskola, \u00f3voda lapra<\/a><\/div>\n<\/div>\n\n\n\n<p><\/p>\n\n\n\n<figure class=\"wp-block-gallery has-nested-images columns-default is-cropped wp-block-gallery-1 is-layout-flex wp-block-gallery-is-layout-flex\">\n<figure class=\"wp-block-image size-large\"><img loading=\"lazy\" decoding=\"async\" width=\"800\" height=\"518\" data-id=\"1766\" src=\"https:\/\/rakosliget.hu\/wordpress\/wp-content\/uploads\/2018\/10\/leanyisk800.jpg\" alt=\"\" class=\"wp-image-1766\" srcset=\"https:\/\/rakosliget.hu\/wordpress\/wp-content\/uploads\/2018\/10\/leanyisk800.jpg 800w, https:\/\/rakosliget.hu\/wordpress\/wp-content\/uploads\/2018\/10\/leanyisk800-300x194.jpg 300w, https:\/\/rakosliget.hu\/wordpress\/wp-content\/uploads\/2018\/10\/leanyisk800-768x497.jpg 768w\" sizes=\"auto, (max-width: 800px) 100vw, 800px\" \/><figcaption class=\"wp-element-caption\">A polg\u00e1ri iskola \u00e9p\u00fclete VIII. utca<\/figcaption><\/figure>\n\n\n\n<figure class=\"wp-block-image size-large\"><img loading=\"lazy\" decoding=\"async\" width=\"487\" height=\"312\" data-id=\"1760\" src=\"https:\/\/rakosliget.hu\/wordpress\/wp-content\/uploads\/2018\/10\/iskola.jpg\" alt=\"\" class=\"wp-image-1760\" srcset=\"https:\/\/rakosliget.hu\/wordpress\/wp-content\/uploads\/2018\/10\/iskola.jpg 487w, https:\/\/rakosliget.hu\/wordpress\/wp-content\/uploads\/2018\/10\/iskola-300x192.jpg 300w\" sizes=\"auto, (max-width: 487px) 100vw, 487px\" \/><\/figure>\n\n\n\n<figure class=\"wp-block-image size-large\"><img loading=\"lazy\" decoding=\"async\" width=\"750\" height=\"498\" data-id=\"1761\" src=\"https:\/\/rakosliget.hu\/wordpress\/wp-content\/uploads\/2018\/10\/iskola_1.jpg\" alt=\"\" class=\"wp-image-1761\" srcset=\"https:\/\/rakosliget.hu\/wordpress\/wp-content\/uploads\/2018\/10\/iskola_1.jpg 750w, https:\/\/rakosliget.hu\/wordpress\/wp-content\/uploads\/2018\/10\/iskola_1-300x199.jpg 300w, https:\/\/rakosliget.hu\/wordpress\/wp-content\/uploads\/2018\/10\/iskola_1-272x182.jpg 272w\" sizes=\"auto, (max-width: 750px) 100vw, 750px\" \/><figcaption class=\"wp-element-caption\">Az elemi iskola k\u00e9pes <br>levelez\u0151lapon<\/figcaption><\/figure>\n\n\n\n<figure class=\"wp-block-image size-large\"><img loading=\"lazy\" decoding=\"async\" width=\"480\" height=\"345\" data-id=\"1762\" src=\"https:\/\/rakosliget.hu\/wordpress\/wp-content\/uploads\/2018\/10\/iskola1.jpg\" alt=\"\" class=\"wp-image-1762\" srcset=\"https:\/\/rakosliget.hu\/wordpress\/wp-content\/uploads\/2018\/10\/iskola1.jpg 480w, https:\/\/rakosliget.hu\/wordpress\/wp-content\/uploads\/2018\/10\/iskola1-300x216.jpg 300w\" sizes=\"auto, (max-width: 480px) 100vw, 480px\" \/><figcaption class=\"wp-element-caption\">Az elemi iskola k\u00e9pes levelez\u0151lapon<\/figcaption><\/figure>\n\n\n\n<figure class=\"wp-block-image size-large\"><img loading=\"lazy\" decoding=\"async\" width=\"579\" height=\"370\" data-id=\"1763\" src=\"https:\/\/rakosliget.hu\/wordpress\/wp-content\/uploads\/2018\/10\/iskola2.jpg\" alt=\"\" class=\"wp-image-1763\" srcset=\"https:\/\/rakosliget.hu\/wordpress\/wp-content\/uploads\/2018\/10\/iskola2.jpg 579w, https:\/\/rakosliget.hu\/wordpress\/wp-content\/uploads\/2018\/10\/iskola2-300x192.jpg 300w\" sizes=\"auto, (max-width: 579px) 100vw, 579px\" \/><figcaption class=\"wp-element-caption\">Az elemi iskola k\u00e9pes levelez\u0151lapon<\/figcaption><\/figure>\n\n\n\n<figure class=\"wp-block-image size-large\"><img loading=\"lazy\" decoding=\"async\" width=\"686\" height=\"500\" data-id=\"1764\" src=\"https:\/\/rakosliget.hu\/wordpress\/wp-content\/uploads\/2018\/10\/iskolaterv.jpg\" alt=\"\" class=\"wp-image-1764\" srcset=\"https:\/\/rakosliget.hu\/wordpress\/wp-content\/uploads\/2018\/10\/iskolaterv.jpg 686w, https:\/\/rakosliget.hu\/wordpress\/wp-content\/uploads\/2018\/10\/iskolaterv-300x219.jpg 300w\" sizes=\"auto, (max-width: 686px) 100vw, 686px\" \/><figcaption class=\"wp-element-caption\">Iskolaterv Repold K\u00e1roly<\/figcaption><\/figure>\n\n\n\n<figure class=\"wp-block-image size-large\"><img loading=\"lazy\" decoding=\"async\" width=\"600\" height=\"506\" data-id=\"1751\" src=\"https:\/\/rakosliget.hu\/wordpress\/wp-content\/uploads\/2018\/10\/bizonyitvany_4.jpg\" alt=\"\" class=\"wp-image-1751\" srcset=\"https:\/\/rakosliget.hu\/wordpress\/wp-content\/uploads\/2018\/10\/bizonyitvany_4.jpg 600w, https:\/\/rakosliget.hu\/wordpress\/wp-content\/uploads\/2018\/10\/bizonyitvany_4-300x253.jpg 300w\" sizes=\"auto, (max-width: 600px) 100vw, 600px\" \/><figcaption class=\"wp-element-caption\">Bizony\u00edtv\u00e1ny<\/figcaption><\/figure>\n\n\n\n<figure class=\"wp-block-image size-large\"><img loading=\"lazy\" decoding=\"async\" width=\"600\" height=\"519\" data-id=\"1750\" src=\"https:\/\/rakosliget.hu\/wordpress\/wp-content\/uploads\/2018\/10\/bizonyitvany_3.jpg\" alt=\"\" class=\"wp-image-1750\" srcset=\"https:\/\/rakosliget.hu\/wordpress\/wp-content\/uploads\/2018\/10\/bizonyitvany_3.jpg 600w, https:\/\/rakosliget.hu\/wordpress\/wp-content\/uploads\/2018\/10\/bizonyitvany_3-300x260.jpg 300w\" sizes=\"auto, (max-width: 600px) 100vw, 600px\" \/><\/figure>\n\n\n\n<figure class=\"wp-block-image size-large\"><img loading=\"lazy\" decoding=\"async\" width=\"600\" height=\"498\" data-id=\"1749\" src=\"https:\/\/rakosliget.hu\/wordpress\/wp-content\/uploads\/2018\/10\/bizonyitvany_2_.jpg\" alt=\"\" class=\"wp-image-1749\" srcset=\"https:\/\/rakosliget.hu\/wordpress\/wp-content\/uploads\/2018\/10\/bizonyitvany_2_.jpg 600w, https:\/\/rakosliget.hu\/wordpress\/wp-content\/uploads\/2018\/10\/bizonyitvany_2_-300x249.jpg 300w\" sizes=\"auto, (max-width: 600px) 100vw, 600px\" \/><\/figure>\n\n\n\n<figure class=\"wp-block-image size-large\"><img loading=\"lazy\" decoding=\"async\" width=\"600\" height=\"527\" data-id=\"1748\" src=\"https:\/\/rakosliget.hu\/wordpress\/wp-content\/uploads\/2018\/10\/bizonyitvany_1_.jpg\" alt=\"\" class=\"wp-image-1748\" srcset=\"https:\/\/rakosliget.hu\/wordpress\/wp-content\/uploads\/2018\/10\/bizonyitvany_1_.jpg 600w, https:\/\/rakosliget.hu\/wordpress\/wp-content\/uploads\/2018\/10\/bizonyitvany_1_-300x264.jpg 300w\" sizes=\"auto, (max-width: 600px) 100vw, 600px\" \/><\/figure>\n\n\n\n<figure class=\"wp-block-image size-large\"><img loading=\"lazy\" decoding=\"async\" width=\"1323\" height=\"2050\" data-id=\"22901\" src=\"https:\/\/rakosliget.hu\/wordpress\/wp-content\/uploads\/2026\/02\/22.jpg\" alt=\"\" class=\"wp-image-22901\" srcset=\"https:\/\/rakosliget.hu\/wordpress\/wp-content\/uploads\/2026\/02\/22.jpg 1323w, https:\/\/rakosliget.hu\/wordpress\/wp-content\/uploads\/2026\/02\/22-194x300.jpg 194w, https:\/\/rakosliget.hu\/wordpress\/wp-content\/uploads\/2026\/02\/22-768x1190.jpg 768w, https:\/\/rakosliget.hu\/wordpress\/wp-content\/uploads\/2026\/02\/22-991x1536.jpg 991w, https:\/\/rakosliget.hu\/wordpress\/wp-content\/uploads\/2026\/02\/22-1322x2048.jpg 1322w\" sizes=\"auto, (max-width: 1323px) 100vw, 1323px\" \/><\/figure>\n\n\n\n<figure class=\"wp-block-image size-full\"><img loading=\"lazy\" decoding=\"async\" width=\"1649\" height=\"2560\" data-id=\"22900\" src=\"https:\/\/rakosliget.hu\/wordpress\/wp-content\/uploads\/2026\/02\/21-scaled.jpg\" alt=\"\" class=\"wp-image-22900\" srcset=\"https:\/\/rakosliget.hu\/wordpress\/wp-content\/uploads\/2026\/02\/21-scaled.jpg 1649w, https:\/\/rakosliget.hu\/wordpress\/wp-content\/uploads\/2026\/02\/21-193x300.jpg 193w, https:\/\/rakosliget.hu\/wordpress\/wp-content\/uploads\/2026\/02\/21-768x1192.jpg 768w, https:\/\/rakosliget.hu\/wordpress\/wp-content\/uploads\/2026\/02\/21-990x1536.jpg 990w, https:\/\/rakosliget.hu\/wordpress\/wp-content\/uploads\/2026\/02\/21-1319x2048.jpg 1319w\" sizes=\"auto, (max-width: 1649px) 100vw, 1649px\" \/><\/figure>\n\n\n\n<figure class=\"wp-block-image size-large\"><img loading=\"lazy\" decoding=\"async\" width=\"121\" height=\"159\" data-id=\"1767\" src=\"https:\/\/rakosliget.hu\/wordpress\/wp-content\/uploads\/2018\/10\/nagybela-tanar.jpg\" alt=\"\" class=\"wp-image-1767\"\/><figcaption class=\"wp-element-caption\">Nagy B\u00e9la tan\u00e1r<\/figcaption><\/figure>\n\n\n\n<figure class=\"wp-block-image size-large\"><img loading=\"lazy\" decoding=\"async\" width=\"600\" height=\"397\" data-id=\"1773\" src=\"https:\/\/rakosliget.hu\/wordpress\/wp-content\/uploads\/2018\/10\/osztalyfiu.jpg\" alt=\"\" class=\"wp-image-1773\" srcset=\"https:\/\/rakosliget.hu\/wordpress\/wp-content\/uploads\/2018\/10\/osztalyfiu.jpg 600w, https:\/\/rakosliget.hu\/wordpress\/wp-content\/uploads\/2018\/10\/osztalyfiu-300x199.jpg 300w\" sizes=\"auto, (max-width: 600px) 100vw, 600px\" \/><figcaption class=\"wp-element-caption\">K\u00f6z\u00e9pen Apagyi Andor igazgat\u00f3<\/figcaption><\/figure>\n\n\n\n<figure class=\"wp-block-image size-large\"><img loading=\"lazy\" decoding=\"async\" width=\"600\" height=\"477\" data-id=\"1779\" src=\"https:\/\/rakosliget.hu\/wordpress\/wp-content\/uploads\/2018\/10\/tantestulet.jpg\" alt=\"\" class=\"wp-image-1779\" srcset=\"https:\/\/rakosliget.hu\/wordpress\/wp-content\/uploads\/2018\/10\/tantestulet.jpg 600w, https:\/\/rakosliget.hu\/wordpress\/wp-content\/uploads\/2018\/10\/tantestulet-300x239.jpg 300w\" sizes=\"auto, (max-width: 600px) 100vw, 600px\" \/><figcaption class=\"wp-element-caption\">Tantest\u00fclet. Als\u00f3 sor balr\u00f3l a harmadik Apagyi Andor igazgat\u00f3<\/figcaption><\/figure>\n\n\n\n<figure class=\"wp-block-image size-large\"><img loading=\"lazy\" decoding=\"async\" width=\"600\" height=\"428\" data-id=\"1778\" src=\"https:\/\/rakosliget.hu\/wordpress\/wp-content\/uploads\/2018\/10\/tablo_1912.jpg\" alt=\"\" class=\"wp-image-1778\" srcset=\"https:\/\/rakosliget.hu\/wordpress\/wp-content\/uploads\/2018\/10\/tablo_1912.jpg 600w, https:\/\/rakosliget.hu\/wordpress\/wp-content\/uploads\/2018\/10\/tablo_1912-300x214.jpg 300w\" sizes=\"auto, (max-width: 600px) 100vw, 600px\" \/><figcaption class=\"wp-element-caption\">Polg\u00e1ri le\u00e1nyiskola tabl\u00f3ja 1912-b\u0151l<\/figcaption><\/figure>\n\n\n\n<figure class=\"wp-block-image size-large\"><img loading=\"lazy\" decoding=\"async\" width=\"600\" height=\"433\" data-id=\"1774\" src=\"https:\/\/rakosliget.hu\/wordpress\/wp-content\/uploads\/2018\/10\/osztalygimn.jpg\" alt=\"\" class=\"wp-image-1774\" srcset=\"https:\/\/rakosliget.hu\/wordpress\/wp-content\/uploads\/2018\/10\/osztalygimn.jpg 600w, https:\/\/rakosliget.hu\/wordpress\/wp-content\/uploads\/2018\/10\/osztalygimn-300x217.jpg 300w\" sizes=\"auto, (max-width: 600px) 100vw, 600px\" \/><figcaption class=\"wp-element-caption\">A Nagy Lajos gimn\u00e1zim III_IV. oszt\u00e1lya 1921_1922 tan\u00e9v<\/figcaption><\/figure>\n\n\n\n<figure class=\"wp-block-image size-large\"><img loading=\"lazy\" decoding=\"async\" width=\"600\" height=\"433\" data-id=\"1774\" src=\"https:\/\/rakosliget.hu\/wordpress\/wp-content\/uploads\/2018\/10\/osztalygimn.jpg\" alt=\"\" class=\"wp-image-1774\" srcset=\"https:\/\/rakosliget.hu\/wordpress\/wp-content\/uploads\/2018\/10\/osztalygimn.jpg 600w, https:\/\/rakosliget.hu\/wordpress\/wp-content\/uploads\/2018\/10\/osztalygimn-300x217.jpg 300w\" sizes=\"auto, (max-width: 600px) 100vw, 600px\" \/><\/figure>\n\n\n\n<figure class=\"wp-block-image size-large\"><img loading=\"lazy\" decoding=\"async\" width=\"600\" height=\"393\" data-id=\"1776\" src=\"https:\/\/rakosliget.hu\/wordpress\/wp-content\/uploads\/2018\/10\/osztalykep2.jpg\" alt=\"\" class=\"wp-image-1776\" srcset=\"https:\/\/rakosliget.hu\/wordpress\/wp-content\/uploads\/2018\/10\/osztalykep2.jpg 600w, https:\/\/rakosliget.hu\/wordpress\/wp-content\/uploads\/2018\/10\/osztalykep2-300x197.jpg 300w\" sizes=\"auto, (max-width: 600px) 100vw, 600px\" \/><\/figure>\n\n\n\n<figure class=\"wp-block-image size-large\"><img loading=\"lazy\" decoding=\"async\" width=\"1024\" height=\"642\" data-id=\"12293\" src=\"https:\/\/rakosliget.hu\/wordpress\/wp-content\/uploads\/2024\/02\/IMG_1024.bmp\" alt=\"\" class=\"wp-image-12293\" srcset=\"https:\/\/rakosliget.hu\/wordpress\/wp-content\/uploads\/2024\/02\/IMG_1024.bmp 1024w, https:\/\/rakosliget.hu\/wordpress\/wp-content\/uploads\/2024\/02\/IMG_1024-300x188.jpg 300w, https:\/\/rakosliget.hu\/wordpress\/wp-content\/uploads\/2024\/02\/IMG_1024-768x482.jpg 768w\" sizes=\"auto, (max-width: 1024px) 100vw, 1024px\" \/><figcaption class=\"wp-element-caption\">Oszt\u00e1lyk\u00e9p 1929_1930<\/figcaption><\/figure>\n\n\n\n<figure class=\"wp-block-image size-large\"><img loading=\"lazy\" decoding=\"async\" width=\"700\" height=\"978\" data-id=\"12334\" src=\"https:\/\/rakosliget.hu\/wordpress\/wp-content\/uploads\/2024\/02\/kep_700.jpg\" alt=\"\" class=\"wp-image-12334\" srcset=\"https:\/\/rakosliget.hu\/wordpress\/wp-content\/uploads\/2024\/02\/kep_700.jpg 700w, https:\/\/rakosliget.hu\/wordpress\/wp-content\/uploads\/2024\/02\/kep_700-215x300.jpg 215w\" sizes=\"auto, (max-width: 700px) 100vw, 700px\" \/><figcaption class=\"wp-element-caption\"><strong>1913 sziniel\u0151ad\u00e1s. Forr\u00e1s: Kov\u00e1cs S\u00e1ndor<\/strong><\/figcaption><\/figure>\n<\/figure>\n\n\n\n<p><\/p>\n","protected":false},"excerpt":{"rendered":"","protected":false},"author":1,"featured_media":0,"parent":0,"menu_order":0,"comment_status":"closed","ping_status":"closed","template":"","meta":{"footnotes":""},"class_list":["post-3061","page","type-page","status-publish","hentry"],"_links":{"self":[{"href":"https:\/\/rakosliget.hu\/wordpress\/index.php\/wp-json\/wp\/v2\/pages\/3061","targetHints":{"allow":["GET"]}}],"collection":[{"href":"https:\/\/rakosliget.hu\/wordpress\/index.php\/wp-json\/wp\/v2\/pages"}],"about":[{"href":"https:\/\/rakosliget.hu\/wordpress\/index.php\/wp-json\/wp\/v2\/types\/page"}],"author":[{"embeddable":true,"href":"https:\/\/rakosliget.hu\/wordpress\/index.php\/wp-json\/wp\/v2\/users\/1"}],"replies":[{"embeddable":true,"href":"https:\/\/rakosliget.hu\/wordpress\/index.php\/wp-json\/wp\/v2\/comments?post=3061"}],"version-history":[{"count":12,"href":"https:\/\/rakosliget.hu\/wordpress\/index.php\/wp-json\/wp\/v2\/pages\/3061\/revisions"}],"predecessor-version":[{"id":22902,"href":"https:\/\/rakosliget.hu\/wordpress\/index.php\/wp-json\/wp\/v2\/pages\/3061\/revisions\/22902"}],"wp:attachment":[{"href":"https:\/\/rakosliget.hu\/wordpress\/index.php\/wp-json\/wp\/v2\/media?parent=3061"}],"curies":[{"name":"wp","href":"https:\/\/api.w.org\/{rel}","templated":true}]}}