{"id":2785,"date":"2019-11-07T12:56:03","date_gmt":"2019-11-07T11:56:03","guid":{"rendered":"http:\/\/rakosliget.hu\/wordpress\/?page_id=2785"},"modified":"2026-03-27T03:38:29","modified_gmt":"2026-03-27T02:38:29","slug":"temeto-rakosliget","status":"publish","type":"page","link":"https:\/\/rakosliget.hu\/wordpress\/index.php\/temeto-rakosliget\/","title":{"rendered":"TEMET\u0150 R\u00c1KOSLIGET"},"content":{"rendered":"\n<p>Friss\u00edtve: 2026. 01. 18.<\/p>\n\n\n\n\t<!-- CSS Part Start From Here-->\n\t<style>\n\t\t.all-images {\n\t\t\tpadding-top: 10px !important;\n\t\t\tpadding-bottom: 15px !important;\n\t\t}\n\n\t\t#image_gallery_1728 .thumbnail {\n\t\t\twidth: 100% !important;\n\t\t\theight: auto !important;\n\t\t\tborder-radius: 0px;\n\t\t\t\/*background: transparent url('https:\/\/rakosliget.hu\/wordpress\/wp-content\/plugins\/new-image-gallery\/include\/assets\/img\/loading.gif') center no-repeat !important;*\/\n\t\t\tmargin-bottom: 20px !important;\n\t\t}\n\n\t\t\t\t.item-title {\n\t\t\tbackground-color: rgba(0, 0, 0, 0.5);\n\t\t\tbottom: 45px;\n\t\t\tcolor: #FFFFFF;\n\t\t\tdisplay: block;\n\t\t\tfont-weight: 300;\n\t\t\tleft: 2rem;\n\t\t\tpadding: 8px;\n\t\t\tposition: absolute;\n\t\t\tright: 2rem;\n\t\t\ttext-align: center;\n\t\t\ttext-transform: capitalize;\n\t\t}\n\n\t\t\t<\/style>\n\t<div id=\"image_gallery_1728\" class=\"row all-images-1728\">\n\t\t\t\t\t\t<div class=\"single-image-1728 col-lg-3 col-md-3 col-sm-4 col-12\">\n\t\t\t\t\t<a href=\"https:\/\/rakosliget.hu\/wordpress\/wp-content\/uploads\/2018\/10\/temeto_2.jpg\" data-lightbox=\"lightbox-1728\" data-gallery=\"gallery-1728\" data-title=\"Temet\u0151i s\u00edrok. Forr\u00e1s: Liget-Szab\u00f3 L\u00e1szl\u00f3 tulajdona\">\n\t\t\t\t\t\t<img decoding=\"async\" class=\"thumbnail hvr-float-shadow\" src=\"https:\/\/rakosliget.hu\/wordpress\/wp-content\/uploads\/2018\/10\/temeto_2-150x150.jpg\" alt=\"Temet\u0151i s\u00edrok. Forr\u00e1s: Liget-Szab\u00f3 L\u00e1szl\u00f3 tulajdona\">\n\t\t\t\t\t\t\t\t\t\t\t<\/a>\n\t\t\t\t<\/div>\n\t\t\t\t\t\t<div class=\"single-image-1728 col-lg-3 col-md-3 col-sm-4 col-12\">\n\t\t\t\t\t<a href=\"https:\/\/rakosliget.hu\/wordpress\/wp-content\/uploads\/2018\/10\/temeto-sirok_1.jpg\" data-lightbox=\"lightbox-1728\" data-gallery=\"gallery-1728\" data-title=\"Temet\u0151i s\u00edrok. Forr\u00e1s: Liget-Szab\u00f3 L\u00e1szl\u00f3 tulajdona\">\n\t\t\t\t\t\t<img decoding=\"async\" class=\"thumbnail hvr-float-shadow\" src=\"https:\/\/rakosliget.hu\/wordpress\/wp-content\/uploads\/2018\/10\/temeto-sirok_1-150x150.jpg\" alt=\"Temet\u0151i s\u00edrok. Forr\u00e1s: Liget-Szab\u00f3 L\u00e1szl\u00f3 tulajdona\">\n\t\t\t\t\t\t\t\t\t\t\t<\/a>\n\t\t\t\t<\/div>\n\t\t\t\t\t\t<div class=\"single-image-1728 col-lg-3 col-md-3 col-sm-4 col-12\">\n\t\t\t\t\t<a href=\"https:\/\/rakosliget.hu\/wordpress\/wp-content\/uploads\/2018\/10\/temeto-sirok_2.jpg\" data-lightbox=\"lightbox-1728\" data-gallery=\"gallery-1728\" data-title=\"Temet\u0151i s\u00edrok. Forr\u00e1s Liget-Szab\u00f3 L\u00e1szl\u00f3 tulajdona\">\n\t\t\t\t\t\t<img decoding=\"async\" class=\"thumbnail hvr-float-shadow\" src=\"https:\/\/rakosliget.hu\/wordpress\/wp-content\/uploads\/2018\/10\/temeto-sirok_2-150x150.jpg\" alt=\"Temet\u0151i s\u00edrok. Forr\u00e1s Liget-Szab\u00f3 L\u00e1szl\u00f3 tulajdona\">\n\t\t\t\t\t\t\t\t\t\t\t<\/a>\n\t\t\t\t<\/div>\n\t\t\t\t\t\t<div class=\"single-image-1728 col-lg-3 col-md-3 col-sm-4 col-12\">\n\t\t\t\t\t<a href=\"https:\/\/rakosliget.hu\/wordpress\/wp-content\/uploads\/2018\/10\/temeto-haranglab.jpg\" data-lightbox=\"lightbox-1728\" data-gallery=\"gallery-1728\" data-title=\"A temet\u0151 harangl\u00e1bja. Forr\u00e1s: Liget-Szab\u00f3 L\u00e1szl\u00f3 tulajdona\">\n\t\t\t\t\t\t<img decoding=\"async\" class=\"thumbnail hvr-float-shadow\" src=\"https:\/\/rakosliget.hu\/wordpress\/wp-content\/uploads\/2018\/10\/temeto-haranglab-150x150.jpg\" alt=\"A temet\u0151 harangl\u00e1bja. Forr\u00e1s: Liget-Szab\u00f3 L\u00e1szl\u00f3 tulajdona\">\n\t\t\t\t\t\t\t\t\t\t\t<\/a>\n\t\t\t\t<\/div>\n\t\t\t\t\t\t<div class=\"single-image-1728 col-lg-3 col-md-3 col-sm-4 col-12\">\n\t\t\t\t\t<a href=\"https:\/\/rakosliget.hu\/wordpress\/wp-content\/uploads\/2018\/10\/rliget-temeto800.jpg\" data-lightbox=\"lightbox-1728\" data-gallery=\"gallery-1728\" data-title=\"Kereszt a r\u00e9gi temet\u0151 hely\u00e9n\">\n\t\t\t\t\t\t<img decoding=\"async\" class=\"thumbnail hvr-float-shadow\" src=\"https:\/\/rakosliget.hu\/wordpress\/wp-content\/uploads\/2018\/10\/rliget-temeto800-150x150.jpg\" alt=\"Kereszt a r\u00e9gi temet\u0151 hely\u00e9n\">\n\t\t\t\t\t\t\t\t\t\t\t<\/a>\n\t\t\t\t<\/div>\n\t\t\t\t\t\t<div class=\"single-image-1728 col-lg-3 col-md-3 col-sm-4 col-12\">\n\t\t\t\t\t<a href=\"https:\/\/rakosliget.hu\/wordpress\/wp-content\/uploads\/2018\/10\/rliget-temeto800_1.jpg\" data-lightbox=\"lightbox-1728\" data-gallery=\"gallery-1728\" data-title=\"Anan\u00e1sz utca. A k\u00e9p jobb oldal\u00e1n volt a r\u00e9gi halottash\u00e1z\">\n\t\t\t\t\t\t<img decoding=\"async\" class=\"thumbnail hvr-float-shadow\" src=\"https:\/\/rakosliget.hu\/wordpress\/wp-content\/uploads\/2018\/10\/rliget-temeto800_1-150x150.jpg\" alt=\"Anan\u00e1sz utca. A k\u00e9p jobb oldal\u00e1n volt a r\u00e9gi halottash\u00e1z\">\n\t\t\t\t\t\t\t\t\t\t\t<\/a>\n\t\t\t\t<\/div>\n\t\t\t\t\t\t<div class=\"single-image-1728 col-lg-3 col-md-3 col-sm-4 col-12\">\n\t\t\t\t\t<a href=\"https:\/\/rakosliget.hu\/wordpress\/wp-content\/uploads\/2018\/10\/rliget-temeto800_2.jpg\" data-lightbox=\"lightbox-1728\" data-gallery=\"gallery-1728\" data-title=\"A r\u00e9gi bej\u00e1rat 2005-ben\">\n\t\t\t\t\t\t<img decoding=\"async\" class=\"thumbnail hvr-float-shadow\" src=\"https:\/\/rakosliget.hu\/wordpress\/wp-content\/uploads\/2018\/10\/rliget-temeto800_2-150x150.jpg\" alt=\"A r\u00e9gi bej\u00e1rat 2005-ben\">\n\t\t\t\t\t\t\t\t\t\t\t<\/a>\n\t\t\t\t<\/div>\n\t\t\t\t\t\t<div class=\"single-image-1728 col-lg-3 col-md-3 col-sm-4 col-12\">\n\t\t\t\t\t<a href=\"https:\/\/rakosliget.hu\/wordpress\/wp-content\/uploads\/2018\/10\/kalvaria-keszul.jpg\" data-lightbox=\"lightbox-1728\" data-gallery=\"gallery-1728\" data-title=\"K\u00e9sz\u00fcl a k\u00e1lv\u00e1ria\">\n\t\t\t\t\t\t<img decoding=\"async\" class=\"thumbnail hvr-float-shadow\" src=\"https:\/\/rakosliget.hu\/wordpress\/wp-content\/uploads\/2018\/10\/kalvaria-keszul-150x150.jpg\" alt=\"K\u00e9sz\u00fcl a k\u00e1lv\u00e1ria\">\n\t\t\t\t\t\t\t\t\t\t\t<\/a>\n\t\t\t\t<\/div>\n\t\t\t\t\t\t<div class=\"single-image-1728 col-lg-3 col-md-3 col-sm-4 col-12\">\n\t\t\t\t\t<a href=\"https:\/\/rakosliget.hu\/wordpress\/wp-content\/uploads\/2018\/10\/Rakosliget-regi-temeto-1.jpg\" data-lightbox=\"lightbox-1728\" data-gallery=\"gallery-1728\" data-title=\"A temet\u0151 hely\u00e9n \u00e1ll\u00f3 park\">\n\t\t\t\t\t\t<img decoding=\"async\" class=\"thumbnail hvr-float-shadow\" src=\"https:\/\/rakosliget.hu\/wordpress\/wp-content\/uploads\/2018\/10\/Rakosliget-regi-temeto-1-150x150.jpg\" alt=\"A temet\u0151 hely\u00e9n \u00e1ll\u00f3 park\">\n\t\t\t\t\t\t\t\t\t\t\t<\/a>\n\t\t\t\t<\/div>\n\t\t\t\t\t\t<div class=\"single-image-1728 col-lg-3 col-md-3 col-sm-4 col-12\">\n\t\t\t\t\t<a href=\"https:\/\/rakosliget.hu\/wordpress\/wp-content\/uploads\/2018\/10\/temeto.jpg\" data-lightbox=\"lightbox-1728\" data-gallery=\"gallery-1728\" data-title=\"N\u00e9h\u00e1ny s\u00edrhely helye a temet\u0151ben\">\n\t\t\t\t\t\t<img decoding=\"async\" class=\"thumbnail hvr-float-shadow\" src=\"https:\/\/rakosliget.hu\/wordpress\/wp-content\/uploads\/2018\/10\/temeto-150x150.jpg\" alt=\"N\u00e9h\u00e1ny s\u00edrhely helye a temet\u0151ben\">\n\t\t\t\t\t\t\t\t\t\t\t<\/a>\n\t\t\t\t<\/div>\n\t\t\t\t\t\t<div class=\"single-image-1728 col-lg-3 col-md-3 col-sm-4 col-12\">\n\t\t\t\t\t<a href=\"https:\/\/rakosliget.hu\/wordpress\/wp-content\/uploads\/2018\/10\/roman_900.jpg\" data-lightbox=\"lightbox-1728\" data-gallery=\"gallery-1728\" data-title=\"\u00dcnneps\u00e9g a rom\u00e1n s\u00edrokn\u00e1l (60-as \u00e9vek v\u00e9ge) A temet\u0151 felsz\u00e1mol\u00e1sa m\u00e9g nem t\u00f6rt\u00e9nt meg\">\n\t\t\t\t\t\t<img decoding=\"async\" class=\"thumbnail hvr-float-shadow\" src=\"https:\/\/rakosliget.hu\/wordpress\/wp-content\/uploads\/2018\/10\/roman_900-150x150.jpg\" alt=\"\u00dcnneps\u00e9g a rom\u00e1n s\u00edrokn\u00e1l (60-as \u00e9vek v\u00e9ge) A temet\u0151 felsz\u00e1mol\u00e1sa m\u00e9g nem t\u00f6rt\u00e9nt meg\">\n\t\t\t\t\t\t\t\t\t\t\t<\/a>\n\t\t\t\t<\/div>\n\t\t\t\t\t\t<div class=\"single-image-1728 col-lg-3 col-md-3 col-sm-4 col-12\">\n\t\t\t\t\t<a href=\"https:\/\/rakosliget.hu\/wordpress\/wp-content\/uploads\/2026\/02\/fortepan_117003_1200.jpg\" data-lightbox=\"lightbox-1728\" data-gallery=\"gallery-1728\" data-title=\"Fortepan \/ FSZEK Budapest Gy\u0171jtem\u00e9ny \/ S\u00e1ndor Gy\u00f6rgy \/ S\u00e1ndor Gy\u00f6rgy\">\n\t\t\t\t\t\t<img decoding=\"async\" class=\"thumbnail hvr-float-shadow\" src=\"https:\/\/rakosliget.hu\/wordpress\/wp-content\/uploads\/2026\/02\/fortepan_117003_1200-150x150.jpg\" alt=\"Fortepan \/ FSZEK Budapest Gy\u0171jtem\u00e9ny \/ S\u00e1ndor Gy\u00f6rgy \/ S\u00e1ndor Gy\u00f6rgy\">\n\t\t\t\t\t\t\t\t\t\t\t<\/a>\n\t\t\t\t<\/div>\n\t\t\t\t\t\t<div class=\"single-image-1728 col-lg-3 col-md-3 col-sm-4 col-12\">\n\t\t\t\t\t<a href=\"https:\/\/rakosliget.hu\/wordpress\/wp-content\/uploads\/2026\/02\/fortepan_117005_1200.jpg\" data-lightbox=\"lightbox-1728\" data-gallery=\"gallery-1728\" data-title=\"Fortepan \/ FSZEK Budapest Gy\u0171jtem\u00e9ny \/ S\u00e1ndor Gy\u00f6rgy \/ S\u00e1ndor Gy\u00f6rgy\">\n\t\t\t\t\t\t<img decoding=\"async\" class=\"thumbnail hvr-float-shadow\" src=\"https:\/\/rakosliget.hu\/wordpress\/wp-content\/uploads\/2026\/02\/fortepan_117005_1200-150x150.jpg\" alt=\"Fortepan \/ FSZEK Budapest Gy\u0171jtem\u00e9ny \/ S\u00e1ndor Gy\u00f6rgy \/ S\u00e1ndor Gy\u00f6rgy\">\n\t\t\t\t\t\t\t\t\t\t\t<\/a>\n\t\t\t\t<\/div>\n\t\t\t\t\t\t<div class=\"single-image-1728 col-lg-3 col-md-3 col-sm-4 col-12\">\n\t\t\t\t\t<a href=\"https:\/\/rakosliget.hu\/wordpress\/wp-content\/uploads\/2026\/02\/Roman-1961-szept-1_-no.jpg\" data-lightbox=\"lightbox-1728\" data-gallery=\"gallery-1728\" data-title=\"Rom\u00e1n 1961 szept 1\">\n\t\t\t\t\t\t<img decoding=\"async\" class=\"thumbnail hvr-float-shadow\" src=\"https:\/\/rakosliget.hu\/wordpress\/wp-content\/uploads\/2026\/02\/Roman-1961-szept-1_-no-150x150.jpg\" alt=\"Rom\u00e1n 1961 szept 1\">\n\t\t\t\t\t\t\t\t\t\t\t<\/a>\n\t\t\t\t<\/div>\n\t\t\t\t\t\t<div class=\"single-image-1728 col-lg-3 col-md-3 col-sm-4 col-12\">\n\t\t\t\t\t<a href=\"https:\/\/rakosliget.hu\/wordpress\/wp-content\/uploads\/2026\/02\/Roman-temeto-1985-aprilis-23_no.jpg\" data-lightbox=\"lightbox-1728\" data-gallery=\"gallery-1728\" data-title=\"Rom\u00e1n temet\u0151 1985 \u00e1prilis 2.\">\n\t\t\t\t\t\t<img decoding=\"async\" class=\"thumbnail hvr-float-shadow\" src=\"https:\/\/rakosliget.hu\/wordpress\/wp-content\/uploads\/2026\/02\/Roman-temeto-1985-aprilis-23_no-150x150.jpg\" alt=\"Rom\u00e1n temet\u0151 1985 \u00e1prilis 2.\">\n\t\t\t\t\t\t\t\t\t\t\t<\/a>\n\t\t\t\t<\/div>\n\t\t\t\t\t\t<div class=\"single-image-1728 col-lg-3 col-md-3 col-sm-4 col-12\">\n\t\t\t\t\t<a href=\"https:\/\/rakosliget.hu\/wordpress\/wp-content\/uploads\/2026\/03\/32-.-Temetes-Rakosligeten.jpg\" data-lightbox=\"lightbox-1728\" data-gallery=\"gallery-1728\" data-title=\"32 . Paulovits G\u00e9za temet\u00e9se 1939 R\u00e1kosligeten\/Forr\u00e1s: Hegyi L\u00e1szl\u00f3\">\n\t\t\t\t\t\t<img decoding=\"async\" class=\"thumbnail hvr-float-shadow\" src=\"https:\/\/rakosliget.hu\/wordpress\/wp-content\/uploads\/2026\/03\/32-.-Temetes-Rakosligeten-150x150.jpg\" alt=\"32 . Paulovits G\u00e9za temet\u00e9se 1939 R\u00e1kosligeten\/Forr\u00e1s: Hegyi L\u00e1szl\u00f3\">\n\t\t\t\t\t\t\t\t\t\t\t<\/a>\n\t\t\t\t<\/div>\n\t\t\t\t\t\t<div class=\"single-image-1728 col-lg-3 col-md-3 col-sm-4 col-12\">\n\t\t\t\t\t<a href=\"https:\/\/rakosliget.hu\/wordpress\/wp-content\/uploads\/2026\/03\/34-.-Temetes-Rakosligeten.-.jpg\" data-lightbox=\"lightbox-1728\" data-gallery=\"gallery-1728\" data-title=\"34 . Temet\u00e9s R\u00e1kosligeten.\/ Forr\u00e1s: Hegyi L\u00e1szl\u00f3\">\n\t\t\t\t\t\t<img decoding=\"async\" class=\"thumbnail hvr-float-shadow\" src=\"https:\/\/rakosliget.hu\/wordpress\/wp-content\/uploads\/2026\/03\/34-.-Temetes-Rakosligeten.--150x150.jpg\" alt=\"34 . Temet\u00e9s R\u00e1kosligeten.\/ Forr\u00e1s: Hegyi L\u00e1szl\u00f3\">\n\t\t\t\t\t\t\t\t\t\t\t<\/a>\n\t\t\t\t<\/div>\n\t\t\t<\/div>\n<script>\n\tjQuery(document).ready(function() {\n\t\t\/\/ Method 1 - Initialize Isotope, then trigger layout after each image loads.\n\t\tvar $grid = jQuery('.all-images-1728').isotope({\n\t\t\t\/\/ options...\n\t\t\titemSelector: '.single-image-1728',\n\t\t});\n\t\t\/\/ layout Isotope after each image loads\n\t\t$grid.imagesLoaded().progress(function() {\n\t\t\t$grid.isotope('layout');\n\t\t});\n\n\n\t\tlightbox.option({\n\t\t\t'wrapAround': false,\n\t\t})\n\n\t\tjQuery(document).on('click', '[data-toggle=\"lightbox-1728\"]', function(event) {\n\t\t\tevent.preventDefault();\n\t\t\tjQuery(this).ekkoLightbox();\n\t\t});\n\t});\n<\/script>\n\n\n\n<div class=\"wp-block-buttons is-layout-flex wp-block-buttons-is-layout-flex\">\n<div class=\"wp-block-button\"><a class=\"wp-block-button__link wp-element-button\" href=\"https:\/\/rakosliget.hu\/wordpress\/index.php\/temetoi-nevsor-_\/\">TEMET\u0150I N\u00c9VSOR<\/a><\/div>\n<\/div>\n\n\n\n<p><\/p>\n\n\n\n<div class=\"wp-block-buttons is-layout-flex wp-block-buttons-is-layout-flex\">\n<div class=\"wp-block-button\"><a class=\"wp-block-button__link wp-element-button\" href=\"https:\/\/rakosliget.hu\/wordpress\/index.php\/kepek-a-regi-rakosligeti-temetorol\/\">A TEMET\u0150 FELSZ\u00c1MOL\u00c1SA<\/a><\/div>\n<\/div>\n\n\n\n<p>&nbsp;<\/p>\n\n\n\n<p>&nbsp;<\/p>\n\n\n\n<hr class=\"wp-block-separator has-css-opacity\"\/>\n\n\n\n<figure class=\"wp-block-image size-large\"><a href=\"http:\/\/rakosliget.hu\/wordpress\/wp-content\/uploads\/2022\/02\/Csatho-Jeno-temetkezesi-vallakozo-szamla_1947_1024.jpg\"><img loading=\"lazy\" decoding=\"async\" width=\"711\" height=\"1024\" src=\"https:\/\/rakosliget.hu\/wordpress\/wp-content\/uploads\/2022\/02\/Csatho-Jeno-temetkezesi-vallakozo-szamla_1947_1024-711x1024.jpg\" alt=\"\" class=\"wp-image-10007\" srcset=\"https:\/\/rakosliget.hu\/wordpress\/wp-content\/uploads\/2022\/02\/Csatho-Jeno-temetkezesi-vallakozo-szamla_1947_1024-711x1024.jpg 711w, https:\/\/rakosliget.hu\/wordpress\/wp-content\/uploads\/2022\/02\/Csatho-Jeno-temetkezesi-vallakozo-szamla_1947_1024-208x300.jpg 208w, https:\/\/rakosliget.hu\/wordpress\/wp-content\/uploads\/2022\/02\/Csatho-Jeno-temetkezesi-vallakozo-szamla_1947_1024-768x1106.jpg 768w, https:\/\/rakosliget.hu\/wordpress\/wp-content\/uploads\/2022\/02\/Csatho-Jeno-temetkezesi-vallakozo-szamla_1947_1024.jpg 1024w\" sizes=\"auto, (max-width: 711px) 100vw, 711px\" \/><\/a><figcaption class=\"wp-element-caption\">&nbsp;Simon Gyula (R\u00e1koscsaba\u00fajtelepi&nbsp;polg\u00e1ri K\u00f6r) gy\u0171jtem\u00e9ny\u00e9b\u0151l. \u00c1d\u00e1m Ferenc (Erd\u0151s Ren\u00e9e H\u00e1z sz\u00edves enged\u00e9ly\u00e9vel)<\/figcaption><\/figure>\n\n\n<div class=\"wp-block-image\">\n<figure class=\"aligncenter size-full\"><img loading=\"lazy\" decoding=\"async\" width=\"1373\" height=\"1247\" src=\"https:\/\/rakosliget.hu\/wordpress\/wp-content\/uploads\/2025\/05\/Friss-Ujsag1949.11.11.-temetkezes-.jpg\" alt=\"\" class=\"wp-image-17887\" srcset=\"https:\/\/rakosliget.hu\/wordpress\/wp-content\/uploads\/2025\/05\/Friss-Ujsag1949.11.11.-temetkezes-.jpg 1373w, https:\/\/rakosliget.hu\/wordpress\/wp-content\/uploads\/2025\/05\/Friss-Ujsag1949.11.11.-temetkezes--300x272.jpg 300w, https:\/\/rakosliget.hu\/wordpress\/wp-content\/uploads\/2025\/05\/Friss-Ujsag1949.11.11.-temetkezes--768x698.jpg 768w\" sizes=\"auto, (max-width: 1373px) 100vw, 1373px\" \/><figcaption class=\"wp-element-caption\">Forr\u00e1s: Friss \u00dajs\u00e1g 1949.11.11. temetkez\u00e9s<\/figcaption><\/figure>\n<\/div>\n\n\n<p>A r\u00e1kosligeti k\u00f6zs\u00e9gi temet\u0151 1950-ig m\u0171k\u00f6d\u00f6tt. Ezt k\u00f6vet\u0151en a r\u00e1koskereszt\u00fari k\u00f6ztemet\u0151, illetve P\u00e9cel \u00e9s m\u00e1s budapesti temet\u0151kbe t\u00f6rt\u00e9nt a halottak elhelyez\u00e9se.<\/p>\n\n\n\n<p>1979-ben a F\u0151v\u00e1rosi Tan\u00e1cs hat\u00e1rozatban d\u00f6nt\u00f6tt a temet\u0151 felsz\u00e1mol\u00e1s\u00e1r\u00f3l.<\/p>\n","protected":false},"excerpt":{"rendered":"<p>Friss\u00edtve: 2026. 01. 18. &nbsp; &nbsp; A r\u00e1kosligeti k\u00f6zs\u00e9gi temet\u0151 1950-ig m\u0171k\u00f6d\u00f6tt. Ezt k\u00f6vet\u0151en a r\u00e1koskereszt\u00fari k\u00f6ztemet\u0151, illetve P\u00e9cel \u00e9s m\u00e1s budapesti temet\u0151kbe t\u00f6rt\u00e9nt a halottak elhelyez\u00e9se. 1979-ben a F\u0151v\u00e1rosi Tan\u00e1cs hat\u00e1rozatban d\u00f6nt\u00f6tt a temet\u0151 felsz\u00e1mol\u00e1s\u00e1r\u00f3l.<\/p>\n","protected":false},"author":1,"featured_media":0,"parent":0,"menu_order":0,"comment_status":"closed","ping_status":"closed","template":"","meta":{"footnotes":""},"class_list":["post-2785","page","type-page","status-publish","hentry"],"_links":{"self":[{"href":"https:\/\/rakosliget.hu\/wordpress\/index.php\/wp-json\/wp\/v2\/pages\/2785","targetHints":{"allow":["GET"]}}],"collection":[{"href":"https:\/\/rakosliget.hu\/wordpress\/index.php\/wp-json\/wp\/v2\/pages"}],"about":[{"href":"https:\/\/rakosliget.hu\/wordpress\/index.php\/wp-json\/wp\/v2\/types\/page"}],"author":[{"embeddable":true,"href":"https:\/\/rakosliget.hu\/wordpress\/index.php\/wp-json\/wp\/v2\/users\/1"}],"replies":[{"embeddable":true,"href":"https:\/\/rakosliget.hu\/wordpress\/index.php\/wp-json\/wp\/v2\/comments?post=2785"}],"version-history":[{"count":12,"href":"https:\/\/rakosliget.hu\/wordpress\/index.php\/wp-json\/wp\/v2\/pages\/2785\/revisions"}],"predecessor-version":[{"id":23947,"href":"https:\/\/rakosliget.hu\/wordpress\/index.php\/wp-json\/wp\/v2\/pages\/2785\/revisions\/23947"}],"wp:attachment":[{"href":"https:\/\/rakosliget.hu\/wordpress\/index.php\/wp-json\/wp\/v2\/media?parent=2785"}],"curies":[{"name":"wp","href":"https:\/\/api.w.org\/{rel}","templated":true}]}}