{"id":2590,"date":"2019-09-02T19:19:28","date_gmt":"2019-09-02T18:19:28","guid":{"rendered":"http:\/\/rakosliget.hu\/wordpress\/?page_id=2590"},"modified":"2026-01-31T18:35:51","modified_gmt":"2026-01-31T17:35:51","slug":"emlektablak-rakosmenten","status":"publish","type":"page","link":"https:\/\/rakosliget.hu\/wordpress\/index.php\/emlektablak-rakosmenten\/","title":{"rendered":"EML\u00c9KT\u00c1BL\u00c1K R\u00e1kosment\u00e9n"},"content":{"rendered":"\n<p><em>Az oldal friss\u00edtve: 2020. 12. 15.<\/em><\/p>\n\n\n\n<h2 class=\"wp-block-heading has-text-align-center\"><a href=\"https:\/\/youtu.be\/JCSt2GR33r8\" target=\"_blank\" rel=\"noreferrer noopener\"><strong>Film az eml\u00e9kt\u00e1bl\u00e1kr\u00f3l.<\/strong><\/a><\/h2>\n\n\n\n<p><\/p>\n\n\n\n<h3 class=\"wp-block-heading has-text-align-center\"><\/h3>\n\n\n\n<p><\/p>\n","protected":false},"excerpt":{"rendered":"<p>Az oldal friss\u00edtve: 2020. 12. 15. Film az eml\u00e9kt\u00e1bl\u00e1kr\u00f3l.<\/p>\n","protected":false},"author":1,"featured_media":2568,"parent":0,"menu_order":0,"comment_status":"closed","ping_status":"closed","template":"","meta":{"footnotes":""},"class_list":["post-2590","page","type-page","status-publish","has-post-thumbnail","hentry"],"_links":{"self":[{"href":"https:\/\/rakosliget.hu\/wordpress\/index.php\/wp-json\/wp\/v2\/pages\/2590","targetHints":{"allow":["GET"]}}],"collection":[{"href":"https:\/\/rakosliget.hu\/wordpress\/index.php\/wp-json\/wp\/v2\/pages"}],"about":[{"href":"https:\/\/rakosliget.hu\/wordpress\/index.php\/wp-json\/wp\/v2\/types\/page"}],"author":[{"embeddable":true,"href":"https:\/\/rakosliget.hu\/wordpress\/index.php\/wp-json\/wp\/v2\/users\/1"}],"replies":[{"embeddable":true,"href":"https:\/\/rakosliget.hu\/wordpress\/index.php\/wp-json\/wp\/v2\/comments?post=2590"}],"version-history":[{"count":27,"href":"https:\/\/rakosliget.hu\/wordpress\/index.php\/wp-json\/wp\/v2\/pages\/2590\/revisions"}],"predecessor-version":[{"id":22636,"href":"https:\/\/rakosliget.hu\/wordpress\/index.php\/wp-json\/wp\/v2\/pages\/2590\/revisions\/22636"}],"wp:featuredmedia":[{"embeddable":true,"href":"https:\/\/rakosliget.hu\/wordpress\/index.php\/wp-json\/wp\/v2\/media\/2568"}],"wp:attachment":[{"href":"https:\/\/rakosliget.hu\/wordpress\/index.php\/wp-json\/wp\/v2\/media?parent=2590"}],"curies":[{"name":"wp","href":"https:\/\/api.w.org\/{rel}","templated":true}]}}