{"id":23547,"date":"2026-03-05T14:01:42","date_gmt":"2026-03-05T13:01:42","guid":{"rendered":"https:\/\/rakosliget.hu\/wordpress\/?page_id=23547"},"modified":"2026-03-05T14:04:03","modified_gmt":"2026-03-05T13:04:03","slug":"dr-murai-andras-filmtortenesz-megnyitoja","status":"publish","type":"page","link":"https:\/\/rakosliget.hu\/wordpress\/index.php\/dr-murai-andras-filmtortenesz-megnyitoja\/","title":{"rendered":"DR MURAI ANDR\u00c1S filmt\u00f6rt\u00e9n\u00e9sz MEGNYIT\u00d3JA"},"content":{"rendered":"\n<p><strong>Dr. Murai Andr\u00e1s<\/strong> filmt\u00f6rt\u00e9n\u00e9sz megnyit\u00f3 besz\u00e9de, mely elhangzott 2026. m\u00e1rcius 3-\u00e1n, <strong>G\u00e1bor B\u00e9la \u00e9s Kelemen S\u00e1ndor<\/strong> \u201eKollekt\u00edv\u201d c\u00edm\u0171 k\u00f6z\u00f6s ki\u00e1ll\u00edt\u00e1s\u00e1n.<\/p>\n\n\n\n<p>Helysz\u00edn: Ferencv\u00e1rosi Helyt\u00f6rt\u00e9neti Gy\u0171jtem\u00e9ny \/ 1092 Bp., R\u00e1day u. 18.<\/p>\n\n\n\n<p><em>A jelenl\u00e9v\u0151k k\u00f6sz\u00f6nt\u00e9se.<\/em><\/p>\n\n\n\n<p>Szem\u00e9lyes megjegyz\u00e9ssel kezdem: B\u00e9la, S\u00e1ndor \u00e9s \u00e9n egyid\u0151sek vagyunk, S\u00e1ndor egy kicsit van lemaradva, de att\u00f3l az egy \u00e9vt\u0151l most eltekint\u00fcnk. Mi\u00e9rt hozakodom el\u0151, nem t\u00fal diszkr\u00e9ten, a korral? Azt gondolhatn\u00e1nk &#8211; \u00e9n legal\u00e1bbis -, hogy ebben az \u00e9letszakaszban a biztons\u00e1g fontosabb, mint az \u00faj\u00edt\u00e1s, a bev\u00e1lt utak k\u00e9nyelmesebbek, mint az ismeretlen ter\u00fcletek. Ugyanakkor az els\u0151, ami megfogalmaz\u00f3dott bennem e ki\u00e1ll\u00edt\u00e1s k\u00e9peit v\u00e9gign\u00e9zve, az alkot\u00f3k b\u00e1tors\u00e1ga. \u00d6sszehasonl\u00edtva kor\u00e1bbi munk\u00e1ikkal, felt\u0171n\u0151, hogy \u00faj technik\u00e1val, elj\u00e1r\u00e1ssal \u00e9s \u00faj t\u00e9m\u00e1val is jelentkeztek. G\u00e1bor B\u00e9la \u00e9s Kelemen S\u00e1ndor k\u00edv\u00e1ncsi alkot\u00f3, mintha a kalandv\u00e1gy is f\u0171ten\u00e9 \u0151ket: mernek elmozdulni kor\u00e1bbi alkot\u00f3i elj\u00e1r\u00e1sukt\u00f3l.<\/p>\n\n\n\n<p>Mennyire igazuk van! Annak a m\u0171v\u00e9sznek, aki meg akarja ismerni a kifejez\u0151 k\u00f6zeg\u00e9t, nem j\u00f3 tan\u00e1cs, hogy \u201ej\u00e1rt utat j\u00e1ratlan\u00e9rt el ne hagyj!\u201d A biztons\u00e1g \u00e9s \u00f3vatoss\u00e1g helyett a k\u00eds\u00e9rletez\u00e9s javalt, ki nem pr\u00f3b\u00e1lt elj\u00e1r\u00e1sok keres\u00e9se, a m\u00e9dium t\u0171r\u0151k\u00e9pess\u00e9g\u00e9nek tesztel\u00e9se, hat\u00e1rainak letapogat\u00e1sa. E ki\u00e1ll\u00edt\u00e1s mindk\u00e9t alkot\u00f3ja &#8211; teljesen, vagy r\u00e9szben &#8211; let\u00e9rt az eddig j\u00e1rt \u00fatj\u00e1r\u00f3l. Izgalmas l\u00e1tni a hat\u00e1r\u00e1tl\u00e9p\u00e9seket, nem csak a konkr\u00e9t m\u0171alkot\u00e1sokban, hanem az alkot\u00f3i magatart\u00e1sban is.<\/p>\n\n\n\n<p><em>G\u00e1bor B\u00e9la<\/em> v\u00e1lt\u00e1sa sz\u00e1momra igazi meglepet\u00e9s. Kor\u00e1bban hossz\u00fa ideig foglalkozott f\u00e9nyk\u00e9pek r\u00e9gies\u00edt\u00e9s\u00e9vel, archaikus elj\u00e1r\u00e1ssal cianot\u00edpi\u00e1kat alkotott. M\u00edves, kidolgozott munk\u00e1k azok, ak\u00e1rcsak az \u00fajak: brav\u00faros a kivitelez\u00e9s, a megval\u00f3s\u00edt\u00e1s. A mostani ki\u00e1ll\u00edt\u00e1s 5 \u00e9v k\u00eds\u00e9rleteinek eredm\u00e9ny\u00e9t bemutat\u00f3 k\u00e9pei nem f\u00e9nyk\u00e9pek, hagyom\u00e1nyos \u00e9rtelemben biztosan nem. A fot\u00f3elj\u00e1r\u00e1s \u00e9s a fest\u00e9szet keresztez\u0151d\u00e9s\u00e9b\u0151l olyan alkot\u00e1sok sz\u00fclettek, amelyekb\u0151l elt\u0171nt a fot\u00f3realizmus, olyannyira, hogy j\u00f3p\u00e1r k\u00e9pen k\u00e9pzelt l\u00e9nyek jelennek meg. G\u00e1bor B\u00e9la az \u00fatkeres\u00e9s sor\u00e1n alapvet\u0151en az anal\u00f3g fotogr\u00e1fia f\u00e9ny\u00e9rz\u00e9keny hordoz\u00f3inak, k\u00fcl\u00f6nf\u00e9le vegyi anyagoknak \u00e9s szokatlan f\u00e9nyforr\u00e1soknak az egym\u00e1sra gyakorolt hat\u00e1sait vizsg\u00e1lta, term\u00e9szetes \u00e9s mesters\u00e9ges t\u00e1rgyak, elemek beemel\u00e9s\u00e9vel. Nem haszn\u00e1l f\u00e9nyk\u00e9pez\u0151g\u00e9pet, de fot\u00f3z\u00e1shoz sz\u00fcks\u00e9ges alapanyagot, p\u00e9ld\u00e1ul f\u00e9ny\u00e9rz\u00e9keny pap\u00edrt igen. \u201eNapon \u00e9rlelt k\u00e9pek\u201d, a sz\u00f3 szoros \u00e9rtelm\u00e9ben. Ebb\u0151l ad\u00f3dik r\u00e9szletgazdags\u00e1guk \u00e9s esetlegess\u00e9g\u00fck is, ugyanis nem minden mozzanat az alkot\u00f3i akarat eredm\u00e9nye, a sz\u00ednek, form\u00e1k r\u00e9szben kiszolg\u00e1ltatottak e saj\u00e1tos alkot\u00e1si folyamatnak. B\u00e9la k\u00e9zm\u0171ves ember, sokat foglalkozik, \u201ebabr\u00e1l\u201d egy-egy k\u00e9ppel. Az \u00faj elj\u00e1r\u00e1ssal megtett utat j\u00f3l \u00e9rz\u00e9keltetik a k\u00eds\u00e9rletez\u00e9s folyamat\u00e1t, a kezdeti l\u00e9p\u00e9seket bemutat\u00f3 sorozatok.<\/p>\n\n\n\n<p><em>Kelemen S\u00e1ndor<\/em> kor\u00e1bban &#8211; t\u00f6bbek k\u00f6z\u00f6tt &#8211; a f\u00e9nyk\u00e9p \u00e9s a grafika elj\u00e1r\u00e1sait \u00f6tv\u00f6zte, most t\u00f6bb k\u00e9p\u00e9n\u00e9l a fest\u00e9szet ir\u00e1ny\u00e1ba mozdult el. Kor\u00e1bbi st\u00edlus\u00e1nak megfelel\u0151, er\u0151s atmoszf\u00e9r\u00e1j\u00fa fekete-feh\u00e9r mobilf\u00e9nyk\u00e9peib\u0151l itt is l\u00e1thatunk n\u00e9h\u00e1ny \u00fajat, mik\u00f6zben megmutatja mire jutott, mikor \u00faj ter\u00fcletre mer\u00e9szkedett: eg\u00e9szen a nonfigarat\u00edv fot\u00f3-festm\u00e9nyig. Ez ut\u00f3bbiak alapja akril festm\u00e9ny, m\u00e9gis digit\u00e1lis k\u00e9pekr\u0151l van sz\u00f3. A k\u00e9zzel festett munk\u00e1k digit\u00e1lis \u00e1talak\u00edt\u00e1s\u00e1nak k\u00eds\u00e9rleteit, illetve vari\u00e1ci\u00f3it l\u00e1thatjuk. A kiv\u00e1l\u00f3 ritmus\u00e9rz\u00e9kkel k\u00e9sz\u00fclt munk\u00e1k a sz\u00ednek \u00e9s vonalak kombin\u00e1ci\u00f3j\u00e1val vonj\u00e1k magukra a figyelmet.<\/p>\n\n\n\n<p>Az alkot\u00f3i elj\u00e1r\u00e1sban \u00e9s l\u00e1t\u00e1sm\u00f3dban igen, a habitusban viszont nincs v\u00e1ltoz\u00e1s: k\u00e9t komoly szerz\u0151 t\u00e1rul fel m\u0171veiken kereszt\u00fcl. G\u00e1bor B\u00e9la \u00e9s Kelemen S\u00e1ndor k\u00e9pein nincs helye tr\u00e9f\u00e1nak, sem ir\u00f3ni\u00e1nak, m\u00e9g megmosolyogtat\u00f3 helyzeteknek sem. Nem viccelnek, mikor b\u00e1tran \u00e9s \u0151szint\u00e9n t\u00e1rj\u00e1k el\u00e9nk v\u00edzi\u00f3ikat.<\/p>\n\n\n\n<p>\u00c9s akkor a v\u00edzi\u00f3kr\u00f3l, teremtett vil\u00e1gokr\u00f3l.<\/p>\n\n\n\n<p>B\u00e9la \u00e9s S\u00e1ndor saj\u00e1t vil\u00e1got teremtenek. K\u00e9peiken nem a k\u00f6r\u00fcl\u00f6tt\u00fcnk zajl\u00f3 esem\u00e9nyek k\u00f6zvetlen reakci\u00f3it l\u00e1tjuk, nem meg\u00f6r\u00f6k\u00edt\u0151i a k\u00f6rnyezet\u00fcknek \u2013 nekik v\u00edzi\u00f3ik vannak.<\/p>\n\n\n\n<p><em>G\u00e1bor B\u00e9la<\/em> m\u0171vei, \u00edgy egym\u00e1s mell\u00e9 helyezve \u0151ket k\u00fcl\u00f6n\u00f6sen j\u00f3l l\u00e1tszik, \u00f6n\u00e1ll\u00f3 kozmoszt hoznak l\u00e9tre. A teremt\u00e9s miszt\u00e9riuma \u2013 ez jut eszembe r\u00f3luk. S k\u00e9s\u0151bb kider\u00fclt, nem l\u00e9gb\u0151l kapott a benyom\u00e1som: B\u00e9la egy besz\u00e9lget\u00e9s sor\u00e1n megeml\u00edtette, hogy a k\u00e9pek egy r\u00e9sz\u00e9t Pilinszky J\u00e1nos \u00edr\u00e1sai inspir\u00e1lt\u00e1k. M\u00e1s m\u0171v\u00e9szek is adtak sz\u00e1m\u00e1ra ihletet: J\u00e1sz Attila versei, Frida Kahlo festm\u00e9nyei, Tarr B\u00e9la kompoz\u00edci\u00f3i. G\u00e1bor B\u00e9la azonban nem k\u00f6vet\u0151je az \u00e1ltala szeretett m\u0171v\u00e9szeknek, k\u00e9pei saj\u00e1tos technik\u00e1val kialak\u00edtott, egyedi st\u00edlus\u00fa alkot\u00e1sok. &nbsp;&nbsp;<\/p>\n\n\n\n<p>Angyalokat, furcsa l\u00e9nyeket, ember el\u0151tti, vagy feletti teremtm\u00e9nyeket l\u00e1tunk, az \u00e1ltalunk ismert \u00e9gitestek k\u00f6z\u00f6tt. Mintha a f\u00f6ldi \u00e9let el\u0151tt j\u00e1rn\u00e1nk \u2013 e vil\u00e1gr\u00f3l nincs tapasztalatunk, legfeljebb k\u00e9pzelhet\u00fcnk r\u00f3la valamit, ha van hozz\u00e1 fant\u00e1zi\u00e1nk (nekem nincs), \u00e9s hit\u00fcnk e k\u00e9pzelet fontoss\u00e1g\u00e1ban.<\/p>\n\n\n\n<p>Az aranys\u00e1rga \u00e9s a s\u00f6t\u00e9tbarna ragyog\u00f3 sz\u00ednvil\u00e1got teremt. A k\u00fcl\u00f6n\u00f6s technikai elj\u00e1r\u00e1s k\u00f6vetkezt\u00e9ben er\u0151s az anyagszer\u0171s\u00e9g\u00fck, n\u00e9mely k\u00e9p domborm\u0171 hat\u00e1s\u00e1t kelti. Az alakok egyszerre riaszt\u00f3k \u00e9s figyelemfelh\u00edv\u00f3k. Mint az Angyal a t\u00fck\u00f6rben \u2013 ezt a c\u00edmet \u00e9n adtam \u2013 egyik kedvencem, ikerk\u00e9p, de nem sz\u00f3 szerinti t\u00fckr\u00f6z\u0151d\u00e9st l\u00e1tunk, \u00e9s ez az, ami felzaklat, nyomaszt\u00f3 \u00e9rz\u00e9st kelt.<\/p>\n\n\n\n<p>G\u00e1bor B\u00e9la k\u00e9pei vibr\u00e1l\u00f3, nyugtalan\u00edt\u00f3, r\u00e9szletgazdag, \u00e9s szemet gy\u00f6ny\u00f6rk\u00f6dtet\u0151 l\u00e1tom\u00e1sok &#8211; tal\u00e1n az \u00c9let, vagy minden \u00e9let eredet\u00e9r\u0151l.&nbsp; &nbsp;<\/p>\n\n\n\n<p><em>Kelemen S\u00e1ndor<\/em> t\u00e1g spektrumon l\u00e1ttatja a vil\u00e1got, a felismerhet\u0151, saj\u00e1t tapasztalataink alapj\u00e1n azonos\u00edthat\u00f3 t\u00e1rgyakt\u00f3l \u00e9s t\u00e1jakt\u00f3l a beazonos\u00edthatatlan elemekig, elvont kifejez\u00e9sig jut el.<\/p>\n\n\n\n<p>Fot\u00f3it \u00e9s fot\u00f3-festm\u00e9nyeit h\u00e1rom csoportba soroltam. A rendszerez\u00e9s a befogad\u00f3 m\u00e1ni\u00e1ja, kev\u00e9sb\u00e9 az alkot\u00f3\u00e9.<\/p>\n\n\n\n<p><em>Vil\u00e1gok tal\u00e1lkoz\u00e1sa<\/em>: A halak teremt\u00e9se, A Napra v\u00e1rva (szem\u00e9lyes kedvencem), A v\u00f6r\u00f6s ajt\u00f3 tartozik t\u00f6bbek k\u00f6z\u00f6tt ide. B\u00e1r alakok, \u00e9l\u0151l\u00e9nyek felismerhet\u0151k rajtuk, elemel a konkr\u00e9t helyzetekt\u0151l, ez\u00e9rt \u00e9rezhetj\u00fck \u0151ket egyetemes \u00e9rv\u00e9ny\u0171nek. Az elmos\u00f3dott sz\u00ednek, foltszer\u0171 f\u00e9nyek teszik id\u0151tlenn\u00e9 e k\u00e9peket, id\u0151tlenn\u00e9, teh\u00e1t egy \u00e1llapot kifejez\u00e9s\u00e9v\u00e9, amelyben M\u00e1s-vil\u00e1gok \u00e9rintkeznek. Szinte \u00e9rezz\u00fck a rem\u00e9nyt, hogy a kett\u0151, a f\u00f6ldi \u00e9s a nem evil\u00e1gi tal\u00e1lkozzanak.<\/p>\n\n\n\n<p>S\u00e1ndor megfontolta a c\u00edmad\u00e1st, a c\u00edmek a k\u00e9pek r\u00e9szei, egy\u00fattal utal\u00e1sok lehetnek az inspir\u00e1ci\u00f3ra. &nbsp;Mint a Nick Cave sz\u00e1m, a Jesus of the Moon. Ez a zene melankolikus, mint oly sokszor Cave eset\u00e9ben, \u00e9s egy\u00fattal szentiment\u00e1lis is. S\u00e1ndor k\u00e9pein ez a kett\u0151s hangulat meghat\u00e1roz\u00f3: bor\u00fas, amit ugyanakkor a rem\u00e9ny fog keretbe, \u00e9rzelmes, amit pedig a sz\u00fcrke \u00e1rnyalatai visszafognak. Egyik k\u00e9p\u00e9nek ez is a c\u00edme: Melank\u00f3lia \u2013 ez m\u00e1r a m\u00e1sik csoportba vezet \u00e1t minket.<\/p>\n\n\n\n<p><em>F\u00e9nyk\u00e9p-grafik\u00e1k<\/em>: az \u00c9szak, Patakpart, November, Telihold \u00e9s Melank\u00f3lia (e k\u00e9t ut\u00f3bbi szem\u00e9lyes kedvencem), a kor\u00e1bbi, \u00e1ltalam oly kedvelt Kelemen-k\u00e9pek vil\u00e1g\u00e1t folytatj\u00e1k. Rendk\u00edv\u00fcl szuggeszt\u00edv kisug\u00e1rz\u00e1suk miatt szeretem sok\u00e1ig n\u00e9zni \u0151ket, vonz a szemcs\u00e9s fel\u00fclet, a sokf\u00e9le sz\u00fcrke, s benn\u00fck a f\u00e9nybogarak, s ahogy e kett\u0151 kompoz\u00edci\u00f3ja \u00e1talak\u00edtja a t\u00e1jat.&nbsp;<\/p>\n\n\n\n<p><em>Nonfigarat\u00edv<\/em>: igazi meglepet\u00e9s a nonfigarat\u00edv k\u00e9pek sora. Tegy\u00fck egym\u00e1s mell\u00e9 a November \u00e9s a Ny\u00e1r c\u00edm\u0171 k\u00e9peket. K\u00e9t k\u00fcl\u00f6n vil\u00e1g, mintha nem ugyanazon szerz\u0151 m\u0171ve volna. Mer\u00e9sz kil\u00e9p\u00e9s \u00f6nmaga vil\u00e1g\u00e1b\u00f3l, s r\u00f6gt\u00f6n fel is r\u00fagja a befogad\u00f3i sztereot\u00edpi\u00e1t: a szerz\u0151i szem\u00e9lyis\u00e9g nem felt\u00e9tlen\u00fcl egyf\u00e9le, kor\u00e1ntsem \u00f6nism\u00e9tl\u0151 \u2013 e v\u00e1ratlan izgalmat jelenti a Jazz \u00e9s az Id\u0151 c\u00edm\u0171 k\u00e9pek absztrakt vil\u00e1ga. Itt nyoma sincs a f\u00e9nyk\u00e9p realizmus\u00e1nak, helyette a sz\u00ednek \u00e9s form\u00e1k v\u00e1lthatnak ki \u00e9rz\u00e9seket a befogad\u00f3b\u00f3l. Ugyanakkor felt\u0171n\u0151 a hasonl\u00f3s\u00e1guk, az a von\u00e1s, amit k\u00fcl\u00f6n\u00f6sen a Konstell\u00e1ci\u00f3kban v\u00e9lek felfedezni. A sz\u00ednek \u00e9s ecsetvon\u00e1sok lend\u00fclete, kavalk\u00e1dja, els\u0151 r\u00e1n\u00e9z\u00e9sre k\u00e1osza m\u00f6g\u00f6tt felsejlik egy szerkezet, amely mindezt, a soksz\u00edn\u0171s\u00e9get \u00e9s dinamizmust mag\u00e1n viseli, megtartja.<\/p>\n\n\n\n<p>Ha a k\u00e9pek, legyenek b\u00e1r fot\u00f3k, vagy arra eml\u00e9keztet\u0151 k\u00e9pz\u0151m\u0171v\u00e9szeti munk\u00e1k, keretbe ker\u00fclnek, s ha a keretebe foglalt k\u00e9peket egym\u00e1s mell\u00e9 helyezz\u00fck a falra, nagyj\u00e1b\u00f3l egyenl\u0151 t\u00e1vols\u00e1gra, majd embereket h\u00edvunk, hogy n\u00e9zz\u00e9k meg \u0151ket, nos ekkor m\u00e1r ezek a k\u00e9pek menthetetlen\u00fcl m\u0171alkot\u00e1sokk\u00e1 v\u00e1lnak. Elt\u00e1volodnak a szerz\u0151t\u0151l, a szerz\u0151 szem\u00e9lyes \u00e9letter\u00e9t\u0151l \u00e9s sz\u00e1nd\u00e9kait\u00f3l.<\/p>\n\n\n\n<p>Hi\u00e1ba ismerem \u00e9n G\u00e1bor B\u00e9l\u00e1t \u00e9s Kelemen S\u00e1ndort, hi\u00e1ba ittunk meg annyi s\u00f6rt, hi\u00e1ba van k\u00f6z\u00f6s m\u00faltunk \u00e9s vannak egym\u00e1sba fon\u00f3d\u00f3 t\u00f6rt\u00e9neteink: e k\u00e9pek itt a t\u00e1rlaton sz\u00e1momra is m\u0171alkot\u00e1sok, \u00e9s amikor el\u00e9j\u00fck \u00e1llok, arra vagyok k\u00edv\u00e1ncsi, mit v\u00e1ltanak ki bel\u0151lem, befogad\u00f3b\u00f3l. Sz\u00e1momra e k\u00e9pek egyszerre hatnak intellektu\u00e1lisan \u00e9s emocion\u00e1lisan, \u00e9s k\u00fcl\u00f6n\u00f6sen izgalmas a f\u00e9nyk\u00e9p \u00e9s fest\u00e9szet kombin\u00e1ci\u00f3j\u00e1b\u00f3l megsz\u00fcletett fel\u00fclet, a nem tapinthat\u00f3, szem\u00fcnkkel m\u00e9gis \u00e9rz\u00e9kelhet\u0151 text\u00far\u00e1juk. B\u00edzom benne, \u00d6n\u00f6knek is hasonl\u00f3an intenz\u00edv \u00e9lm\u00e9nyt jelentenek.<\/p>\n\n\n\n<p>Kedves Vend\u00e9gek, Bar\u00e1tok, \u00c9rdekl\u0151d\u0151k, k\u00e9rem, mer\u00fcljenek el a k\u00e9pekben, t\u00f6ltsenek vel\u00fck sok id\u0151t, s legyenek nyitottak G\u00e1bor B\u00e9la \u00e9s Kelemen S\u00e1ndor alkot\u00e1sainak befogad\u00e1sakor.<\/p>\n\n\n\n<p><a href=\"https:\/\/rakosliget.hu\/wordpress\/index.php\/kelemen-sandor-mobilfoto\/\">VISSZA<\/a><\/p>\n","protected":false},"excerpt":{"rendered":"<p>Dr. Murai Andr\u00e1s filmt\u00f6rt\u00e9n\u00e9sz megnyit\u00f3 besz\u00e9de, mely elhangzott 2026. m\u00e1rcius 3-\u00e1n, G\u00e1bor B\u00e9la \u00e9s Kelemen S\u00e1ndor \u201eKollekt\u00edv\u201d c\u00edm\u0171 k\u00f6z\u00f6s ki\u00e1ll\u00edt\u00e1s\u00e1n. Helysz\u00edn: Ferencv\u00e1rosi Helyt\u00f6rt\u00e9neti Gy\u0171jtem\u00e9ny \/ 1092 Bp., R\u00e1day u. 18. A jelenl\u00e9v\u0151k k\u00f6sz\u00f6nt\u00e9se. Szem\u00e9lyes megjegyz\u00e9ssel kezdem: B\u00e9la, S\u00e1ndor \u00e9s \u00e9n egyid\u0151sek vagyunk, S\u00e1ndor egy kicsit van lemaradva, de att\u00f3l az egy \u00e9vt\u0151l most eltekint\u00fcnk. Mi\u00e9rt &hellip; <a href=\"https:\/\/rakosliget.hu\/wordpress\/index.php\/dr-murai-andras-filmtortenesz-megnyitoja\/\" class=\"more-link\"><span class=\"screen-reader-text\">DR MURAI ANDR\u00c1S filmt\u00f6rt\u00e9n\u00e9sz MEGNYIT\u00d3JA<\/span> r\u00e9szletei&#8230;<\/a><\/p>\n","protected":false},"author":1,"featured_media":0,"parent":0,"menu_order":0,"comment_status":"closed","ping_status":"closed","template":"","meta":{"footnotes":""},"class_list":["post-23547","page","type-page","status-publish","hentry"],"_links":{"self":[{"href":"https:\/\/rakosliget.hu\/wordpress\/index.php\/wp-json\/wp\/v2\/pages\/23547","targetHints":{"allow":["GET"]}}],"collection":[{"href":"https:\/\/rakosliget.hu\/wordpress\/index.php\/wp-json\/wp\/v2\/pages"}],"about":[{"href":"https:\/\/rakosliget.hu\/wordpress\/index.php\/wp-json\/wp\/v2\/types\/page"}],"author":[{"embeddable":true,"href":"https:\/\/rakosliget.hu\/wordpress\/index.php\/wp-json\/wp\/v2\/users\/1"}],"replies":[{"embeddable":true,"href":"https:\/\/rakosliget.hu\/wordpress\/index.php\/wp-json\/wp\/v2\/comments?post=23547"}],"version-history":[{"count":2,"href":"https:\/\/rakosliget.hu\/wordpress\/index.php\/wp-json\/wp\/v2\/pages\/23547\/revisions"}],"predecessor-version":[{"id":23550,"href":"https:\/\/rakosliget.hu\/wordpress\/index.php\/wp-json\/wp\/v2\/pages\/23547\/revisions\/23550"}],"wp:attachment":[{"href":"https:\/\/rakosliget.hu\/wordpress\/index.php\/wp-json\/wp\/v2\/media?parent=23547"}],"curies":[{"name":"wp","href":"https:\/\/api.w.org\/{rel}","templated":true}]}}