{"id":20418,"date":"2025-12-28T09:24:06","date_gmt":"2025-12-28T08:24:06","guid":{"rendered":"https:\/\/rakosliget.hu\/wordpress\/?page_id=20418"},"modified":"2025-12-28T09:55:13","modified_gmt":"2025-12-28T08:55:13","slug":"uj-elet","status":"publish","type":"page","link":"https:\/\/rakosliget.hu\/wordpress\/index.php\/uj-elet\/","title":{"rendered":"\u00daJ \u00c9LET"},"content":{"rendered":"\n<figure class=\"wp-block-image size-large\"><img loading=\"lazy\" decoding=\"async\" width=\"2048\" height=\"637\" src=\"https:\/\/rakosliget.hu\/wordpress\/wp-content\/uploads\/2025\/12\/logo-2-2048x637.jpg\" alt=\"\" class=\"wp-image-20420\" srcset=\"https:\/\/rakosliget.hu\/wordpress\/wp-content\/uploads\/2025\/12\/logo-2-2048x637.jpg 2048w, https:\/\/rakosliget.hu\/wordpress\/wp-content\/uploads\/2025\/12\/logo-2-300x93.jpg 300w, https:\/\/rakosliget.hu\/wordpress\/wp-content\/uploads\/2025\/12\/logo-2-768x239.jpg 768w, https:\/\/rakosliget.hu\/wordpress\/wp-content\/uploads\/2025\/12\/logo-2-1536x478.jpg 1536w\" sizes=\"auto, (max-width: 2048px) 100vw, 2048px\" \/><\/figure>\n\n\n\n<h2 class=\"wp-block-heading\">1950<\/h2>\n\n\n<div class=\"wp-block-image\">\n<figure class=\"aligncenter size-large\"><img loading=\"lazy\" decoding=\"async\" width=\"2048\" height=\"2808\" src=\"https:\/\/rakosliget.hu\/wordpress\/wp-content\/uploads\/2025\/12\/Gozon-1950-2048x2808.jpg\" alt=\"\" class=\"wp-image-20429\" srcset=\"https:\/\/rakosliget.hu\/wordpress\/wp-content\/uploads\/2025\/12\/Gozon-1950-2048x2808.jpg 2048w, https:\/\/rakosliget.hu\/wordpress\/wp-content\/uploads\/2025\/12\/Gozon-1950-219x300.jpg 219w, https:\/\/rakosliget.hu\/wordpress\/wp-content\/uploads\/2025\/12\/Gozon-1950-768x1053.jpg 768w, https:\/\/rakosliget.hu\/wordpress\/wp-content\/uploads\/2025\/12\/Gozon-1950-1120x1536.jpg 1120w, https:\/\/rakosliget.hu\/wordpress\/wp-content\/uploads\/2025\/12\/Gozon-1950-1494x2048.jpg 1494w, https:\/\/rakosliget.hu\/wordpress\/wp-content\/uploads\/2025\/12\/Gozon-1950-scaled.jpg 1867w\" sizes=\"auto, (max-width: 2048px) 100vw, 2048px\" \/><figcaption class=\"wp-element-caption\">1950. 06. 08. <\/figcaption><\/figure>\n<\/div>\n\n\n<p>&#8230; a f\u0151v\u00e1ros I., II., XI., XII. \u00e9s XXII. ker. k\u00f6zigazgat\u00e1si ter\u00fclet\u00e9n a budai, a III. ker. ter\u00fclet\u00e9n az \u00f3budai, a IV. ker. ter\u00fclet\u00e9n az ujpesti, a X. ker. ter\u00fclet\u00e9n a k\u0151b\u00e1nyai, a XV. ker. ter\u00fclet\u00e9n a r\u00e1kospalotai , a XVI. \u00e9s XVII. ker. ter\u00fclet\u00e9n az el\u00f6lj\u00e1r\u00f3s\u00e1g \u00e1ltal meg\u00e1llap\u00edtand\u00f3 sz\u00e9khely\u0171, a XVIII. \u00e9s XIX ker. ter\u00fclet\u00e9n a Kispest-L\u0151rnci, a XX. \u00e9s XXI. ker. ter\u0171l\u00e9t\u00e9n pedig a Pesterzs\u00e9bet csepeli k\u00f6rzeteket l\u00e9tes\u00edti. &#8230;<br>Mondja ki a k\u00f6zgy\u0171l\u00e9s hogy tekintettel arra, miszerint a Pesti Chevra Kadisa \u00e9s a megalakul\u00f3 Budapesti Hitk\u00f6zs\u00e9g ter\u00fclet\u00e9n m\u0171k\u0151d\u00f6tt chevra kadis\u00e1k feloszlottak \u00e9s kimondott\u00e1k az egys\u00e9ges hitk\u00f6zs\u00e9ghez val\u00f3 csatlakoz\u00e1sukat, &#8230;<br>V\u00e9g\u00fcl mondja ki a k\u00f6zgy\u0171!\u00e9s, hogy \u00fcnnep\u00e9lyesen mai \u00fcl\u00e9s\u00e9nek jegyz\u0151k\u00f6nyv\u00e9be iktatja a Pesti Izraelita Hitk\u00f6zs\u00e9ghez csatlakozott, illet\u0151leg a vele egyes\u00fclt testv\u00e9r hitk\u00f6zs\u00e9gek, chevra kadis\u00e1k, n\u0151egyletek \u00e9s m\u00e1s vall\u00e1si jelleg\u0171 egyes\u00fcletek nagy \u00e9s t\u00f6rt\u00e9neti \u00e9rdemeit. A k\u00f6zgy\u0171l\u00e9s h\u00e1l\u00e1t ad a Mindenhat\u00f3nak, hogy ezen zsid\u00f3 k\u00f6z\u00f6ss\u00e9gek \u00e9s int\u00e9zm\u00e9nyek \u00fatj\u00e1n siker\u00fclt eddig fenntartani Budapest f\u0151v\u00e1ros ter\u00fclet\u00e9n a hagyom\u00e1nyos zsid\u00f3 vall\u00e1si \u00e9letet \u00e9s teljes\u00edteni a zsid\u00f3 vall\u00e1s \u00e1ltal el\u0151irt parancsolatokat. S most, mid\u0151n mindezen szervezetek feladatk\u00f6r\u00e9t az egys\u00e9ges hitk\u00f6zs\u00e9g \u00e1tveszi, a hitk\u00f6zs\u00e9g k\u00e9pvisel\u0151test\u00fclete a Mindenhat\u00f3hoz foh\u00e1szkodik, hogy adj\u00f3n kitart\u00e1st a hitk\u00f6zs\u00e9g vezet\u0151s\u00e9g\u00e9nek \u00e9s minden egyes tagj\u00e1nak ahhoz, hogy az er\u0151k egyes\u00edt\u00e9s\u00e9nek e t\u00f6rt\u00e9neti korszak\u00e1ban meg tudj\u00e1k alapozni az \u00faj egys\u00e9ges hitk\u00f6zs\u00e9get, amely szervezet\u00e9ben, c\u00e9lkit\u0171z\u00e9seiben \u00e9s dolgoz\u00f3 munkat\u00e1rsaiban alkalmas legyen arra, hogy az \u00e1tvett feladat\u00f3k\u00e1t megval\u00f3s\u00edts\u00e1k. Ehhez adj\u00f3n a Mindenhat\u00f3 els\u0151sorban b\u00e9k\u00e9t, amely alapja minden munk\u00e1nak, \u00edgy a zsid\u00f3 munk\u00e1nak is. A b\u00e9k\u00e9\u00e9rt val\u00f3 t\u00e1ntor\u00edthatatlan k\u00fczdelem hassa \u00e1t az \u00faj egys\u00e9ges Budapesti Hitk\u00f6zs\u00e9g minden tagj\u00e1t. &#8230;<br>&#8230; A hat\u00e1rozott \u05f4igen&#8221; felki\u00e1lt\u00e1sokra az eln\u00f6k meg\u00e1llap\u00edtotta, hogy a javaslatban foglaltakat a k\u00f6zgy\u0171l\u00e9s r\u00e9sztvev\u0151i egyhangulag elfogadt\u00e1k. &#8230;<br><\/p>\n\n\n<div class=\"wp-block-image\">\n<figure class=\"aligncenter size-full\"><img loading=\"lazy\" decoding=\"async\" width=\"1102\" height=\"2127\" src=\"https:\/\/rakosliget.hu\/wordpress\/wp-content\/uploads\/2025\/12\/1950-09-07.jpg\" alt=\"\" class=\"wp-image-20432\" srcset=\"https:\/\/rakosliget.hu\/wordpress\/wp-content\/uploads\/2025\/12\/1950-09-07.jpg 1102w, https:\/\/rakosliget.hu\/wordpress\/wp-content\/uploads\/2025\/12\/1950-09-07-155x300.jpg 155w, https:\/\/rakosliget.hu\/wordpress\/wp-content\/uploads\/2025\/12\/1950-09-07-768x1482.jpg 768w, https:\/\/rakosliget.hu\/wordpress\/wp-content\/uploads\/2025\/12\/1950-09-07-796x1536.jpg 796w, https:\/\/rakosliget.hu\/wordpress\/wp-content\/uploads\/2025\/12\/1950-09-07-1061x2048.jpg 1061w\" sizes=\"auto, (max-width: 1102px) 100vw, 1102px\" \/><figcaption class=\"wp-element-caption\">1950. 09. 07. <\/figcaption><\/figure>\n<\/div>\n\n<div class=\"wp-block-image\">\n<figure class=\"aligncenter size-large\"><img loading=\"lazy\" decoding=\"async\" width=\"1130\" height=\"4078\" src=\"https:\/\/rakosliget.hu\/wordpress\/wp-content\/uploads\/2025\/12\/1950-12-07-1130x4078.jpg\" alt=\"\" class=\"wp-image-20434\" srcset=\"https:\/\/rakosliget.hu\/wordpress\/wp-content\/uploads\/2025\/12\/1950-12-07-1130x4078.jpg 1130w, https:\/\/rakosliget.hu\/wordpress\/wp-content\/uploads\/2025\/12\/1950-12-07-83x300.jpg 83w, https:\/\/rakosliget.hu\/wordpress\/wp-content\/uploads\/2025\/12\/1950-12-07-768x2771.jpg 768w, https:\/\/rakosliget.hu\/wordpress\/wp-content\/uploads\/2025\/12\/1950-12-07-426x1536.jpg 426w\" sizes=\"auto, (max-width: 1130px) 100vw, 1130px\" \/><figcaption class=\"wp-element-caption\">1950. 12. 07.<\/figcaption><\/figure>\n<\/div>\n\n\n<p><a href=\"https:\/\/rakosliget.hu\/wordpress\/index.php\/sajto-1950-2\/\">VISSZA A SAJT\u00d3 OLDALRA<\/a><\/p>\n","protected":false},"excerpt":{"rendered":"<p>1950 &#8230; a f\u0151v\u00e1ros I., II., XI., XII. \u00e9s XXII. ker. k\u00f6zigazgat\u00e1si ter\u00fclet\u00e9n a budai, a III. ker. ter\u00fclet\u00e9n az \u00f3budai, a IV. ker. ter\u00fclet\u00e9n az ujpesti, a X. ker. ter\u00fclet\u00e9n a k\u0151b\u00e1nyai, a XV. ker. ter\u00fclet\u00e9n a r\u00e1kospalotai , a XVI. \u00e9s XVII. ker. ter\u00fclet\u00e9n az el\u00f6lj\u00e1r\u00f3s\u00e1g \u00e1ltal meg\u00e1llap\u00edtand\u00f3 sz\u00e9khely\u0171, a XVIII. \u00e9s XIX &hellip; <a href=\"https:\/\/rakosliget.hu\/wordpress\/index.php\/uj-elet\/\" class=\"more-link\"><span class=\"screen-reader-text\">\u00daJ \u00c9LET<\/span> r\u00e9szletei&#8230;<\/a><\/p>\n","protected":false},"author":1,"featured_media":0,"parent":0,"menu_order":0,"comment_status":"closed","ping_status":"closed","template":"","meta":{"footnotes":""},"class_list":["post-20418","page","type-page","status-publish","hentry"],"_links":{"self":[{"href":"https:\/\/rakosliget.hu\/wordpress\/index.php\/wp-json\/wp\/v2\/pages\/20418","targetHints":{"allow":["GET"]}}],"collection":[{"href":"https:\/\/rakosliget.hu\/wordpress\/index.php\/wp-json\/wp\/v2\/pages"}],"about":[{"href":"https:\/\/rakosliget.hu\/wordpress\/index.php\/wp-json\/wp\/v2\/types\/page"}],"author":[{"embeddable":true,"href":"https:\/\/rakosliget.hu\/wordpress\/index.php\/wp-json\/wp\/v2\/users\/1"}],"replies":[{"embeddable":true,"href":"https:\/\/rakosliget.hu\/wordpress\/index.php\/wp-json\/wp\/v2\/comments?post=20418"}],"version-history":[{"count":6,"href":"https:\/\/rakosliget.hu\/wordpress\/index.php\/wp-json\/wp\/v2\/pages\/20418\/revisions"}],"predecessor-version":[{"id":20437,"href":"https:\/\/rakosliget.hu\/wordpress\/index.php\/wp-json\/wp\/v2\/pages\/20418\/revisions\/20437"}],"wp:attachment":[{"href":"https:\/\/rakosliget.hu\/wordpress\/index.php\/wp-json\/wp\/v2\/media?parent=20418"}],"curies":[{"name":"wp","href":"https:\/\/api.w.org\/{rel}","templated":true}]}}