{"id":19016,"date":"2025-11-28T05:17:04","date_gmt":"2025-11-28T04:17:04","guid":{"rendered":"https:\/\/rakosliget.hu\/wordpress\/?page_id=19016"},"modified":"2025-11-28T06:43:46","modified_gmt":"2025-11-28T05:43:46","slug":"pest","status":"publish","type":"page","link":"https:\/\/rakosliget.hu\/wordpress\/index.php\/pest\/","title":{"rendered":"PEST"},"content":{"rendered":"\n<figure class=\"wp-block-image size-large\" id=\"Eleje\"><img loading=\"lazy\" decoding=\"async\" width=\"2048\" height=\"614\" src=\"https:\/\/rakosliget.hu\/wordpress\/wp-content\/uploads\/2025\/11\/logo-7-2048x614.jpg\" alt=\"\" class=\"wp-image-19015\" srcset=\"https:\/\/rakosliget.hu\/wordpress\/wp-content\/uploads\/2025\/11\/logo-7-2048x614.jpg 2048w, https:\/\/rakosliget.hu\/wordpress\/wp-content\/uploads\/2025\/11\/logo-7-300x90.jpg 300w, https:\/\/rakosliget.hu\/wordpress\/wp-content\/uploads\/2025\/11\/logo-7-768x230.jpg 768w, https:\/\/rakosliget.hu\/wordpress\/wp-content\/uploads\/2025\/11\/logo-7-1536x461.jpg 1536w\" sizes=\"auto, (max-width: 2048px) 100vw, 2048px\" \/><\/figure>\n\n\n\n<p><a href=\"#1940\">1940<\/a>  <a href=\"#1941\">1941<\/a>  <a href=\"#1942\">1942<\/a>  <a href=\"#1943\">1943<\/a>  <a href=\"#1944\">1944<\/a><\/p>\n\n\n\n<p><a href=\"https:\/\/rakosliget.hu\/wordpress\/index.php\/rakosliget-a-korabeli-hirekben\/\">VISSZA A SAJT\u00d3 LAPRA<\/a><\/p>\n\n\n\n<h2 class=\"wp-block-heading\" id=\"1940\">1940<\/h2>\n\n\n<div class=\"wp-block-image\">\n<figure class=\"aligncenter size-full\"><img loading=\"lazy\" decoding=\"async\" width=\"752\" height=\"1057\" src=\"https:\/\/rakosliget.hu\/wordpress\/wp-content\/uploads\/2025\/11\/Demeckine.jpg\" alt=\"\" class=\"wp-image-19020\" srcset=\"https:\/\/rakosliget.hu\/wordpress\/wp-content\/uploads\/2025\/11\/Demeckine.jpg 752w, https:\/\/rakosliget.hu\/wordpress\/wp-content\/uploads\/2025\/11\/Demeckine-213x300.jpg 213w\" sizes=\"auto, (max-width: 752px) 100vw, 752px\" \/><figcaption class=\"wp-element-caption\">1940. 01. 26. Rabl\u00f3gyilkoss\u00e1g. Demeckin\u00e9.<\/figcaption><\/figure>\n<\/div>\n\n\n<figure class=\"wp-block-image size-large\"><img loading=\"lazy\" decoding=\"async\" width=\"2048\" height=\"3016\" src=\"https:\/\/rakosliget.hu\/wordpress\/wp-content\/uploads\/2025\/11\/Demeckine2-2048x3016.jpg\" alt=\"\" class=\"wp-image-19023\" srcset=\"https:\/\/rakosliget.hu\/wordpress\/wp-content\/uploads\/2025\/11\/Demeckine2-2048x3016.jpg 2048w, https:\/\/rakosliget.hu\/wordpress\/wp-content\/uploads\/2025\/11\/Demeckine2-204x300.jpg 204w, https:\/\/rakosliget.hu\/wordpress\/wp-content\/uploads\/2025\/11\/Demeckine2-768x1131.jpg 768w, https:\/\/rakosliget.hu\/wordpress\/wp-content\/uploads\/2025\/11\/Demeckine2-1043x1536.jpg 1043w, https:\/\/rakosliget.hu\/wordpress\/wp-content\/uploads\/2025\/11\/Demeckine2-1391x2048.jpg 1391w, https:\/\/rakosliget.hu\/wordpress\/wp-content\/uploads\/2025\/11\/Demeckine2-scaled.jpg 1738w\" sizes=\"auto, (max-width: 2048px) 100vw, 2048px\" \/><figcaption class=\"wp-element-caption\">1940. 02. 22.<\/figcaption><\/figure>\n\n\n<div class=\"wp-block-image\">\n<figure class=\"aligncenter size-full\"><img loading=\"lazy\" decoding=\"async\" width=\"784\" height=\"697\" src=\"https:\/\/rakosliget.hu\/wordpress\/wp-content\/uploads\/2025\/11\/Demecki3.jpg\" alt=\"\" class=\"wp-image-19025\" srcset=\"https:\/\/rakosliget.hu\/wordpress\/wp-content\/uploads\/2025\/11\/Demecki3.jpg 784w, https:\/\/rakosliget.hu\/wordpress\/wp-content\/uploads\/2025\/11\/Demecki3-300x267.jpg 300w, https:\/\/rakosliget.hu\/wordpress\/wp-content\/uploads\/2025\/11\/Demecki3-768x683.jpg 768w\" sizes=\"auto, (max-width: 784px) 100vw, 784px\" \/><figcaption class=\"wp-element-caption\">1940. 03.. 05. Demeckin\u00e9 gyilkoss\u00e1g<\/figcaption><\/figure>\n<\/div>\n\n<div class=\"wp-block-image\">\n<figure class=\"aligncenter size-full\"><img loading=\"lazy\" decoding=\"async\" width=\"1503\" height=\"1472\" src=\"https:\/\/rakosliget.hu\/wordpress\/wp-content\/uploads\/2025\/11\/Demecki4.jpg\" alt=\"\" class=\"wp-image-19027\" srcset=\"https:\/\/rakosliget.hu\/wordpress\/wp-content\/uploads\/2025\/11\/Demecki4.jpg 1503w, https:\/\/rakosliget.hu\/wordpress\/wp-content\/uploads\/2025\/11\/Demecki4-300x294.jpg 300w, https:\/\/rakosliget.hu\/wordpress\/wp-content\/uploads\/2025\/11\/Demecki4-768x752.jpg 768w\" sizes=\"auto, (max-width: 1503px) 100vw, 1503px\" \/><figcaption class=\"wp-element-caption\">1940. 04. 04. Demecki szabadl\u00e1bon.<\/figcaption><\/figure>\n<\/div>\n\n\n<p><a href=\"#Eleje\">VISSZA A LAP TETEJ\u00c9RE<\/a><\/p>\n\n\n\n<h2 class=\"wp-block-heading\" id=\"1941\">1941<\/h2>\n\n\n<div class=\"wp-block-image\">\n<figure class=\"aligncenter size-full\"><img loading=\"lazy\" decoding=\"async\" width=\"1524\" height=\"880\" src=\"https:\/\/rakosliget.hu\/wordpress\/wp-content\/uploads\/2025\/11\/Budapest-nagyobb.jpg\" alt=\"\" class=\"wp-image-19031\" srcset=\"https:\/\/rakosliget.hu\/wordpress\/wp-content\/uploads\/2025\/11\/Budapest-nagyobb.jpg 1524w, https:\/\/rakosliget.hu\/wordpress\/wp-content\/uploads\/2025\/11\/Budapest-nagyobb-300x173.jpg 300w, https:\/\/rakosliget.hu\/wordpress\/wp-content\/uploads\/2025\/11\/Budapest-nagyobb-768x443.jpg 768w\" sizes=\"auto, (max-width: 1524px) 100vw, 1524px\" \/><figcaption class=\"wp-element-caption\">1941. 07. 08.. Budapest k\u00f6rny\u00e9ke 21 k\u00f6zs\u00e9ggel megnagyobbodott.<\/figcaption><\/figure>\n<\/div>\n\n<div class=\"wp-block-image\">\n<figure class=\"aligncenter size-full\"><img loading=\"lazy\" decoding=\"async\" width=\"737\" height=\"210\" src=\"https:\/\/rakosliget.hu\/wordpress\/wp-content\/uploads\/2025\/11\/Move-atletika.jpg\" alt=\"\" class=\"wp-image-19035\" srcset=\"https:\/\/rakosliget.hu\/wordpress\/wp-content\/uploads\/2025\/11\/Move-atletika.jpg 737w, https:\/\/rakosliget.hu\/wordpress\/wp-content\/uploads\/2025\/11\/Move-atletika-300x85.jpg 300w\" sizes=\"auto, (max-width: 737px) 100vw, 737px\" \/><figcaption class=\"wp-element-caption\">1941. 07. 14. MOVE atl\u00e9tikai bajnoks\u00e1g<\/figcaption><\/figure>\n<\/div>\n\n\n<p><a href=\"#Eleje\">VISSZA A LAP TETEJ\u00c9RE<\/a><\/p>\n\n\n\n<h2 class=\"wp-block-heading\" id=\"1942\">1942<\/h2>\n\n\n<div class=\"wp-block-image\">\n<figure class=\"aligncenter size-full\"><img loading=\"lazy\" decoding=\"async\" width=\"764\" height=\"2560\" src=\"https:\/\/rakosliget.hu\/wordpress\/wp-content\/uploads\/2025\/11\/Sulyos-panasz-OTI-scaled.jpg\" alt=\"\" class=\"wp-image-19039\" srcset=\"https:\/\/rakosliget.hu\/wordpress\/wp-content\/uploads\/2025\/11\/Sulyos-panasz-OTI-scaled.jpg 764w, https:\/\/rakosliget.hu\/wordpress\/wp-content\/uploads\/2025\/11\/Sulyos-panasz-OTI-768x2574.jpg 768w, https:\/\/rakosliget.hu\/wordpress\/wp-content\/uploads\/2025\/11\/Sulyos-panasz-OTI-458x1536.jpg 458w, https:\/\/rakosliget.hu\/wordpress\/wp-content\/uploads\/2025\/11\/Sulyos-panasz-OTI-611x2048.jpg 611w\" sizes=\"auto, (max-width: 764px) 100vw, 764px\" \/><figcaption class=\"wp-element-caption\">1942. 05. 20. OTI tisztvisel\u0151 elleni panasz<\/figcaption><\/figure>\n<\/div>\n\n\n<figure class=\"wp-block-image size-full\"><img loading=\"lazy\" decoding=\"async\" width=\"1336\" height=\"2560\" src=\"https:\/\/rakosliget.hu\/wordpress\/wp-content\/uploads\/2025\/11\/Nagy-Budapest-scaled.jpg\" alt=\"\" class=\"wp-image-19042\" srcset=\"https:\/\/rakosliget.hu\/wordpress\/wp-content\/uploads\/2025\/11\/Nagy-Budapest-scaled.jpg 1336w, https:\/\/rakosliget.hu\/wordpress\/wp-content\/uploads\/2025\/11\/Nagy-Budapest-157x300.jpg 157w, https:\/\/rakosliget.hu\/wordpress\/wp-content\/uploads\/2025\/11\/Nagy-Budapest-768x1471.jpg 768w, https:\/\/rakosliget.hu\/wordpress\/wp-content\/uploads\/2025\/11\/Nagy-Budapest-802x1536.jpg 802w, https:\/\/rakosliget.hu\/wordpress\/wp-content\/uploads\/2025\/11\/Nagy-Budapest-1069x2048.jpg 1069w\" sizes=\"auto, (max-width: 1336px) 100vw, 1336px\" \/><figcaption class=\"wp-element-caption\">1942. 06. 26. Nagy Budapest<\/figcaption><\/figure>\n\n\n<div class=\"wp-block-image\">\n<figure class=\"aligncenter size-full\"><img loading=\"lazy\" decoding=\"async\" width=\"1565\" height=\"849\" src=\"https:\/\/rakosliget.hu\/wordpress\/wp-content\/uploads\/2025\/11\/Vonatbaleset.jpg\" alt=\"\" class=\"wp-image-19045\" srcset=\"https:\/\/rakosliget.hu\/wordpress\/wp-content\/uploads\/2025\/11\/Vonatbaleset.jpg 1565w, https:\/\/rakosliget.hu\/wordpress\/wp-content\/uploads\/2025\/11\/Vonatbaleset-300x163.jpg 300w, https:\/\/rakosliget.hu\/wordpress\/wp-content\/uploads\/2025\/11\/Vonatbaleset-768x417.jpg 768w, https:\/\/rakosliget.hu\/wordpress\/wp-content\/uploads\/2025\/11\/Vonatbaleset-1536x833.jpg 1536w\" sizes=\"auto, (max-width: 1565px) 100vw, 1565px\" \/><figcaption class=\"wp-element-caption\">1942. 08. 08. Vonatbaleset<\/figcaption><\/figure>\n<\/div>\n\n<div class=\"wp-block-image\">\n<figure class=\"aligncenter size-full\"><img loading=\"lazy\" decoding=\"async\" width=\"816\" height=\"1577\" src=\"https:\/\/rakosliget.hu\/wordpress\/wp-content\/uploads\/2025\/11\/Rakosliget-pest-kornyekehez.jpg\" alt=\"\" class=\"wp-image-19047\" srcset=\"https:\/\/rakosliget.hu\/wordpress\/wp-content\/uploads\/2025\/11\/Rakosliget-pest-kornyekehez.jpg 816w, https:\/\/rakosliget.hu\/wordpress\/wp-content\/uploads\/2025\/11\/Rakosliget-pest-kornyekehez-155x300.jpg 155w, https:\/\/rakosliget.hu\/wordpress\/wp-content\/uploads\/2025\/11\/Rakosliget-pest-kornyekehez-768x1484.jpg 768w, https:\/\/rakosliget.hu\/wordpress\/wp-content\/uploads\/2025\/11\/Rakosliget-pest-kornyekehez-795x1536.jpg 795w\" sizes=\"auto, (max-width: 816px) 100vw, 816px\" \/><figcaption class=\"wp-element-caption\">1942. 12. 24. R\u00e1kosliget k\u00f6zell\u00e1t\u00e1s\u00e1t Budapesthez csatolt\u00e1k.<\/figcaption><\/figure>\n<\/div>\n\n\n<p><a href=\"#Eleje\">VISSZA A LAP TETEJ\u00c9RE<\/a><\/p>\n\n\n\n<h2 class=\"wp-block-heading\" id=\"1943\">1943<\/h2>\n\n\n<div class=\"wp-block-image\">\n<figure class=\"aligncenter size-full\"><img loading=\"lazy\" decoding=\"async\" width=\"804\" height=\"270\" src=\"https:\/\/rakosliget.hu\/wordpress\/wp-content\/uploads\/2025\/11\/Maratoni-futas.jpg\" alt=\"\" class=\"wp-image-19052\" srcset=\"https:\/\/rakosliget.hu\/wordpress\/wp-content\/uploads\/2025\/11\/Maratoni-futas.jpg 804w, https:\/\/rakosliget.hu\/wordpress\/wp-content\/uploads\/2025\/11\/Maratoni-futas-300x101.jpg 300w, https:\/\/rakosliget.hu\/wordpress\/wp-content\/uploads\/2025\/11\/Maratoni-futas-768x258.jpg 768w\" sizes=\"auto, (max-width: 804px) 100vw, 804px\" \/><figcaption class=\"wp-element-caption\">1943. 09. 20. Kiss maratoni fut\u00e1s gy\u0151zelme<\/figcaption><\/figure>\n<\/div>\n\n\n<p><a href=\"#Eleje\">VISSZA A LAP TETEJ\u00c9RE<\/a><\/p>\n\n\n\n<h2 class=\"wp-block-heading\" id=\"1944\">1944<\/h2>\n\n\n<div class=\"wp-block-image\">\n<figure class=\"aligncenter size-full\"><img loading=\"lazy\" decoding=\"async\" width=\"540\" height=\"437\" src=\"https:\/\/rakosliget.hu\/wordpress\/wp-content\/uploads\/2025\/11\/elveszett-kutya.jpg\" alt=\"\" class=\"wp-image-19056\" srcset=\"https:\/\/rakosliget.hu\/wordpress\/wp-content\/uploads\/2025\/11\/elveszett-kutya.jpg 540w, https:\/\/rakosliget.hu\/wordpress\/wp-content\/uploads\/2025\/11\/elveszett-kutya-300x243.jpg 300w\" sizes=\"auto, (max-width: 540px) 100vw, 540px\" \/><figcaption class=\"wp-element-caption\">1944. 08. 28. Elveszett kutya keres\u00e9se.<\/figcaption><\/figure>\n<\/div>\n\n<div class=\"wp-block-image\">\n<figure class=\"aligncenter size-full\"><img loading=\"lazy\" decoding=\"async\" width=\"1572\" height=\"1189\" src=\"https:\/\/rakosliget.hu\/wordpress\/wp-content\/uploads\/2025\/11\/Nemzetvedelmi-szovetseg.jpg\" alt=\"\" class=\"wp-image-19058\" srcset=\"https:\/\/rakosliget.hu\/wordpress\/wp-content\/uploads\/2025\/11\/Nemzetvedelmi-szovetseg.jpg 1572w, https:\/\/rakosliget.hu\/wordpress\/wp-content\/uploads\/2025\/11\/Nemzetvedelmi-szovetseg-300x227.jpg 300w, https:\/\/rakosliget.hu\/wordpress\/wp-content\/uploads\/2025\/11\/Nemzetvedelmi-szovetseg-768x581.jpg 768w, https:\/\/rakosliget.hu\/wordpress\/wp-content\/uploads\/2025\/11\/Nemzetvedelmi-szovetseg-1536x1162.jpg 1536w\" sizes=\"auto, (max-width: 1572px) 100vw, 1572px\" \/><figcaption class=\"wp-element-caption\">1944. 09. 28. Nemzetv\u00e9delmi Sz\u00f6vets\u00e9g felh\u00edv\u00e1sa.<\/figcaption><\/figure>\n<\/div>\n\n\n<figure class=\"wp-block-image size-large\"><img loading=\"lazy\" decoding=\"async\" width=\"2048\" height=\"2944\" src=\"https:\/\/rakosliget.hu\/wordpress\/wp-content\/uploads\/2025\/11\/bevonulasi-hirdetmeny-2048x2944.jpg\" alt=\"\" class=\"wp-image-19060\" srcset=\"https:\/\/rakosliget.hu\/wordpress\/wp-content\/uploads\/2025\/11\/bevonulasi-hirdetmeny-2048x2944.jpg 2048w, https:\/\/rakosliget.hu\/wordpress\/wp-content\/uploads\/2025\/11\/bevonulasi-hirdetmeny-209x300.jpg 209w, https:\/\/rakosliget.hu\/wordpress\/wp-content\/uploads\/2025\/11\/bevonulasi-hirdetmeny-768x1104.jpg 768w, https:\/\/rakosliget.hu\/wordpress\/wp-content\/uploads\/2025\/11\/bevonulasi-hirdetmeny-1068x1536.jpg 1068w, https:\/\/rakosliget.hu\/wordpress\/wp-content\/uploads\/2025\/11\/bevonulasi-hirdetmeny-1425x2048.jpg 1425w, https:\/\/rakosliget.hu\/wordpress\/wp-content\/uploads\/2025\/11\/bevonulasi-hirdetmeny-scaled.jpg 1781w\" sizes=\"auto, (max-width: 2048px) 100vw, 2048px\" \/><figcaption class=\"wp-element-caption\">1944. 10. 24. Bevonul\u00e1si hirdetm\u00e9ny<\/figcaption><\/figure>\n\n\n<div class=\"wp-block-image\">\n<figure class=\"aligncenter size-full\"><img loading=\"lazy\" decoding=\"async\" width=\"792\" height=\"727\" src=\"https:\/\/rakosliget.hu\/wordpress\/wp-content\/uploads\/2025\/11\/posta-csomagforgalom.jpg\" alt=\"\" class=\"wp-image-19064\" srcset=\"https:\/\/rakosliget.hu\/wordpress\/wp-content\/uploads\/2025\/11\/posta-csomagforgalom.jpg 792w, https:\/\/rakosliget.hu\/wordpress\/wp-content\/uploads\/2025\/11\/posta-csomagforgalom-300x275.jpg 300w, https:\/\/rakosliget.hu\/wordpress\/wp-content\/uploads\/2025\/11\/posta-csomagforgalom-768x705.jpg 768w\" sizes=\"auto, (max-width: 792px) 100vw, 792px\" \/><figcaption class=\"wp-element-caption\">1944. 10. 27. Postai csomagforgalom.<\/figcaption><\/figure>\n<\/div>\n\n\n<p><a href=\"#Eleje\">VISSZA A LAP TETEJ\u00c9RE<\/a><\/p>\n","protected":false},"excerpt":{"rendered":"<p>1940 1941 1942 1943 1944 VISSZA A SAJT\u00d3 LAPRA 1940 VISSZA A LAP TETEJ\u00c9RE 1941 VISSZA A LAP TETEJ\u00c9RE 1942 VISSZA A LAP TETEJ\u00c9RE 1943 VISSZA A LAP TETEJ\u00c9RE 1944 VISSZA A LAP TETEJ\u00c9RE<\/p>\n","protected":false},"author":1,"featured_media":0,"parent":0,"menu_order":0,"comment_status":"closed","ping_status":"closed","template":"","meta":{"footnotes":""},"class_list":["post-19016","page","type-page","status-publish","hentry"],"_links":{"self":[{"href":"https:\/\/rakosliget.hu\/wordpress\/index.php\/wp-json\/wp\/v2\/pages\/19016","targetHints":{"allow":["GET"]}}],"collection":[{"href":"https:\/\/rakosliget.hu\/wordpress\/index.php\/wp-json\/wp\/v2\/pages"}],"about":[{"href":"https:\/\/rakosliget.hu\/wordpress\/index.php\/wp-json\/wp\/v2\/types\/page"}],"author":[{"embeddable":true,"href":"https:\/\/rakosliget.hu\/wordpress\/index.php\/wp-json\/wp\/v2\/users\/1"}],"replies":[{"embeddable":true,"href":"https:\/\/rakosliget.hu\/wordpress\/index.php\/wp-json\/wp\/v2\/comments?post=19016"}],"version-history":[{"count":23,"href":"https:\/\/rakosliget.hu\/wordpress\/index.php\/wp-json\/wp\/v2\/pages\/19016\/revisions"}],"predecessor-version":[{"id":19069,"href":"https:\/\/rakosliget.hu\/wordpress\/index.php\/wp-json\/wp\/v2\/pages\/19016\/revisions\/19069"}],"wp:attachment":[{"href":"https:\/\/rakosliget.hu\/wordpress\/index.php\/wp-json\/wp\/v2\/media?parent=19016"}],"curies":[{"name":"wp","href":"https:\/\/api.w.org\/{rel}","templated":true}]}}