{"id":18426,"date":"2025-10-24T18:45:27","date_gmt":"2025-10-24T17:45:27","guid":{"rendered":"https:\/\/rakosliget.hu\/wordpress\/?page_id=18426"},"modified":"2025-10-24T18:46:26","modified_gmt":"2025-10-24T17:46:26","slug":"rakosliget-kozigazgatasi-atcsatolasai","status":"publish","type":"page","link":"https:\/\/rakosliget.hu\/wordpress\/index.php\/rakosliget-kozigazgatasi-atcsatolasai\/","title":{"rendered":"R\u00c1KOSLIGET K\u00d6ZIGAZGAT\u00c1SI \u00c1TCSATOL\u00c1SAI"},"content":{"rendered":"\n<figure class=\"wp-block-image size-large\"><img loading=\"lazy\" decoding=\"async\" width=\"2048\" height=\"3050\" src=\"https:\/\/rakosliget.hu\/wordpress\/wp-content\/uploads\/2025\/10\/MAGYAR2-2048x3050.jpg\" alt=\"\" class=\"wp-image-18428\" srcset=\"https:\/\/rakosliget.hu\/wordpress\/wp-content\/uploads\/2025\/10\/MAGYAR2-2048x3050.jpg 2048w, https:\/\/rakosliget.hu\/wordpress\/wp-content\/uploads\/2025\/10\/MAGYAR2-201x300.jpg 201w, https:\/\/rakosliget.hu\/wordpress\/wp-content\/uploads\/2025\/10\/MAGYAR2-768x1144.jpg 768w, https:\/\/rakosliget.hu\/wordpress\/wp-content\/uploads\/2025\/10\/MAGYAR2-1031x1536.jpg 1031w, https:\/\/rakosliget.hu\/wordpress\/wp-content\/uploads\/2025\/10\/MAGYAR2-1375x2048.jpg 1375w, https:\/\/rakosliget.hu\/wordpress\/wp-content\/uploads\/2025\/10\/MAGYAR2-scaled.jpg 1719w\" sizes=\"auto, (max-width: 2048px) 100vw, 2048px\" \/><\/figure>\n\n\n\n<figure class=\"wp-block-image size-full\"><img loading=\"lazy\" decoding=\"async\" width=\"1845\" height=\"499\" src=\"https:\/\/rakosliget.hu\/wordpress\/wp-content\/uploads\/2025\/10\/Pest-Pilis-Solt-Kiskun-varmegye-kozigazgat-1922.jpg\" alt=\"\" class=\"wp-image-18430\" srcset=\"https:\/\/rakosliget.hu\/wordpress\/wp-content\/uploads\/2025\/10\/Pest-Pilis-Solt-Kiskun-varmegye-kozigazgat-1922.jpg 1845w, https:\/\/rakosliget.hu\/wordpress\/wp-content\/uploads\/2025\/10\/Pest-Pilis-Solt-Kiskun-varmegye-kozigazgat-1922-300x81.jpg 300w, https:\/\/rakosliget.hu\/wordpress\/wp-content\/uploads\/2025\/10\/Pest-Pilis-Solt-Kiskun-varmegye-kozigazgat-1922-768x208.jpg 768w, https:\/\/rakosliget.hu\/wordpress\/wp-content\/uploads\/2025\/10\/Pest-Pilis-Solt-Kiskun-varmegye-kozigazgat-1922-1536x415.jpg 1536w\" sizes=\"auto, (max-width: 1845px) 100vw, 1845px\" \/><\/figure>\n\n\n\n<figure class=\"wp-block-image size-full\"><img loading=\"lazy\" decoding=\"async\" width=\"1803\" height=\"963\" src=\"https:\/\/rakosliget.hu\/wordpress\/wp-content\/uploads\/2025\/10\/MAGYAR1.jpg\" alt=\"\" class=\"wp-image-18429\" srcset=\"https:\/\/rakosliget.hu\/wordpress\/wp-content\/uploads\/2025\/10\/MAGYAR1.jpg 1803w, https:\/\/rakosliget.hu\/wordpress\/wp-content\/uploads\/2025\/10\/MAGYAR1-300x160.jpg 300w, https:\/\/rakosliget.hu\/wordpress\/wp-content\/uploads\/2025\/10\/MAGYAR1-768x410.jpg 768w, https:\/\/rakosliget.hu\/wordpress\/wp-content\/uploads\/2025\/10\/MAGYAR1-1536x820.jpg 1536w\" sizes=\"auto, (max-width: 1803px) 100vw, 1803px\" \/><figcaption class=\"wp-element-caption\">Forr\u00e1s: Magyarorsz\u00e1g t\u00f6rt\u00e9neti statisztikai helys\u00e9gn\u00e9vt\u00e1ra \u2013 15. Pest megye (2000)VIb A mai Pest megye kialakul\u00e1sa a helys\u00e9gn\u00e9vt\u00e1rak t\u00fckr\u00e9ben 1863-t\u00f3l 1995-ig<\/figcaption><\/figure>\n","protected":false},"excerpt":{"rendered":"","protected":false},"author":1,"featured_media":0,"parent":0,"menu_order":0,"comment_status":"closed","ping_status":"closed","template":"","meta":{"footnotes":""},"class_list":["post-18426","page","type-page","status-publish","hentry"],"_links":{"self":[{"href":"https:\/\/rakosliget.hu\/wordpress\/index.php\/wp-json\/wp\/v2\/pages\/18426","targetHints":{"allow":["GET"]}}],"collection":[{"href":"https:\/\/rakosliget.hu\/wordpress\/index.php\/wp-json\/wp\/v2\/pages"}],"about":[{"href":"https:\/\/rakosliget.hu\/wordpress\/index.php\/wp-json\/wp\/v2\/types\/page"}],"author":[{"embeddable":true,"href":"https:\/\/rakosliget.hu\/wordpress\/index.php\/wp-json\/wp\/v2\/users\/1"}],"replies":[{"embeddable":true,"href":"https:\/\/rakosliget.hu\/wordpress\/index.php\/wp-json\/wp\/v2\/comments?post=18426"}],"version-history":[{"count":3,"href":"https:\/\/rakosliget.hu\/wordpress\/index.php\/wp-json\/wp\/v2\/pages\/18426\/revisions"}],"predecessor-version":[{"id":18432,"href":"https:\/\/rakosliget.hu\/wordpress\/index.php\/wp-json\/wp\/v2\/pages\/18426\/revisions\/18432"}],"wp:attachment":[{"href":"https:\/\/rakosliget.hu\/wordpress\/index.php\/wp-json\/wp\/v2\/media?parent=18426"}],"curies":[{"name":"wp","href":"https:\/\/api.w.org\/{rel}","templated":true}]}}