{"id":1706,"date":"2018-10-17T05:08:02","date_gmt":"2018-10-17T04:08:02","guid":{"rendered":"http:\/\/rakosliget.hu\/wordpress\/?page_id=1706"},"modified":"2026-01-16T19:47:18","modified_gmt":"2026-01-16T18:47:18","slug":"rakosligeti-romai-katolikus-templom","status":"publish","type":"page","link":"https:\/\/rakosliget.hu\/wordpress\/index.php\/rakosligeti-romai-katolikus-templom\/","title":{"rendered":"R\u00e1kosligeti r\u00f3mai katolikus templom"},"content":{"rendered":"\n<h3 class=\"wp-block-heading\"><a href=\"https:\/\/rakosliget.hu\/wordpress\/index.php\/egyhazak-rakosligeten\/\">VISSZA AZ EGYH\u00c1ZAK LAPRA<\/a><\/h3>\n\n\n\n\t<!-- Gallery Engine Assets -->\r\n\t<style>\r\n\t\t#image_gallery_wrap_1690 {\r\n            --ig-gutter: 8px;\r\n            --ig-cols-lg: 4;\r\n            --ig-cols-md: 4;\r\n            --ig-cols-sm: 3;\r\n            --ig-cols-xs: 1;\r\n            \r\n            \/* Dynamic Border Variables *\/\r\n                        --ig-radius: 8px;\r\n            --ig-card-radius: 8px;\r\n            --ig-card-padding: 8px;\r\n\r\n\r\n        }\r\n\t<\/style>\r\n        <div id=\"image_gallery_wrap_1690\" \r\n        class=\"ig-gallery-outer-wrap ig-layout-masonry\" \r\n        data-layout=\"masonry\" \r\n        data-lb-loop=\"0\" \r\n        data-lb-label=\"Image %1 of %2\"\r\n        data-version=\"2.0.1\">\r\n\r\n    <div id=\"image_gallery_1690\" \n         class=\"ig-row igp-gallery all-images_1690\">\n        <div class=\"grid-sizer\"><\/div>\n                        <div class=\"ig-col single-image igp-item ig-col-lg-3 ig-col-md-3 ig-col-sm-4 ig-col-12\" data-index=\"0\">\n            <div class=\"ig-image-card igp-card ig-has-card-border hvr-float-shadow\">\n                                    <a class=\"ig-lightbox-item\" href=\"https:\/\/rakosliget.hu\/wordpress\/wp-content\/uploads\/2018\/10\/2015-november.jpg\" data-lightbox=\"ig-gallery-1690\" data-title=\"2015 november\" data-width=\"640\" data-height=\"480\">\n                                    \n\n\n                    <div class=\"ig-image-container\">\n                        <img loading=\"lazy\" decoding=\"async\" width=\"150\" height=\"150\" src=\"https:\/\/rakosliget.hu\/wordpress\/wp-content\/uploads\/2018\/10\/2015-november-150x150.jpg\" class=\"ig-thumbnail loading\" alt=\"2015 november\" \/>                        \n                                                    <div class=\"ig-overlay ig-overlay-bottom\">\n                                <span class=\"ig-item-title\">2015 november<\/span>\n                            <\/div>\n                                            <\/div>\n\n\n\n                                    <\/a>\n                            <\/div>\n\n        <\/div>\n                        <div class=\"ig-col single-image igp-item ig-col-lg-3 ig-col-md-3 ig-col-sm-4 ig-col-12\" data-index=\"1\">\n            <div class=\"ig-image-card igp-card ig-has-card-border hvr-float-shadow\">\n                                    <a class=\"ig-lightbox-item\" href=\"https:\/\/rakosliget.hu\/wordpress\/wp-content\/uploads\/2018\/10\/1.jpg\" data-lightbox=\"ig-gallery-1690\" data-title=\"2015 november\" data-width=\"700\" data-height=\"525\">\n                                    \n\n\n                    <div class=\"ig-image-container\">\n                        <img loading=\"lazy\" decoding=\"async\" width=\"150\" height=\"150\" src=\"https:\/\/rakosliget.hu\/wordpress\/wp-content\/uploads\/2018\/10\/1-150x150.jpg\" class=\"ig-thumbnail loading\" alt=\"2015 november\" \/>                        \n                                                    <div class=\"ig-overlay ig-overlay-bottom\">\n                                <span class=\"ig-item-title\">2015 november<\/span>\n                            <\/div>\n                                            <\/div>\n\n\n\n                                    <\/a>\n                            <\/div>\n\n        <\/div>\n                        <div class=\"ig-col single-image igp-item ig-col-lg-3 ig-col-md-3 ig-col-sm-4 ig-col-12\" data-index=\"2\">\n            <div class=\"ig-image-card igp-card ig-has-card-border hvr-float-shadow\">\n                                    <a class=\"ig-lightbox-item\" href=\"https:\/\/rakosliget.hu\/wordpress\/wp-content\/uploads\/2018\/10\/kat5_.jpg\" data-lightbox=\"ig-gallery-1690\" data-title=\"K\u00e9peslap\" data-width=\"324\" data-height=\"500\">\n                                    \n\n\n                    <div class=\"ig-image-container\">\n                        <img loading=\"lazy\" decoding=\"async\" width=\"150\" height=\"150\" src=\"https:\/\/rakosliget.hu\/wordpress\/wp-content\/uploads\/2018\/10\/kat5_-150x150.jpg\" class=\"ig-thumbnail loading\" alt=\"K\u00e9peslap\" \/>                        \n                                                    <div class=\"ig-overlay ig-overlay-bottom\">\n                                <span class=\"ig-item-title\">K\u00e9peslap<\/span>\n                            <\/div>\n                                            <\/div>\n\n\n\n                                    <\/a>\n                            <\/div>\n\n        <\/div>\n                        <div class=\"ig-col single-image igp-item ig-col-lg-3 ig-col-md-3 ig-col-sm-4 ig-col-12\" data-index=\"3\">\n            <div class=\"ig-image-card igp-card ig-has-card-border hvr-float-shadow\">\n                                    <a class=\"ig-lightbox-item\" href=\"https:\/\/rakosliget.hu\/wordpress\/wp-content\/uploads\/2018\/10\/kat.jpg\" data-lightbox=\"ig-gallery-1690\" data-title=\"K\u00e9peslap\" data-width=\"494\" data-height=\"308\">\n                                    \n\n\n                    <div class=\"ig-image-container\">\n                        <img loading=\"lazy\" decoding=\"async\" width=\"150\" height=\"150\" src=\"https:\/\/rakosliget.hu\/wordpress\/wp-content\/uploads\/2018\/10\/kat-150x150.jpg\" class=\"ig-thumbnail loading\" alt=\"K\u00e9peslap\" \/>                        \n                                                    <div class=\"ig-overlay ig-overlay-bottom\">\n                                <span class=\"ig-item-title\">K\u00e9peslap<\/span>\n                            <\/div>\n                                            <\/div>\n\n\n\n                                    <\/a>\n                            <\/div>\n\n        <\/div>\n                        <div class=\"ig-col single-image igp-item ig-col-lg-3 ig-col-md-3 ig-col-sm-4 ig-col-12\" data-index=\"4\">\n            <div class=\"ig-image-card igp-card ig-has-card-border hvr-float-shadow\">\n                                    <a class=\"ig-lightbox-item\" href=\"https:\/\/rakosliget.hu\/wordpress\/wp-content\/uploads\/2018\/10\/kat1.jpg\" data-lightbox=\"ig-gallery-1690\" data-title=\"K\u00e9peslap\" data-width=\"296\" data-height=\"486\">\n                                    \n\n\n                    <div class=\"ig-image-container\">\n                        <img loading=\"lazy\" decoding=\"async\" width=\"150\" height=\"150\" src=\"https:\/\/rakosliget.hu\/wordpress\/wp-content\/uploads\/2018\/10\/kat1-150x150.jpg\" class=\"ig-thumbnail loading\" alt=\"K\u00e9peslap\" \/>                        \n                                                    <div class=\"ig-overlay ig-overlay-bottom\">\n                                <span class=\"ig-item-title\">K\u00e9peslap<\/span>\n                            <\/div>\n                                            <\/div>\n\n\n\n                                    <\/a>\n                            <\/div>\n\n        <\/div>\n                        <div class=\"ig-col single-image igp-item ig-col-lg-3 ig-col-md-3 ig-col-sm-4 ig-col-12\" data-index=\"5\">\n            <div class=\"ig-image-card igp-card ig-has-card-border hvr-float-shadow\">\n                                    <a class=\"ig-lightbox-item\" href=\"https:\/\/rakosliget.hu\/wordpress\/wp-content\/uploads\/2018\/10\/kat2.jpg\" data-lightbox=\"ig-gallery-1690\" data-title=\"Eml\u00e9km\u0171avat\u00e1s\" data-width=\"421\" data-height=\"322\">\n                                    \n\n\n                    <div class=\"ig-image-container\">\n                        <img loading=\"lazy\" decoding=\"async\" width=\"150\" height=\"150\" src=\"https:\/\/rakosliget.hu\/wordpress\/wp-content\/uploads\/2018\/10\/kat2-150x150.jpg\" class=\"ig-thumbnail loading\" alt=\"Eml\u00e9km\u0171avat\u00e1s\" \/>                        \n                                                    <div class=\"ig-overlay ig-overlay-bottom\">\n                                <span class=\"ig-item-title\">Eml\u00e9km\u0171avat\u00e1s<\/span>\n                            <\/div>\n                                            <\/div>\n\n\n\n                                    <\/a>\n                            <\/div>\n\n        <\/div>\n                        <div class=\"ig-col single-image igp-item ig-col-lg-3 ig-col-md-3 ig-col-sm-4 ig-col-12\" data-index=\"6\">\n            <div class=\"ig-image-card igp-card ig-has-card-border hvr-float-shadow\">\n                                    <a class=\"ig-lightbox-item\" href=\"https:\/\/rakosliget.hu\/wordpress\/wp-content\/uploads\/2018\/10\/Masolat-Novemberi-kep-Kat.-templom1.jpg\" data-lightbox=\"ig-gallery-1690\" data-title=\"November\" data-width=\"667\" data-height=\"500\">\n                                    \n\n\n                    <div class=\"ig-image-container\">\n                        <img loading=\"lazy\" decoding=\"async\" width=\"150\" height=\"150\" src=\"https:\/\/rakosliget.hu\/wordpress\/wp-content\/uploads\/2018\/10\/Masolat-Novemberi-kep-Kat.-templom1-150x150.jpg\" class=\"ig-thumbnail loading\" alt=\"November\" \/>                        \n                                                    <div class=\"ig-overlay ig-overlay-bottom\">\n                                <span class=\"ig-item-title\">November<\/span>\n                            <\/div>\n                                            <\/div>\n\n\n\n                                    <\/a>\n                            <\/div>\n\n        <\/div>\n                        <div class=\"ig-col single-image igp-item ig-col-lg-3 ig-col-md-3 ig-col-sm-4 ig-col-12\" data-index=\"7\">\n            <div class=\"ig-image-card igp-card ig-has-card-border hvr-float-shadow\">\n                                    <a class=\"ig-lightbox-item\" href=\"https:\/\/rakosliget.hu\/wordpress\/wp-content\/uploads\/2018\/10\/Ferihegyi-ut-a-IX.-utcatol-fel.jpg\" data-lightbox=\"ig-gallery-1690\" data-title=\"Ferihegyi \u00fat\" data-width=\"640\" data-height=\"480\">\n                                    \n\n\n                    <div class=\"ig-image-container\">\n                        <img loading=\"lazy\" decoding=\"async\" width=\"150\" height=\"150\" src=\"https:\/\/rakosliget.hu\/wordpress\/wp-content\/uploads\/2018\/10\/Ferihegyi-ut-a-IX.-utcatol-fel-150x150.jpg\" class=\"ig-thumbnail loading\" alt=\"Ferihegyi \u00fat\" \/>                        \n                                                    <div class=\"ig-overlay ig-overlay-bottom\">\n                                <span class=\"ig-item-title\">Ferihegyi \u00fat<\/span>\n                            <\/div>\n                                            <\/div>\n\n\n\n                                    <\/a>\n                            <\/div>\n\n        <\/div>\n                        <div class=\"ig-col single-image igp-item ig-col-lg-3 ig-col-md-3 ig-col-sm-4 ig-col-12\" data-index=\"8\">\n            <div class=\"ig-image-card igp-card ig-has-card-border hvr-float-shadow\">\n                                    <a class=\"ig-lightbox-item\" href=\"https:\/\/rakosliget.hu\/wordpress\/wp-content\/uploads\/2018\/10\/Masolat-Novemberi-kep-Kat.-templom2.jpg\" data-lightbox=\"ig-gallery-1690\" data-title=\"Novemberi kep\" data-width=\"375\" data-height=\"500\">\n                                    \n\n\n                    <div class=\"ig-image-container\">\n                        <img loading=\"lazy\" decoding=\"async\" width=\"150\" height=\"150\" src=\"https:\/\/rakosliget.hu\/wordpress\/wp-content\/uploads\/2018\/10\/Masolat-Novemberi-kep-Kat.-templom2-150x150.jpg\" class=\"ig-thumbnail loading\" alt=\"Novemberi kep\" \/>                        \n                                                    <div class=\"ig-overlay ig-overlay-bottom\">\n                                <span class=\"ig-item-title\">Novemberi kep<\/span>\n                            <\/div>\n                                            <\/div>\n\n\n\n                                    <\/a>\n                            <\/div>\n\n        <\/div>\n                        <div class=\"ig-col single-image igp-item ig-col-lg-3 ig-col-md-3 ig-col-sm-4 ig-col-12\" data-index=\"9\">\n            <div class=\"ig-image-card igp-card ig-has-card-border hvr-float-shadow\">\n                                    <a class=\"ig-lightbox-item\" href=\"https:\/\/rakosliget.hu\/wordpress\/wp-content\/uploads\/2018\/10\/nh.jpg\" data-lightbox=\"ig-gallery-1690\" data-title=\"November\" data-width=\"667\" data-height=\"500\">\n                                    \n\n\n                    <div class=\"ig-image-container\">\n                        <img loading=\"lazy\" decoding=\"async\" width=\"150\" height=\"150\" src=\"https:\/\/rakosliget.hu\/wordpress\/wp-content\/uploads\/2018\/10\/nh-150x150.jpg\" class=\"ig-thumbnail loading\" alt=\"November\" \/>                        \n                                                    <div class=\"ig-overlay ig-overlay-bottom\">\n                                <span class=\"ig-item-title\">November<\/span>\n                            <\/div>\n                                            <\/div>\n\n\n\n                                    <\/a>\n                            <\/div>\n\n        <\/div>\n                        <div class=\"ig-col single-image igp-item ig-col-lg-3 ig-col-md-3 ig-col-sm-4 ig-col-12\" data-index=\"10\">\n            <div class=\"ig-image-card igp-card ig-has-card-border hvr-float-shadow\">\n                                    <a class=\"ig-lightbox-item\" href=\"https:\/\/rakosliget.hu\/wordpress\/wp-content\/uploads\/2018\/10\/Masolat-Novemberi-kep-Kat.-templom3.jpg\" data-lightbox=\"ig-gallery-1690\" data-title=\"Novemberi kep\" data-width=\"375\" data-height=\"500\">\n                                    \n\n\n                    <div class=\"ig-image-container\">\n                        <img loading=\"lazy\" decoding=\"async\" width=\"150\" height=\"150\" src=\"https:\/\/rakosliget.hu\/wordpress\/wp-content\/uploads\/2018\/10\/Masolat-Novemberi-kep-Kat.-templom3-150x150.jpg\" class=\"ig-thumbnail loading\" alt=\"Novemberi kep\" \/>                        \n                                                    <div class=\"ig-overlay ig-overlay-bottom\">\n                                <span class=\"ig-item-title\">Novemberi kep<\/span>\n                            <\/div>\n                                            <\/div>\n\n\n\n                                    <\/a>\n                            <\/div>\n\n        <\/div>\n                        <div class=\"ig-col single-image igp-item ig-col-lg-3 ig-col-md-3 ig-col-sm-4 ig-col-12\" data-index=\"11\">\n            <div class=\"ig-image-card igp-card ig-has-card-border hvr-float-shadow\">\n                                    <a class=\"ig-lightbox-item\" href=\"https:\/\/rakosliget.hu\/wordpress\/wp-content\/uploads\/2018\/10\/Rakosliget-katolikus-templom.jpg\" data-lightbox=\"ig-gallery-1690\" data-title=\"Rakosliget katolikus templom\" data-width=\"375\" data-height=\"500\">\n                                    \n\n\n                    <div class=\"ig-image-container\">\n                        <img loading=\"lazy\" decoding=\"async\" width=\"150\" height=\"150\" src=\"https:\/\/rakosliget.hu\/wordpress\/wp-content\/uploads\/2018\/10\/Rakosliget-katolikus-templom-150x150.jpg\" class=\"ig-thumbnail loading\" alt=\"Rakosliget katolikus templom\" \/>                        \n                                                    <div class=\"ig-overlay ig-overlay-bottom\">\n                                <span class=\"ig-item-title\">Rakosliget katolikus templom<\/span>\n                            <\/div>\n                                            <\/div>\n\n\n\n                                    <\/a>\n                            <\/div>\n\n        <\/div>\n                        <div class=\"ig-col single-image igp-item ig-col-lg-3 ig-col-md-3 ig-col-sm-4 ig-col-12\" data-index=\"12\">\n            <div class=\"ig-image-card igp-card ig-has-card-border hvr-float-shadow\">\n                                    <a class=\"ig-lightbox-item\" href=\"https:\/\/rakosliget.hu\/wordpress\/wp-content\/uploads\/2018\/10\/Rakosliget-Hosok-tere-a-teniszpalya-felol.jpg\" data-lightbox=\"ig-gallery-1690\" data-title=\"Rakosliget, Hosok tere a teniszpalya fel\u0151l\" data-width=\"640\" data-height=\"480\">\n                                    \n\n\n                    <div class=\"ig-image-container\">\n                        <img loading=\"lazy\" decoding=\"async\" width=\"150\" height=\"150\" src=\"https:\/\/rakosliget.hu\/wordpress\/wp-content\/uploads\/2018\/10\/Rakosliget-Hosok-tere-a-teniszpalya-felol-150x150.jpg\" class=\"ig-thumbnail loading\" alt=\"Rakosliget, Hosok tere a teniszpalya fel\u0151l\" \/>                        \n                                                    <div class=\"ig-overlay ig-overlay-bottom\">\n                                <span class=\"ig-item-title\">Rakosliget, Hosok tere a teniszpalya fel\u0151l<\/span>\n                            <\/div>\n                                            <\/div>\n\n\n\n                                    <\/a>\n                            <\/div>\n\n        <\/div>\n                        <div class=\"ig-col single-image igp-item ig-col-lg-3 ig-col-md-3 ig-col-sm-4 ig-col-12\" data-index=\"13\">\n            <div class=\"ig-image-card igp-card ig-has-card-border hvr-float-shadow\">\n                                    <a class=\"ig-lightbox-item\" href=\"https:\/\/rakosliget.hu\/wordpress\/wp-content\/uploads\/2018\/10\/PICT2046_2005_04_16.jpg\" data-lightbox=\"ig-gallery-1690\" data-title=\"2005.04.16.\" data-width=\"667\" data-height=\"500\">\n                                    \n\n\n                    <div class=\"ig-image-container\">\n                        <img loading=\"lazy\" decoding=\"async\" width=\"150\" height=\"150\" src=\"https:\/\/rakosliget.hu\/wordpress\/wp-content\/uploads\/2018\/10\/PICT2046_2005_04_16-150x150.jpg\" class=\"ig-thumbnail loading\" alt=\"2005.04.16.\" \/>                        \n                                                    <div class=\"ig-overlay ig-overlay-bottom\">\n                                <span class=\"ig-item-title\">2005.04.16.<\/span>\n                            <\/div>\n                                            <\/div>\n\n\n\n                                    <\/a>\n                            <\/div>\n\n        <\/div>\n                        <div class=\"ig-col single-image igp-item ig-col-lg-3 ig-col-md-3 ig-col-sm-4 ig-col-12\" data-index=\"14\">\n            <div class=\"ig-image-card igp-card ig-has-card-border hvr-float-shadow\">\n                                    <a class=\"ig-lightbox-item\" href=\"https:\/\/rakosliget.hu\/wordpress\/wp-content\/uploads\/2018\/10\/templom.jpg\" data-lightbox=\"ig-gallery-1690\" data-title=\"Templombels\u0151\" data-width=\"640\" data-height=\"480\">\n                                    \n\n\n                    <div class=\"ig-image-container\">\n                        <img loading=\"lazy\" decoding=\"async\" width=\"150\" height=\"150\" src=\"https:\/\/rakosliget.hu\/wordpress\/wp-content\/uploads\/2018\/10\/templom-150x150.jpg\" class=\"ig-thumbnail loading\" alt=\"Templombels\u0151\" \/>                        \n                                                    <div class=\"ig-overlay ig-overlay-bottom\">\n                                <span class=\"ig-item-title\">Templombels\u0151<\/span>\n                            <\/div>\n                                            <\/div>\n\n\n\n                                    <\/a>\n                            <\/div>\n\n        <\/div>\n                        <div class=\"ig-col single-image igp-item ig-col-lg-3 ig-col-md-3 ig-col-sm-4 ig-col-12\" data-index=\"15\">\n            <div class=\"ig-image-card igp-card ig-has-card-border hvr-float-shadow\">\n                                    <a class=\"ig-lightbox-item\" href=\"https:\/\/rakosliget.hu\/wordpress\/wp-content\/uploads\/2024\/11\/katolikus-scaled.jpg\" data-lightbox=\"ig-gallery-1690\" data-title=\"R\u00e1kosligeti Magyarok Nagyasszonya templom\" data-width=\"1920\" data-height=\"2560\">\n                                    \n\n\n                    <div class=\"ig-image-container\">\n                        <img loading=\"lazy\" decoding=\"async\" width=\"150\" height=\"150\" src=\"https:\/\/rakosliget.hu\/wordpress\/wp-content\/uploads\/2024\/11\/katolikus-150x150.jpg\" class=\"ig-thumbnail loading\" alt=\"R\u00e1kosligeti Magyarok Nagyasszonya templom\" \/>                        \n                                                    <div class=\"ig-overlay ig-overlay-bottom\">\n                                <span class=\"ig-item-title\">R\u00e1kosligeti Magyarok Nagyasszonya templom<\/span>\n                            <\/div>\n                                            <\/div>\n\n\n\n                                    <\/a>\n                            <\/div>\n\n        <\/div>\n            <\/div>\n\n\n\n        <\/div>\n\n\n\n<p><a href=\"https:\/\/rakosliget.hu\/wordpress\/index.php\/egyhazak-rakosligeten\/\">VISSZA AZ EGYH\u00c1ZAK LAPRA<\/a><\/p>\n","protected":false},"excerpt":{"rendered":"<p>VISSZA AZ EGYH\u00c1ZAK LAPRA VISSZA AZ EGYH\u00c1ZAK LAPRA<\/p>\n","protected":false},"author":1,"featured_media":0,"parent":0,"menu_order":0,"comment_status":"closed","ping_status":"closed","template":"","meta":{"footnotes":""},"class_list":["post-1706","page","type-page","status-publish","hentry"],"_links":{"self":[{"href":"https:\/\/rakosliget.hu\/wordpress\/index.php\/wp-json\/wp\/v2\/pages\/1706","targetHints":{"allow":["GET"]}}],"collection":[{"href":"https:\/\/rakosliget.hu\/wordpress\/index.php\/wp-json\/wp\/v2\/pages"}],"about":[{"href":"https:\/\/rakosliget.hu\/wordpress\/index.php\/wp-json\/wp\/v2\/types\/page"}],"author":[{"embeddable":true,"href":"https:\/\/rakosliget.hu\/wordpress\/index.php\/wp-json\/wp\/v2\/users\/1"}],"replies":[{"embeddable":true,"href":"https:\/\/rakosliget.hu\/wordpress\/index.php\/wp-json\/wp\/v2\/comments?post=1706"}],"version-history":[{"count":2,"href":"https:\/\/rakosliget.hu\/wordpress\/index.php\/wp-json\/wp\/v2\/pages\/1706\/revisions"}],"predecessor-version":[{"id":21763,"href":"https:\/\/rakosliget.hu\/wordpress\/index.php\/wp-json\/wp\/v2\/pages\/1706\/revisions\/21763"}],"wp:attachment":[{"href":"https:\/\/rakosliget.hu\/wordpress\/index.php\/wp-json\/wp\/v2\/media?parent=1706"}],"curies":[{"name":"wp","href":"https:\/\/api.w.org\/{rel}","templated":true}]}}