{"id":17049,"date":"2025-03-16T07:39:22","date_gmt":"2025-03-16T06:39:22","guid":{"rendered":"https:\/\/rakosliget.hu\/wordpress\/?page_id=17049"},"modified":"2026-01-18T17:33:53","modified_gmt":"2026-01-18T16:33:53","slug":"hirdetmenyek","status":"publish","type":"page","link":"https:\/\/rakosliget.hu\/wordpress\/index.php\/hirdetmenyek\/","title":{"rendered":"H\u00cdRDETM\u00c9NYEK"},"content":{"rendered":"\n<div class=\"wp-block-buttons is-layout-flex wp-block-buttons-is-layout-flex\">\n<div class=\"wp-block-button\"><a class=\"wp-block-button__link wp-element-button\" href=\"https:\/\/rakosliget.hu\/wordpress\/index.php\/kozigazgatas\/\">VISSZA A K\u00d6ZIGAZGAT\u00c1S LAPRA<\/a><\/div>\n<\/div>\n\n\n\n<h2 class=\"wp-block-heading\">1912<\/h2>\n\n\n<div class=\"wp-block-image\">\n<figure class=\"aligncenter size-large\"><img loading=\"lazy\" decoding=\"async\" width=\"260\" height=\"1024\" src=\"https:\/\/rakosliget.hu\/wordpress\/wp-content\/uploads\/2025\/03\/A-munkaado-1912.-julius-7.-13-oldal-260x1024.jpg\" alt=\"\" class=\"wp-image-17058\" srcset=\"https:\/\/rakosliget.hu\/wordpress\/wp-content\/uploads\/2025\/03\/A-munkaado-1912.-julius-7.-13-oldal-260x1024.jpg 260w, https:\/\/rakosliget.hu\/wordpress\/wp-content\/uploads\/2025\/03\/A-munkaado-1912.-julius-7.-13-oldal-76x300.jpg 76w, https:\/\/rakosliget.hu\/wordpress\/wp-content\/uploads\/2025\/03\/A-munkaado-1912.-julius-7.-13-oldal-768x3023.jpg 768w, https:\/\/rakosliget.hu\/wordpress\/wp-content\/uploads\/2025\/03\/A-munkaado-1912.-julius-7.-13-oldal-390x1536.jpg 390w, https:\/\/rakosliget.hu\/wordpress\/wp-content\/uploads\/2025\/03\/A-munkaado-1912.-julius-7.-13-oldal-520x2048.jpg 520w, https:\/\/rakosliget.hu\/wordpress\/wp-content\/uploads\/2025\/03\/A-munkaado-1912.-julius-7.-13-oldal-scaled.jpg 650w\" sizes=\"auto, (max-width: 260px) 100vw, 260px\" \/><figcaption class=\"wp-element-caption\">A munkaad\u00f3 1912. j\u00falius 7. 13. oldal. K\u00f6zs\u00e9gi munk\u00e1k.<\/figcaption><\/figure>\n<\/div>\n\n\n<figure class=\"wp-block-image size-large\"><img loading=\"lazy\" decoding=\"async\" width=\"579\" height=\"1024\" src=\"https:\/\/rakosliget.hu\/wordpress\/wp-content\/uploads\/2025\/03\/A-munkaado-1912.-julius-14.-14-579x1024.jpg\" alt=\"\" class=\"wp-image-17054\" srcset=\"https:\/\/rakosliget.hu\/wordpress\/wp-content\/uploads\/2025\/03\/A-munkaado-1912.-julius-14.-14-579x1024.jpg 579w, https:\/\/rakosliget.hu\/wordpress\/wp-content\/uploads\/2025\/03\/A-munkaado-1912.-julius-14.-14-170x300.jpg 170w, https:\/\/rakosliget.hu\/wordpress\/wp-content\/uploads\/2025\/03\/A-munkaado-1912.-julius-14.-14-768x1358.jpg 768w, https:\/\/rakosliget.hu\/wordpress\/wp-content\/uploads\/2025\/03\/A-munkaado-1912.-julius-14.-14-868x1536.jpg 868w, https:\/\/rakosliget.hu\/wordpress\/wp-content\/uploads\/2025\/03\/A-munkaado-1912.-julius-14.-14.jpg 886w\" sizes=\"auto, (max-width: 579px) 100vw, 579px\" \/><figcaption class=\"wp-element-caption\">A munkaad\u00f3 1912. j\u00falius 14. 14. oldal. Iskola\u00e9p\u00edt\u00e9s<\/figcaption><\/figure>\n\n\n\n<h2 class=\"wp-block-heading\">1923<\/h2>\n\n\n\n<p>6704\u20141923. kig. sz\u00e1m. <\/p>\n\n\n\n<p>P\u00e1ly\u00e1zati hirdetm\u00e9ny. <\/p>\n\n\n\n<p>R\u00e1kosliget k\u00f6zs\u00e9gben lemond\u00e1s folyt\u00e1n meg\u00fcresedett k\u00f6zigazgat\u00e1si seg\u00e9djegyz\u0151i \u00e1ll\u00e1sra p\u00e1ly\u00e1zatot hirdetek. Az \u00e1ll\u00e1s javadalma : a k\u00f6zs\u00e9gt\u0151l \u00e9vi 1000 K t\u00f6rzsfizet\u00e9s \u00e9s \u00e9vi 1200 K t\u00f6rzslakb\u00e9r, tov\u00e1bb\u00e1 az \u00e1llamt\u00f3l a t\u00f6rv\u00e9ny szerinti fizet\u00e9skieg\u00e9sz\u00edt\u00e9s \u00e9s seg\u00e9lyek. Felh\u00edvom mindazokat, akik ezen \u00e1ll\u00e1st elnyerni \u00f3hajtj\u00e1k, hogy k\u00e9pes\u00edt\u00e9s\u00fcket, eddigi alkalmaztat\u00e1sukat \u00e9s a komm\u00fcn alatti magatart\u00e1sukat igazol\u00f3 okm\u00e1nyokkal felszerelt p\u00e1ly\u00e1zati k\u00e9rv\u00e9ny\u00fcket hozz\u00e1m f. \u00e9vi augusztus h\u00f3 16-ig adj\u00e1k be, mert a k\u00e9s\u0151bb \u00e9rkez\u0151 k\u00e9rv\u00e9nyeket figyelembe nem veszem. A v\u00e1laszt\u00e1st f. \u00e9vi augusztus h\u00f3 17-\u00e9n d. u. 5 \u00f3rakor fogom megtartani R\u00e1kosliget k\u00f6zs\u00e9gh\u00e1z\u00e1n\u00e1l. G\u00f6d\u00f6ll\u0151, 1923 augusztus 1. <\/p>\n\n\n\n<p>Szil\u00e1gyi, h. f\u0151szolgabir\u00f3.<\/p>\n\n\n\n<p>Forr\u00e1s: Pest-Pilis-Solt-Kiskun V\u00e1rmegye Hivatalos Lapja, 1923. 08. 09. 34. sz\u00e1m<\/p>\n\n\n\n<div class=\"wp-block-buttons is-layout-flex wp-block-buttons-is-layout-flex\">\n<div class=\"wp-block-button\"><a class=\"wp-block-button__link wp-element-button\" href=\"https:\/\/rakosliget.hu\/wordpress\/index.php\/kozigazgatas\/\">VISSZA A K\u00d6ZIGAZGAT\u00c1S LAPRA<\/a><\/div>\n<\/div>\n","protected":false},"excerpt":{"rendered":"<p>1912 1923 6704\u20141923. kig. sz\u00e1m. P\u00e1ly\u00e1zati hirdetm\u00e9ny. R\u00e1kosliget k\u00f6zs\u00e9gben lemond\u00e1s folyt\u00e1n meg\u00fcresedett k\u00f6zigazgat\u00e1si seg\u00e9djegyz\u0151i \u00e1ll\u00e1sra p\u00e1ly\u00e1zatot hirdetek. Az \u00e1ll\u00e1s javadalma : a k\u00f6zs\u00e9gt\u0151l \u00e9vi 1000 K t\u00f6rzsfizet\u00e9s \u00e9s \u00e9vi 1200 K t\u00f6rzslakb\u00e9r, tov\u00e1bb\u00e1 az \u00e1llamt\u00f3l a t\u00f6rv\u00e9ny szerinti fizet\u00e9skieg\u00e9sz\u00edt\u00e9s \u00e9s seg\u00e9lyek. Felh\u00edvom mindazokat, akik ezen \u00e1ll\u00e1st elnyerni \u00f3hajtj\u00e1k, hogy k\u00e9pes\u00edt\u00e9s\u00fcket, eddigi alkalmaztat\u00e1sukat \u00e9s a komm\u00fcn &hellip; <a href=\"https:\/\/rakosliget.hu\/wordpress\/index.php\/hirdetmenyek\/\" class=\"more-link\"><span class=\"screen-reader-text\">H\u00cdRDETM\u00c9NYEK<\/span> r\u00e9szletei&#8230;<\/a><\/p>\n","protected":false},"author":1,"featured_media":0,"parent":0,"menu_order":0,"comment_status":"closed","ping_status":"closed","template":"","meta":{"footnotes":""},"class_list":["post-17049","page","type-page","status-publish","hentry"],"_links":{"self":[{"href":"https:\/\/rakosliget.hu\/wordpress\/index.php\/wp-json\/wp\/v2\/pages\/17049","targetHints":{"allow":["GET"]}}],"collection":[{"href":"https:\/\/rakosliget.hu\/wordpress\/index.php\/wp-json\/wp\/v2\/pages"}],"about":[{"href":"https:\/\/rakosliget.hu\/wordpress\/index.php\/wp-json\/wp\/v2\/types\/page"}],"author":[{"embeddable":true,"href":"https:\/\/rakosliget.hu\/wordpress\/index.php\/wp-json\/wp\/v2\/users\/1"}],"replies":[{"embeddable":true,"href":"https:\/\/rakosliget.hu\/wordpress\/index.php\/wp-json\/wp\/v2\/comments?post=17049"}],"version-history":[{"count":7,"href":"https:\/\/rakosliget.hu\/wordpress\/index.php\/wp-json\/wp\/v2\/pages\/17049\/revisions"}],"predecessor-version":[{"id":21926,"href":"https:\/\/rakosliget.hu\/wordpress\/index.php\/wp-json\/wp\/v2\/pages\/17049\/revisions\/21926"}],"wp:attachment":[{"href":"https:\/\/rakosliget.hu\/wordpress\/index.php\/wp-json\/wp\/v2\/media?parent=17049"}],"curies":[{"name":"wp","href":"https:\/\/api.w.org\/{rel}","templated":true}]}}

HÍRDETMÉNYEK

<div class="wp-block-buttons is-layout-flex wp-block-buttons-is-layout-flex">
<div class="wp-block-button"><a class="wp-block-button__link wp-element-button" href="https://rakosliget.hu/wordpress/index.php/kozigazgatas/">VISSZA A KÖZIGAZGATÁS LAPRA</a></div>
</div>



<h2 class="wp-block-heading">1912</h2>


<div class="wp-block-image">
<figure class="aligncenter size-large"><img loading="lazy" decoding="async" width="260" height="1024" src="https://rakosliget.hu/wordpress/wp-content/uploads/2025/03/A-munkaado-1912.-julius-7.-13-oldal-260x1024.jpg" alt="" class="wp-image-17058" srcset="https://rakosliget.hu/wordpress/wp-content/uploads/2025/03/A-munkaado-1912.-julius-7.-13-oldal-260x1024.jpg 260w, https://rakosliget.hu/wordpress/wp-content/uploads/2025/03/A-munkaado-1912.-julius-7.-13-oldal-76x300.jpg 76w, https://rakosliget.hu/wordpress/wp-content/uploads/2025/03/A-munkaado-1912.-julius-7.-13-oldal-768x3023.jpg 768w, https://rakosliget.hu/wordpress/wp-content/uploads/2025/03/A-munkaado-1912.-julius-7.-13-oldal-390x1536.jpg 390w, https://rakosliget.hu/wordpress/wp-content/uploads/2025/03/A-munkaado-1912.-julius-7.-13-oldal-520x2048.jpg 520w, https://rakosliget.hu/wordpress/wp-content/uploads/2025/03/A-munkaado-1912.-julius-7.-13-oldal-scaled.jpg 650w" sizes="auto, (max-width: 260px) 100vw, 260px" /><figcaption class="wp-element-caption">A munkaadó 1912. július 7. 13. oldal. Községi munkák.</figcaption></figure>
</div>


<figure class="wp-block-image size-large"><img loading="lazy" decoding="async" width="579" height="1024" src="https://rakosliget.hu/wordpress/wp-content/uploads/2025/03/A-munkaado-1912.-julius-14.-14-579x1024.jpg" alt="" class="wp-image-17054" srcset="https://rakosliget.hu/wordpress/wp-content/uploads/2025/03/A-munkaado-1912.-julius-14.-14-579x1024.jpg 579w, https://rakosliget.hu/wordpress/wp-content/uploads/2025/03/A-munkaado-1912.-julius-14.-14-170x300.jpg 170w, https://rakosliget.hu/wordpress/wp-content/uploads/2025/03/A-munkaado-1912.-julius-14.-14-768x1358.jpg 768w, https://rakosliget.hu/wordpress/wp-content/uploads/2025/03/A-munkaado-1912.-julius-14.-14-868x1536.jpg 868w, https://rakosliget.hu/wordpress/wp-content/uploads/2025/03/A-munkaado-1912.-julius-14.-14.jpg 886w" sizes="auto, (max-width: 579px) 100vw, 579px" /><figcaption class="wp-element-caption">A munkaadó 1912. július 14. 14. oldal. Iskolaépítés</figcaption></figure>



<h2 class="wp-block-heading">1923</h2>



<p>6704—1923. kig. szám. </p>



<p>Pályázati hirdetmény. </p>



<p>Rákosliget községben lemondás folytán megüresedett közigazgatási segédjegyzői állásra pályázatot hirdetek. Az állás javadalma : a községtől évi 1000 K törzsfizetés és évi 1200 K törzslakbér, továbbá az államtól a törvény szerinti fizetéskiegészítés és segélyek. Felhívom mindazokat, akik ezen állást elnyerni óhajtják, hogy képesítésüket, eddigi alkalmaztatásukat és a kommün alatti magatartásukat igazoló okmányokkal felszerelt pályázati kérvényüket hozzám f. évi augusztus hó 16-ig adják be, mert a később érkező kérvényeket figyelembe nem veszem. A választást f. évi augusztus hó 17-én d. u. 5 órakor fogom megtartani Rákosliget községházánál. Gödöllő, 1923 augusztus 1. </p>



<p>Szilágyi, h. főszolgabiró.</p>



<p>Forrás: Pest-Pilis-Solt-Kiskun Vármegye Hivatalos Lapja, 1923. 08. 09. 34. szám</p>



<div class="wp-block-buttons is-layout-flex wp-block-buttons-is-layout-flex">
<div class="wp-block-button"><a class="wp-block-button__link wp-element-button" href="https://rakosliget.hu/wordpress/index.php/kozigazgatas/">VISSZA A KÖZIGAZGATÁS LAPRA</a></div>
</div>

<p>1912 1923 6704—1923. kig. szám. Pályázati hirdetmény. Rákosliget községben lemondás folytán megüresedett közigazgatási segédjegyzői állásra pályázatot hirdetek. Az állás javadalma : a községtől évi 1000 K törzsfizetés és évi 1200 K törzslakbér, továbbá az államtól a törvény szerinti fizetéskiegészítés és segélyek. Felhívom mindazokat, akik ezen állást elnyerni óhajtják, hogy képesítésüket, eddigi alkalmaztatásukat és a kommün &hellip; <a href="https://rakosliget.hu/wordpress/index.php/hirdetmenyek/" class="more-link"><span class="screen-reader-text">HÍRDETMÉNYEK</span> részletei&#8230;</a></p>
