{"id":16789,"date":"2025-03-08T12:49:02","date_gmt":"2025-03-08T11:49:02","guid":{"rendered":"https:\/\/rakosliget.hu\/wordpress\/?page_id=16789"},"modified":"2025-03-08T12:49:02","modified_gmt":"2025-03-08T11:49:02","slug":"pozsonyi-hirado","status":"publish","type":"page","link":"https:\/\/rakosliget.hu\/wordpress\/index.php\/pozsonyi-hirado\/","title":{"rendered":"POZSONYI H\u00cdRAD\u00d3"},"content":{"rendered":"\n<p><a href=\"https:\/\/rakosliget.hu\/wordpress\/index.php\/rakosliget-a-korabeli-hirekben\/\">Vissza a SAJT\u00d3 lapra<\/a><\/p>\n\n\n<div class=\"wp-block-image\">\n<figure class=\"aligncenter size-large\"><img loading=\"lazy\" decoding=\"async\" width=\"1024\" height=\"983\" src=\"https:\/\/rakosliget.hu\/wordpress\/wp-content\/uploads\/2025\/03\/1930_07_26_5-oldal-lany-vonatsinen-1024x983.jpg\" alt=\"\" class=\"wp-image-16792\" srcset=\"https:\/\/rakosliget.hu\/wordpress\/wp-content\/uploads\/2025\/03\/1930_07_26_5-oldal-lany-vonatsinen-1024x983.jpg 1024w, https:\/\/rakosliget.hu\/wordpress\/wp-content\/uploads\/2025\/03\/1930_07_26_5-oldal-lany-vonatsinen-300x288.jpg 300w, https:\/\/rakosliget.hu\/wordpress\/wp-content\/uploads\/2025\/03\/1930_07_26_5-oldal-lany-vonatsinen-768x737.jpg 768w, https:\/\/rakosliget.hu\/wordpress\/wp-content\/uploads\/2025\/03\/1930_07_26_5-oldal-lany-vonatsinen-1536x1474.jpg 1536w, https:\/\/rakosliget.hu\/wordpress\/wp-content\/uploads\/2025\/03\/1930_07_26_5-oldal-lany-vonatsinen.jpg 1745w\" sizes=\"auto, (max-width: 1024px) 100vw, 1024px\" \/><figcaption class=\"wp-element-caption\">Pozsonyi H\u00edrad\u00f3 1930. 07. 26. 5. oldal. L\u00e1ny vonats\u00ednen<\/figcaption><\/figure>\n<\/div>\n\n\n<p>A k\u00f6vetkez\u0151 h\u00edrad\u00e1s t\u00f6bb sebb\u0151l v\u00e9rzik. Sajnos az kamu h\u00edr.<\/p>\n\n\n<div class=\"wp-block-image\">\n<figure class=\"aligncenter size-large\"><img loading=\"lazy\" decoding=\"async\" width=\"1024\" height=\"974\" src=\"https:\/\/rakosliget.hu\/wordpress\/wp-content\/uploads\/2025\/03\/Pozsonyi-Hirado-1933-04-06-4-oldal-Slavik-Josef-hegedus-1024x974.jpg\" alt=\"\" class=\"wp-image-16793\" srcset=\"https:\/\/rakosliget.hu\/wordpress\/wp-content\/uploads\/2025\/03\/Pozsonyi-Hirado-1933-04-06-4-oldal-Slavik-Josef-hegedus-1024x974.jpg 1024w, https:\/\/rakosliget.hu\/wordpress\/wp-content\/uploads\/2025\/03\/Pozsonyi-Hirado-1933-04-06-4-oldal-Slavik-Josef-hegedus-300x285.jpg 300w, https:\/\/rakosliget.hu\/wordpress\/wp-content\/uploads\/2025\/03\/Pozsonyi-Hirado-1933-04-06-4-oldal-Slavik-Josef-hegedus-768x730.jpg 768w, https:\/\/rakosliget.hu\/wordpress\/wp-content\/uploads\/2025\/03\/Pozsonyi-Hirado-1933-04-06-4-oldal-Slavik-Josef-hegedus-1536x1461.jpg 1536w, https:\/\/rakosliget.hu\/wordpress\/wp-content\/uploads\/2025\/03\/Pozsonyi-Hirado-1933-04-06-4-oldal-Slavik-Josef-hegedus.jpg 1690w\" sizes=\"auto, (max-width: 1024px) 100vw, 1024px\" \/><figcaption class=\"wp-element-caption\">Pozsonyi H\u00edrad\u00f3 1933. 04. 06. 4. oldal. Slavik Josef heged\u0171m\u0171v\u00e9sz \u00fajratemet\u00e9se.<\/figcaption><\/figure>\n<\/div>\n\n\n<p><a href=\"https:\/\/rakosliget.hu\/wordpress\/index.php\/rakosliget-a-korabeli-hirekben\/\">Vissza a SAJT\u00d3 lapra<\/a><\/p>\n","protected":false},"excerpt":{"rendered":"<p>Vissza a SAJT\u00d3 lapra A k\u00f6vetkez\u0151 h\u00edrad\u00e1s t\u00f6bb sebb\u0151l v\u00e9rzik. Sajnos az kamu h\u00edr. Vissza a SAJT\u00d3 lapra<\/p>\n","protected":false},"author":1,"featured_media":0,"parent":0,"menu_order":0,"comment_status":"closed","ping_status":"closed","template":"","meta":{"footnotes":""},"class_list":["post-16789","page","type-page","status-publish","hentry"],"_links":{"self":[{"href":"https:\/\/rakosliget.hu\/wordpress\/index.php\/wp-json\/wp\/v2\/pages\/16789","targetHints":{"allow":["GET"]}}],"collection":[{"href":"https:\/\/rakosliget.hu\/wordpress\/index.php\/wp-json\/wp\/v2\/pages"}],"about":[{"href":"https:\/\/rakosliget.hu\/wordpress\/index.php\/wp-json\/wp\/v2\/types\/page"}],"author":[{"embeddable":true,"href":"https:\/\/rakosliget.hu\/wordpress\/index.php\/wp-json\/wp\/v2\/users\/1"}],"replies":[{"embeddable":true,"href":"https:\/\/rakosliget.hu\/wordpress\/index.php\/wp-json\/wp\/v2\/comments?post=16789"}],"version-history":[{"count":2,"href":"https:\/\/rakosliget.hu\/wordpress\/index.php\/wp-json\/wp\/v2\/pages\/16789\/revisions"}],"predecessor-version":[{"id":16794,"href":"https:\/\/rakosliget.hu\/wordpress\/index.php\/wp-json\/wp\/v2\/pages\/16789\/revisions\/16794"}],"wp:attachment":[{"href":"https:\/\/rakosliget.hu\/wordpress\/index.php\/wp-json\/wp\/v2\/media?parent=16789"}],"curies":[{"name":"wp","href":"https:\/\/api.w.org\/{rel}","templated":true}]}}